NOAA-Style Climate Reports


Report for 2010 Marzo
                   MONTHLY CLIMATOLOGICAL SUMMARY for MAR. 2010

NAME: Lodi   CITY: Lodi   STATE: Italy 
ELEV:    78 m  LAT:  45° 17' 57" N  LONG:   9° 31' 14" E

                   TEMPERATURE (°C), RAIN  (mm), WIND SPEED (km/hr)

                                      HEAT  COOL        AVG
    MEAN                              DEG   DEG         WIND                 DOM
DAY TEMP  HIGH   TIME   LOW    TIME   DAYS  DAYS  RAIN  SPEED HIGH   TIME    DIR
------------------------------------------------------------------------------------
 1   6.4  12.8   15.00   1.3    7.30  11.9   0.0   0.3   3.4  16.1    3.00   WSW
 2   9.7  16.5   16.00   3.9    7.30   8.6   0.0   0.0   3.7  16.1    3.30     W
 3   7.2   8.9   12.30   5.3    8.00  11.1   0.0  10.4   5.3  38.6   22.30     E
 4   6.5   7.9   16.30   5.3    6.30  11.8   0.0   8.9   3.1  32.2    1.00    SW
 5   4.6   7.4   16.00   0.8   23.30  13.8   0.0   6.6   3.7  38.6   17.00   ESE
 6   3.7   9.5   16.30  -1.8    7.00  14.6   0.0   0.0   3.9  32.2   22.00     W
 7   4.0   6.5   13.00   1.9    1.30  14.3   0.0   0.0   8.0  49.9   12.00   ESE
 8   2.4   5.7   15.00  -0.1    6.30  15.9   0.0   0.0   5.0  25.7    2.00   ESE
 9   0.9   3.3   11.30  -0.6    3.30  17.4   0.0   0.0   5.5  38.6   15.00     E
10   0.4   1.3   15.30  -0.2    0.30  17.9   0.0   4.6   0.8  14.5   11.30   SSW
11   2.1   4.9   16.00   0.3    3.30  16.2   0.0   8.9   2.6  14.5   12.30    SW
12   3.3   7.5   16.00  -0.7    6.30  15.0   0.0   0.0   2.9  12.9   13.30    SW
13   6.0  11.4   16.30   0.8    7.30  12.3   0.0   0.0   2.3  19.3   13.00   SSW
14   7.5  13.5   16.30   1.3    7.00  10.8   0.0   0.0   1.9  17.7   12.30    SW
15   8.7  14.7   15.30   2.2    7.30   9.6   0.0   0.0   3.5  19.3   13.00    NW
16   9.6  17.1   15.30   2.8    6.00   8.7   0.0   0.0   8.5  33.8   12.00     W
17   9.9  15.9   15.30   4.0    5.00   8.4   0.0   0.0   4.3  30.6   16.30     W
18  11.3  15.9   13.30   6.7    7.00   7.0   0.0   0.0   5.0  22.5   13.30     W
19  10.7  15.4   15.00   7.7    5.30   7.6   0.0   0.0   2.6  16.1   14.30    SW
20  11.4  12.7   17.00  10.2    7.30   6.9   0.0   0.0   1.1  12.9   12.30   NNW
21  10.7  12.2   15.30   9.8    7.00   7.6   0.0   2.5   1.3   9.7   12.30   WSW
22  11.0  11.8   16.30  10.1    7.00   7.3   0.0  13.0   1.0  11.3   14.30     E
23  13.1  17.0   14.00  11.1    2.30   5.2   0.0   0.8   1.4  12.9   13.00     E
24  14.4  18.8   14.30   9.7    7.30   3.9   0.0   0.0   1.4  14.5   16.00   ESE
25  13.9  17.7   14.30  10.7    6.30   4.4   0.0   0.0   2.9  14.5    8.00     E
26  13.3  16.7   18.00  10.8   00.00   5.0   0.0   0.3   7.4  45.1   13.30   ESE
27  12.7  18.5   15.00   5.5    6.30   5.6   0.0   0.0   2.7  27.4   16.00   WSW
28  14.3  20.7   17.00   7.9    7.30   4.2   0.4   0.0   7.7  27.4   14.00     W
29  13.6  17.9   13.00   9.1    7.30   4.7   0.0   0.0   1.8  17.7   11.00    NW
30  11.4  14.9   14.00   8.3   18.00   6.9   0.0  16.5   5.5  46.7   18.00     E
31  11.2  18.2   17.00   5.7    5.30   7.0   0.0   0.3   6.4  22.5   16.30     W
-------------------------------------------------------------------------------------
     8.6  20.7    28    -1.8     6   301.5   0.4  72.9   3.8  49.9     7       E

Max >=  32.0:  0
Max <=   0.0:  0
Min <=   0.0:  5
Min <= -18.0:  0
Max Rain: 16.51 ON 30/03/10
Days of Rain: 12 (> .2 mm) 8 (> 2 mm) 0 (> 20 mm)
Heat Base:  18.3  Cool Base:  18.3  Method: Integration