NOAA-Style Climate Reports


Report for 2011
                            ANNUAL CLIMATOLOGICAL SUMMARY

NAME: Lodi  CITY: Lodi   STATE: Italy  
ELEV:    78 m  LAT:  45° 17' 57" N  LONG:   9° 31' 14" E

               TEMPERATURE (°C), HEAT BASE 18.3, COOL BASE 18.3
                          DEP.  HEAT  COOL                                          
        MEAN  MEAN        FROM  DEG   DEG                        MAX  MAX  MIN  MIN 
 YR MO  MAX   MIN   MEAN  NORM  DAYS  DAYS  HI  DATE  LOW  DATE  >=32 <=0  <=0  <=-18 
------------------------------------------------------------------------------------
 11  1   4.3   0.3   2.1   0.0   502     0   9.0  11  -3.2    2    0    0   14    0
 11  2   9.2   1.6   5.1   0.0   369     0  14.3   6  -4.0    4    0    0   12    0
 11  3  13.7   5.6   9.4   0.0   276     1  20.9  25  -0.8    8    0    0    2    0
 11  4  22.1  11.2  16.6   0.0    87    35  32.1   9   7.4   16    1    0    0    0
 11  5  25.7  14.4  20.1   0.0    36    92  30.8  24   9.2   16    0    0    0    0
 11  6  26.5  17.4  21.7   0.0    12   113  32.4  28  14.2    8    2    0    0    0
 11  7  28.2  17.9  22.9   0.0     6   151  31.8  12  14.6   20    0    0    0    0
 11  8  31.0  19.8  25.3   0.0     2   220  35.9  23  15.4   11   10    0    0    0
 11  9  27.7  17.3  22.0   0.0    13   125  31.3  14  10.6   20    0    0    0    0
 11 10  18.8   9.4  13.7   0.0   166    25  27.9   3   3.2   23    0    0    0    0
 11 11  10.2   5.2   7.3   0.0   299     0  16.9   9  -0.3   18    0    0    3    0
 11 12   6.5  -0.4   2.6   0.0   293     0  10.0  17  -3.0   21    0    0   14    0
------------------------------------------------------------------------------------
        19.2  10.4  14.5   0.0  2060   762  35.9 AUG  -4.0  FEB   13    0   45    0

                                PRECIPITATION (mm)

               DEP.   MAX        DAYS OF RAIN 
               FROM   OBS.          OVER
 YR MO  TOTAL  NORM   DAY  DATE  .2   2   20
---------------------------------------------
 11  1  24.9    0.0  10.7   10   10    4    0
 11  2  73.4    0.0  34.8   16   12    5    1
 11  3  82.5    0.0  35.1   16   11    8    1
 11  4   5.1    0.0   3.3   30    4    1    0
 11  5  21.6    0.0  12.2   27    3    2    0
 11  6  78.2    0.0  25.1    4   12   10    1
 11  7  50.3    0.0  16.0   10   12    7    0
 11  8  16.3    0.0   8.4    7    4    2    0
 11  9  39.1    0.0  12.2    1    9    5    0
 11 10  29.5    0.0  22.4   25    7    2    1
 11 11  85.6    0.0  23.4    5   12    5    1
 11 12   3.3    0.0   2.8   14    2    1    0
---------------------------------------------
       509.8   0.0  35.1  MAR   98   52    5

                                WIND SPEED (km/hr)
                          DOM
 YR MO   AVG.  HI   DATE  DIR
---------------------------------
 11  1   0.9  24.1   15   WSW
 11  2   1.5  33.8   16   WSW
 11  3   3.0  43.5   16   WSW
 11  4   3.6  48.3   12    SE
 11  5   3.7  56.3    8    SE
 11  6   2.8  37.0    3   ENE
 11  7   4.2  51.5   10   WSW
 11  8   2.7  41.8    8   ENE
 11  9   2.1  35.4    3   WSW
 11 10   2.4  53.1    7    SW
 11 11   2.4  43.5    6    SW
 11 12   3.4  41.8   17   WSW
---------------------------------
         2.7  56.3  MAY  WSW