NOAA-Style Climate Reports


Report for 2012 Novembre
                   MONTHLY CLIMATOLOGICAL SUMMARY for NOV. 2012

NAME: Lodi   CITY: Lodi   STATE: Italy 
ELEV:    78 m  LAT:  45° 17' 57" N  LONG:   9° 31' 14" E

                   TEMPERATURE (°C), RAIN  (mm), WIND SPEED (km/hr)

                                      HEAT  COOL        AVG
    MEAN                              DEG   DEG         WIND                 DOM
DAY TEMP  HIGH   TIME   LOW    TIME   DAYS  DAYS  RAIN  SPEED HIGH   TIME    DIR
------------------------------------------------------------------------------------
 1  10.6  15.0   17.00   7.7    6.30   7.7   0.0  11.2   2.7  20.9    8.00   WSW
 2  11.1  15.4   16.00   8.3    7.00   7.2   0.0   0.0   0.3  12.9   12.00   WSW
 3  11.4  13.3   15.30   9.6    4.30   6.9   0.0   2.5   0.3  11.3   10.30   ENE
 4  11.9  12.5   13.30  11.4    6.30   6.4   0.0  20.1   0.3   9.7   21.00    SW
 5  13.8  18.6   14.30  11.4   00.00   4.4   0.0   2.3   6.3  27.4   14.00   WSW
 6  10.6  15.9   15.30   6.3    7.00   7.7   0.0   0.0   1.0  16.1    1.30     N
 7   9.2  14.6   15.30   5.2    7.30   9.1   0.0   0.0   1.1  14.5   13.30    SW
 8   8.9  13.6   14.30   4.3    7.00   9.4   0.0   0.0   0.2   9.7   11.00   WSW
 9  11.2  15.7   15.00   7.6    5.00   7.0   0.0   0.0   0.5  11.3   14.30   ESE
10  10.3  11.2    0.30   9.2    8.00   8.0   0.0  24.1   0.5  14.5    8.00    NE
11  10.3  11.7   15.30   9.6    4.00   8.0   0.0  20.1   3.5  27.4   12.00    SW
12  11.9  14.8   18.00   9.3    1.30   6.4   0.0   0.0   2.4  17.7    3.30   WSW
13  13.9  16.4   15.30  12.4    7.30   4.3   0.0   0.0   0.0   6.4    2.30   ENE
14  12.2  13.7   14.30   8.9   00.00   6.0   0.0   0.0   0.2  14.5   13.30    NE
15   9.1  12.6   14.30   6.9   00.00   9.2   0.0   0.0   0.2  11.3   12.30     E
16   7.0  12.2   14.30   2.9    8.00  11.3   0.0   0.0   0.0   6.4   11.00   ENE
17   7.6  10.9   15.00   4.8    2.00  10.7   0.0   0.0   0.0   8.0   15.00   NNE
18   8.1  10.2   13.30   6.5    6.30  10.2   0.0   0.0   1.0  14.5   23.30   WSW
19   9.3  11.9   16.00   7.1    6.00   8.9   0.0   0.0   2.6  16.1   11.00   WSW
20  10.5  15.6   14.30   6.8    8.30   7.8   0.0   0.0   1.4  14.5    5.30   WSW
21   7.9  10.7   16.00   4.5    8.30  10.3   0.0   0.0   2.4  16.1    9.00   WSW
22   9.9  12.5   15.30   8.1    6.30   8.3   0.0   0.0   0.3   9.7    3.30     W
23  10.7  14.3   14.30   8.5    7.30   7.5   0.0   0.0   1.9  16.1   14.00   WSW
24   9.8  12.4   13.00   6.7    9.00   8.5   0.0   0.0   0.3   9.7   13.00    NW
25  10.4  11.4   13.00  10.0    7.00   7.8   0.0   2.3   2.1  16.1   10.00   WSW
26  10.7  11.2   18.30  10.2    0.30   7.6   0.0   5.3   0.8  14.5   00.00   ENE
27  11.4  12.4   15.30  10.5    3.00   6.8   0.0  11.9   7.6  33.8   22.30   ESE
28  11.6  12.6   10.30  10.8    8.00   6.7   0.0  23.4   8.5  37.0   10.30     E
29  10.2  12.7   15.30   8.7   00.00   8.1   0.0   3.0   2.3  16.1   19.00    NE
30   8.8  10.6   14.30   6.5   23.30   9.3   0.0   1.3   2.3  20.9    1.30    SE
-------------------------------------------------------------------------------------
    10.3  18.6     5     2.9    16   237.6   0.0 127.5   1.8  37.0    28     WSW

Max >=  32.0:  0
Max <=   0.0:  0
Min <=   0.0:  0
Min <= -18.0:  0
Max Rain: 24.13 ON 10/11/12
Days of Rain: 12 (> .2 mm) 11 (> 2 mm) 4 (> 20 mm)
Heat Base:  18.3  Cool Base:  18.3  Method: Integration