NOAA-Style Climate Reports


Report for 2013 Dicembre
                   MONTHLY CLIMATOLOGICAL SUMMARY for DEC. 2013

NAME: Lodi   CITY: Lodi   STATE: Italy 
ELEV:    78 m  LAT:  45° 17' 57" N  LONG:   9° 31' 14" E

                   TEMPERATURE (°C), RAIN  (mm), WIND SPEED (km/hr)

                                      HEAT  COOL        AVG
    MEAN                              DEG   DEG         WIND                 DOM
DAY TEMP  HIGH   TIME   LOW    TIME   DAYS  DAYS  RAIN  SPEED HIGH   TIME    DIR
------------------------------------------------------------------------------------
 1   2.5   7.7   16.00  -1.1    6.30  15.8   0.0   0.3   1.1  12.9    2.00   WSW
 2   5.3  11.1   15.00   1.8    0.30  13.0   0.0   0.0   0.3  11.3    6.00     N
 3   4.6  10.0   14.30   0.7    8.30  13.6   0.0   0.0   0.6  14.5    8.00    SW
 4   4.1   9.3   15.30   0.7    8.30  14.2   0.0   0.0   2.6  19.3    9.00     W
 5   4.3  10.3   16.00  -0.2    8.00  14.0   0.0   0.0   0.2  16.1   00.00    SW
 6   8.6  14.7   15.00   1.8    4.00   9.7   0.0   0.0   7.2  33.8    9.30     W
 7   4.8  11.2   16.00   0.5    9.00  13.5   0.0   0.0   0.3  14.5   13.00    SW
 8   2.5   3.7   16.00   0.8    4.30  15.8   0.0   0.0   0.0   9.7   10.30   SSW
 9   2.2   5.1   16.00   0.0   00.00  16.0   0.0   0.0   1.0  12.9   10.30   WSW
10   0.1   1.9   14.30  -1.4    3.00  18.2   0.0   0.0   0.2  11.3   13.00   WSW
11   2.1   5.1   16.00  -0.9    4.00  16.2   0.0   0.3   0.3  11.3   12.00     W
12   0.2   2.6    0.30  -1.1   00.00  18.0   0.0   0.0   0.8  12.9   13.30   WSW
13   2.2   8.3   15.30  -1.8    3.00  16.1   0.0   0.0   0.6  14.5   13.30     W
14   4.4   9.7   15.30   0.4    8.00  13.9   0.0   0.0   0.8   9.7    3.00    SW
15   2.6   7.8   15.00  -0.8    8.30  15.7   0.0   0.3   0.8  12.9   12.00   WSW
16   3.3   8.9   15.00  -1.6    7.00  15.0   0.0   0.3   0.8  12.9   14.00   WSW
17   3.2   8.4   15.00  -0.3    8.30  15.0   0.0   0.0   1.4  14.5    8.00   WSW
18   2.7   6.2   14.00  -0.6    5.30  15.6   0.0   0.0   0.3  14.5   12.30    SW
19   3.3   4.3   20.00   1.9    0.30  14.9   0.0   4.3   0.2   8.0    4.30     N
20   3.6   4.7   00.00   2.8    8.30  14.7   0.0   5.1   6.1  22.5   15.00   WSW
21   5.8   6.9   16.30   4.6    0.30  12.4   0.0   2.5   1.0  14.5    1.30   WSW
22   6.4   6.8   14.00   6.2    3.00  11.8   0.0   1.8   0.8  11.3    9.00   WSW
23   7.4   8.3   15.30   6.7    0.30  10.9   0.0   1.8   1.0  14.5   23.00   WSW
24   7.2   7.7    4.30   6.4   22.30  11.0   0.0   4.3   2.7  24.1   00.00     E
25   9.3  11.1   18.00   6.7    0.30   9.0   0.0   2.0  12.9  43.5   18.00   ESE
26  10.4  12.0   15.00   8.0   00.00   7.8   0.0  13.2  10.8  45.1   10.30     E
27   7.4  10.8   15.30   3.8   00.00  10.9   0.0   0.3   0.5  24.1    0.30    SW
28   6.4   9.4   14.00   2.9    3.30  11.8   0.0   0.8   0.2  14.5   23.30   WSW
29   7.0   9.5   16.00   5.8   00.00  11.3   0.0   0.8   2.9  22.5    4.00   WSW
30   5.6  10.7   15.00   1.6    8.30  12.6   0.0   0.0   1.4  12.9    0.30    SW
31   4.1   8.1   15.00   1.3    9.00  13.9   0.0   0.0   0.5   9.7   21.00   WSW
-------------------------------------------------------------------------------------
     4.6  14.7     6    -1.8    13   422.5   0.0  37.8   1.9  45.1    26     WSW

Max >=  32.0:  0
Max <=   0.0:  0
Min <=   0.0: 11
Min <= -18.0:  0
Max Rain: 13.21 ON 26/12/13
Days of Rain: 15 (> .2 mm) 6 (> 2 mm) 0 (> 20 mm)
Heat Base:  18.3  Cool Base:  18.3  Method: Integration