NOAA-Style Climate Reports


Report for 2015 Gennaio
                   MONTHLY CLIMATOLOGICAL SUMMARY for JAN. 2015

NAME: Lodi   CITY: Lodi   STATE: Italy 
ELEV:    78 m  LAT:  45° 17' 57" N  LONG:   9° 31' 14" E

                   TEMPERATURE (°C), RAIN  (mm), WIND SPEED (km/hr)

                                      HEAT  COOL        AVG
    MEAN                              DEG   DEG         WIND                 DOM
DAY TEMP  HIGH   TIME   LOW    TIME   DAYS  DAYS  RAIN  SPEED HIGH   TIME    DIR
------------------------------------------------------------------------------------
 1  -0.2   3.0   15.00  -2.8    7.00  18.4   0.0   0.0   1.4  17.7    2.30    SW
 2   2.2   5.6   15.30  -0.8    3.30  16.1   0.0   0.0   2.7  19.3    5.30   WSW
 3   3.3   7.8   15.00  -0.3    8.00  15.0   0.0   0.0   0.5  16.1   00.00    SW
 4   8.9  16.4   15.30   2.6    2.00   9.4   0.0   0.0   6.8  45.1   15.30     W
 5   7.3  11.1   15.30   1.7    8.30  11.0   0.0   0.0   1.0  25.7   22.00   WNW
 6   5.0   9.1   14.30   0.6    8.30  13.3   0.0   0.0   1.0  17.7    1.00   ESE
 7   5.6   8.2   15.30   2.7    1.00  12.7   0.0   0.0   0.8  11.3   11.00   WSW
 8   6.2   9.8   15.00   4.1    8.30  12.0   0.0   0.0   3.1  20.9   10.30   WSW
 9   4.9   8.9   15.30   2.0    8.30  13.3   0.0   0.0   1.8  16.1   23.00    SW
10   6.9  11.6   14.30   3.1   00.00  11.3   0.0   0.0   2.1  35.4    2.00   ENE
11   6.1  13.8   18.30   1.3    1.00  12.2   0.0   0.0   7.7  51.5   21.30   NNW
12   7.6  12.2   14.30   2.8    9.00  10.7   0.0   0.0   1.1  17.7    6.30    SW
13   5.1   8.9   15.00   0.7    8.00  13.1   0.0   0.0   0.2  11.3   00.00   ENE
14   6.3   7.9   13.30   4.2   22.30  12.0   0.0   0.0   2.3  12.9   18.00   WSW
15   3.8   5.8   20.30   0.9    6.30  14.5   0.0   0.0   0.3  11.3   13.00    NE
16   6.8   8.9   20.00   5.2    7.30  11.5   0.0   0.3   1.0  25.7   20.00    SE
17   8.7  11.9   16.00   6.0   23.30   9.6   0.0   4.6   1.6  22.5    2.00     W
18   5.8   9.1   16.00   2.9    8.00  12.5   0.0   0.0   1.3  20.9    8.00   WSW
19   3.3   6.2   15.30   0.1    7.30  14.9   0.0   0.0   1.4  14.5    4.00   WSW
20   3.2   4.9   16.30   0.3   10.00  15.1   0.0   0.3   0.5  11.3   16.00    SW
21   4.3   5.1   16.30   2.9    3.00  14.0   0.0   7.9   1.1  11.3    4.00     N
22   3.4   5.3    2.00   1.9    5.00  14.9   0.0   5.8   3.5  19.3   17.30   WSW
23   5.1   9.2   14.30   2.5    9.00  13.2   0.0   0.3   2.9  19.3    5.30   WSW
24   5.1  10.4   16.00   0.8    6.30  13.2   0.0   0.0   1.6  16.1   11.30   WSW
25   5.6  11.8   15.30   0.5    8.30  12.7   0.0   0.0   1.1  12.9   10.00    SW
26   5.4   9.4   15.00   2.0    8.00  12.9   0.0   0.0   0.3  11.3   12.30   WSW
27   2.9   5.6   15.00   0.4   23.30  15.4   0.0   0.0   0.5   9.7    5.30   WSW
28   3.1   8.4   16.00  -0.4    7.00  15.2   0.0   0.0   2.6  20.9    5.00   WSW
29   2.3   4.2   14.30   0.5    3.30  16.0   0.0   0.3   0.2  14.5   22.30     E
30   3.7   8.8   17.00   0.6    2.30  14.6   0.0   3.0   6.4  45.1   11.00   WSW
31   3.1   7.2   16.00  -1.8    7.30  14.9   0.0   0.0   0.6  17.7   12.00     E
-------------------------------------------------------------------------------------
     4.9  16.4     4    -2.8     1   415.5   0.0  22.4   1.9  51.5    11     WSW

Max >=  32.0:  0
Max <=   0.0:  0
Min <=   0.0:  5
Min <= -18.0:  0
Max Rain: 7.87 ON 21/01/15
Days of Rain: 8 (> .2 mm) 4 (> 2 mm) 0 (> 20 mm)
Heat Base:  18.3  Cool Base:  18.3  Method: Integration