NOAA-Style Climate Reports


Report for 2016 Settembre
                   MONTHLY CLIMATOLOGICAL SUMMARY for SEP. 2016

NAME: Lodi   CITY: Lodi   STATE: Italy 
ELEV:    78 m  LAT:  45° 17' 57" N  LONG:   9° 31' 14" E

                   TEMPERATURE (°C), RAIN  (mm), WIND SPEED (km/hr)

                                      HEAT  COOL        AVG
    MEAN                              DEG   DEG         WIND                 DOM
DAY TEMP  HIGH   TIME   LOW    TIME   DAYS  DAYS  RAIN  SPEED HIGH   TIME    DIR
------------------------------------------------------------------------------------
 1  24.6  30.7   17.20  19.3    7.00   0.0   6.3   0.0   1.9  14.5   13.20     N
 2  25.4  30.9   15.30  20.1    7.15   0.0   7.1   0.0   1.4  12.9   13.55     N
 3  25.5  31.8   16.25  20.5    6.10   0.0   7.0   0.0   1.4  11.3   12.05     N
 4  25.1  29.8   14.55  20.2    7.35   0.0   6.8   0.0   3.4  19.3   22.55   WSW
 5  25.2  31.8   16.25  21.0    7.45   0.0   6.9   0.0   6.3  29.0   18.30     W
 6  22.9  29.7   16.20  17.2    7.20   0.1   4.6   0.0   6.0  56.3   20.05   ESE
 7  22.6  28.9   14.45  16.8    5.25   0.3   4.6   0.0   4.0  20.9   11.20   NNW
 8  24.0  29.1   17.10  18.3    7.05   0.0   5.7   0.0   2.7  17.7   11.50    SE
 9  24.9  30.7   16.25  19.8    7.00   0.0   6.7   0.0   2.6  16.1   16.00     N
10  24.5  30.7   15.20  19.7    6.00   0.0   6.2   0.0   2.9  16.1   13.15     N
11  24.7  31.0   17.50  19.6    5.55   0.0   6.3   0.0   3.2  17.7   18.50     N
12  24.8  30.6   16.55  19.1    6.50   0.0   6.5   0.0   2.4  16.1   14.55     N
13  24.8  31.1   15.40  19.3    7.50   0.0   6.5   0.0   2.4  12.9   16.20   NNW
14  24.2  30.8   16.40  19.5    7.35   0.0   5.9   0.0   2.9  16.1   18.20    SE
15  20.8  25.1   17.25  18.4    9.10   0.0   2.5  18.8   4.8  24.1   16.35     E
16  19.4  23.8   14.45  17.6    4.25   0.1   1.3   0.5   3.2  17.7   15.15   ENE
17  18.9  24.1   16.20  16.6    4.45   0.7   1.3   0.8   4.5  24.1   18.10   WSW
18  18.7  23.7   15.50  14.8    7.30   1.0   1.5   0.0   3.7  19.3   15.20    SW
19  20.2  27.4   16.45  14.6    8.15   0.8   2.7   0.0   4.3  17.7   11.30     W
20  19.9  26.2   16.35  14.4    7.15   1.0   2.6   0.0   3.9  20.9   13.15   WSW
21  18.6  22.1   15.45  15.2   00.00   0.6   0.8   0.0   5.6  25.7   15.45   ESE
22  18.1  22.4   15.55  14.7    1.55   1.3   1.1   0.0   3.1  17.7   11.05   NNW
23  18.3  23.8   16.30  13.6    7.15   1.6   1.6   0.0   2.7  14.5   11.00   ESE
24  18.8  24.7   15.45  13.7    7.40   1.5   1.9   0.0   2.7  16.1   12.40    NE
25  18.4  25.1   17.05  13.1    6.45   1.8   1.9   0.0   3.4  17.7    8.15   WSW
26  18.4  24.8   15.50  12.8    7.40   1.8   1.9   0.0   2.7  17.7   16.15    NE
27  18.7  24.9   16.10  13.6    5.00   1.4   1.9   0.0   2.6  16.1   14.50     N
28  18.7  25.3   16.10  13.3    7.55   1.5   2.0   0.0   2.4  12.9   14.55     N
29  19.4  25.8   16.45  13.9    7.25   1.3   2.5   0.0   3.2  16.1   21.50     N
30  20.2  26.7   16.10  16.0    3.20   0.6   2.5   0.0   3.1  19.3   17.35    NW
-------------------------------------------------------------------------------------
    21.6  31.8     3    12.8    26    17.5 117.0  20.1   3.3  56.3     6       N

Max >=  32.0:  0
Max <=   0.0:  0
Min <=   0.0:  0
Min <= -18.0:  0
Max Rain: 18.80 ON 15/09/16
Days of Rain: 3 (> .2 mm) 1 (> 2 mm) 0 (> 20 mm)
Heat Base:  18.3  Cool Base:  18.3  Method: Integration