NOAA-Style Climate Reports


Report for 2016 Ottobre
                   MONTHLY CLIMATOLOGICAL SUMMARY for OCT. 2016

NAME: Lodi   CITY: Lodi   STATE: Italy 
ELEV:    78 m  LAT:  45° 17' 57" N  LONG:   9° 31' 14" E

                   TEMPERATURE (°C), RAIN  (mm), WIND SPEED (km/hr)

                                      HEAT  COOL        AVG
    MEAN                              DEG   DEG         WIND                 DOM
DAY TEMP  HIGH   TIME   LOW    TIME   DAYS  DAYS  RAIN  SPEED HIGH   TIME    DIR
------------------------------------------------------------------------------------
 1  18.7  23.1   14.00  14.6    5.20   1.1   1.6   0.5   2.4  16.1   12.55     N
 2  19.5  24.3   16.15  17.2    5.50   0.4   1.6   0.0   2.7  14.5   11.00     N
 3  18.3  23.8   16.20  13.8    8.20   1.4   1.3   1.0   4.0  20.9   13.05    SE
 4  16.6  22.7   16.30  12.1    5.35   2.5   0.8   0.0   3.5  17.7   13.55    SW
 5  15.1  21.0   15.05  10.2    8.00   3.6   0.4   0.8   8.0  41.8   23.05   ESE
 6  12.9  17.6   15.30   8.9    7.35   5.4   0.0   0.0   5.3  30.6    0.45   ESE
 7  13.4  19.4   16.35   8.7    8.05   5.0   0.1   0.0   2.3  12.9   14.50     N
 8  13.0  18.3   16.05   9.1    6.50   5.3   0.0   0.0   3.7  19.3   14.05    SE
 9  13.4  17.8   15.00   9.9    3.35   4.9   0.0   0.0   6.0  29.0   13.05   ESE
10  11.7  16.2   16.35   8.9   00.00   6.6   0.0   3.0   5.6  22.5    3.00   NNW
11  10.7  13.8   17.10   7.8   23.50   7.6   0.0   0.0   4.2  22.5   14.50   ENE
12  10.2  15.8   15.45   5.3    8.05   8.1   0.0   0.0   3.4  14.5    2.25   WSW
13   9.9  11.7   14.10   8.6    2.55   8.4   0.0   3.6   3.9  14.5   15.55     N
14   9.9  11.3   14.40   9.3   15.15   8.4   0.0  34.8   5.3  49.9   14.40     N
15  12.3  14.9   16.35   9.9    0.05   6.0   0.0   2.5   4.5  17.7    1.30   WSW
16  15.2  19.6   17.00  12.8    6.25   3.2   0.1   0.0   3.5  14.5   13.45   WSW
17  14.2  16.4   14.55  11.9    6.30   4.1   0.0   0.3   2.3  14.5   11.30    SW
18  14.6  18.6   17.15  12.0   23.55   3.6   0.0   0.0   3.2  16.1   12.20   WSW
19  13.0  14.9   17.30  10.8    3.55   4.7   0.0   4.6   2.1   9.7   10.30   NNE
20  13.2  15.5   12.50   9.8   00.00   4.5   0.0   4.3   4.3  30.6   12.50   ESE
21  11.2  16.5   15.55   7.3    7.30   6.2   0.0   0.3   2.3  12.9   12.50    SE
22  10.5  14.0   15.55   7.7    6.20   6.3   0.0   0.0   2.7  12.9   15.30    NE
23  11.2  12.3   14.50  10.6    4.45   6.1   0.0   3.6   2.7  12.9   14.55     N
24  11.8  12.8   14.20  10.7    0.05   5.3   0.0   6.3   2.6   9.7   12.30   WSW
25  12.7  13.8   16.05  12.1    7.00   4.6   0.0  11.4   3.7  14.5    7.10   WSW
26  14.3  15.6   21.20  12.8    2.30   3.6   0.0   0.0   2.7  11.3    2.50   WSW
27  15.2  18.9   15.10  11.6   00.00   3.0   0.0   0.0   2.6  17.7   12.25   ESE
28  13.0  17.9   16.15   9.7   23.50   5.2   0.0   0.0   1.9  12.9   10.20   ESE
29  11.0  16.9   16.40   6.7    8.40   7.2   0.0   0.3   3.9  17.7   14.40   WSW
30   9.6  12.4   15.10   6.4    5.45   8.7   0.0   0.3   2.7  16.1    7.20   WSW
31  10.8  13.7   15.10   9.1    0.35   7.5   0.0   0.3   2.4   9.7   13.05    NW
-------------------------------------------------------------------------------------
    13.1  24.3     2     5.3    12   158.3   6.0  77.7   3.6  49.9    14     WSW

Max >=  32.0:  0
Max <=   0.0:  0
Min <=   0.0:  0
Min <= -18.0:  0
Max Rain: 34.80 ON 14/10/16
Days of Rain: 17 (> .2 mm) 9 (> 2 mm) 1 (> 20 mm)
Heat Base:  18.3  Cool Base:  18.3  Method: Integration