NOAA-Style Climate Reports


Report for 2016 Novembre
                   MONTHLY CLIMATOLOGICAL SUMMARY for NOV. 2016

NAME: Lodi   CITY: Lodi   STATE: Italy 
ELEV:    78 m  LAT:  45° 17' 57" N  LONG:   9° 31' 14" E

                   TEMPERATURE (°C), RAIN  (mm), WIND SPEED (km/hr)

                                      HEAT  COOL        AVG
    MEAN                              DEG   DEG         WIND                 DOM
DAY TEMP  HIGH   TIME   LOW    TIME   DAYS  DAYS  RAIN  SPEED HIGH   TIME    DIR
------------------------------------------------------------------------------------
 1  11.3  14.5   14.40   8.9    7.35   7.0   0.0   0.0   4.3  19.3    5.20   WSW
 2  13.2  16.1   13.40  11.4    6.10   5.1   0.0   0.0   4.0  19.3   12.10    SW
 3  11.3  14.7   14.50   7.2    5.45   6.9   0.0   0.0   3.2  19.3   15.05     N
 4  11.1  14.0   14.15   8.5    7.25   7.2   0.0   0.3   2.6  14.5   11.50   ENE
 5   9.7  10.6    0.05   9.0    6.00   8.6   0.0  20.3   3.2  12.9   14.45    SW
 6  10.2  11.3   15.40   8.6   23.50   8.2   0.0   1.5   4.2  27.4   20.45   WSW
 7   8.9  13.8   14.40   5.3    7.50   9.4   0.0   0.0   4.0  19.3    0.15     N
 8   7.5  11.7   14.40   4.5   23.55  10.8   0.0   0.0   3.2  16.1    8.50   WSW
 9   5.1   7.9   13.50   1.2    7.55  13.2   0.0   0.3   2.9  12.9   18.45    SW
10   5.7  10.9   15.20   1.7    7.45  12.7   0.0   0.0   3.9  17.7   11.50   WSW
11   6.1   8.7   14.00   3.3   23.55  12.2   0.0   0.5   4.2  22.5   15.30    NE
12   5.8  13.5   15.05  -0.4    8.00  12.5   0.0   0.3   3.1  17.7   12.05    SW
13   6.9  10.9   13.40   3.2    5.15  11.4   0.0   0.3   2.9  17.7   12.45     E
14   7.4   9.3   14.30   5.0   00.00  10.9   0.0   0.0   3.4  16.1    3.15    SE
15   4.8   7.5   15.10   2.6   00.00  13.5   0.0   0.3   2.6  16.1    8.55     N
16   5.0   9.4   14.35   1.3    5.40  13.3   0.0   0.0   1.9   9.7    7.20    SE
17   6.5   8.8   15.35   4.2    3.05  11.8   0.0   0.0   1.6   9.7   13.55     N
18   7.8   9.1   12.40   7.0    5.55  10.4   0.0   0.0   1.6   9.7   16.45   NNW
19   8.0   8.8   15.35   7.5    4.25  10.3   0.0   0.3   3.1  17.7    6.55   WSW
20   7.7   8.6   15.25   6.8    7.35  10.6   0.0   1.5   2.4  11.3   19.15   WSW
21   9.3  10.1   16.55   8.4    0.05   9.0   0.0   5.3   1.8  11.3    9.35     E
22  10.3  11.4   14.40   9.6    4.10   8.0   0.0   8.1   2.3  11.3   17.40   WSW
23  13.3  15.3   13.55  10.3    0.05   5.0   0.0   0.3   4.5  27.4   10.05   ESE
24  13.8  14.8   16.20  12.8    4.45   4.5   0.0   7.1  10.0  33.8   17.00     E
25  13.8  14.7   15.50  12.6   23.25   4.5   0.0   3.0   8.4  40.2    5.30     E
26  12.1  14.6   14.40  10.4   21.45   6.2   0.0   2.0   5.6  19.3   10.10   WSW
27   8.0  10.5    0.05   5.8    8.45  10.3   0.0   0.5   3.2  12.9   22.10   WSW
28   8.7  10.9   15.40   6.8   00.00   9.6   0.0   0.3   6.9  49.9   21.55   ESE
29   5.4   8.5   15.25   2.6   00.00  12.9   0.0   0.0   5.8  37.0    0.45     E
30   3.3   8.5   15.20  -0.3    6.05  15.0   0.0   0.0   6.1  19.3   10.40   WSW
-------------------------------------------------------------------------------------
     8.6  16.1     2    -0.4    12   290.7   0.0  52.1   3.9  49.9    28     WSW

Max >=  32.0:  0
Max <=   0.0:  0
Min <=   0.0:  2
Min <= -18.0:  0
Max Rain: 20.32 ON 05/11/16
Days of Rain: 18 (> .2 mm) 6 (> 2 mm) 1 (> 20 mm)
Heat Base:  18.3  Cool Base:  18.3  Method: Integration