NOAA-Style Climate Reports

Select a Year or Month report
2024: Gen Feb Mar Apr Mag Giu Lug Ago Set Ott Nov Dic
2023: Gen Feb Mar Apr Mag Giu Lug Ago Set Ott Nov Dic
2022: Gen Feb Mar Apr Mag Giu Lug Ago Set Ott Nov Dic
2021: Gen Feb Mar Apr Mag Giu Lug Ago Set Ott Nov Dic
2020: Gen Feb Mar Apr Mag Giu Lug Ago Set Ott Nov Dic
2019: Gen Feb Mar Apr Mag Giu Lug Ago Set Ott Nov Dic
2018: Gen Feb Mar Apr Mag Giu Lug Ago Set Ott Nov Dic
2017: Gen Feb Mar Apr Mag Giu Lug Ago Set Ott Nov Dic
2016: Gen Feb Mar Apr Mag Giu Lug Ago Set Ott Nov Dic

Report for 2017 Gennaio

Daily noaa report



                            MONTHLY CLIMATOLOGICAL SUMMARY for JAN. 2017

NAME: Lodi San Bernardo   CITY: Lodi STATE: Italy
ELEV: 78 LAT: 045:17:57 LONG: -009:31:14

                            TEMPERATURE ( °C), RAIN (mm), WIND SPEED (kmh)

                                               HEAT     COOL           AVG
      MEAN                                     DEG      DEG            WIND                       DOM
DAY   TEMP    HIGH   TIME     LOW    TIME      DAYS     DAYS    RAIN   SPEED    HIGH    TIME      DIR
--------------------------------------------------------------------------------------------------------
01   -00.8    03.0   15:38   -03.3   09:09     19.1     00.0    00.3   03.2     11.1    15:24     WSW
02    03.1    07.5   16:07   -00.4   01:59     15.2     00.0    00.0   04.2     18.5    11:29     WSW
03    03.0    07.8   13:26   -02.0   07:59     15.3     00.0    00.3   02.8     20.4    13:29      E 
04    03.9    09.9   15:22   -01.5   07:45     14.4     00.0    00.3   08.7     29.6    14:04      W 
05    05.6    08.7   14:14    00.6   02:25     12.7     00.0    00.0   13.8     48.1    11:07     NNW
06    01.1    04.7   15:35   -02.7   08:28     17.2     00.0    00.0   03.3     16.6    13:52      SE
07   -01.4    03.3   15:05   -04.7   08:28     19.7     00.0    00.0   02.4     12.9    00:15      E 
08   -01.6    01.3   14:19   -03.4   02:01     19.9     00.0    00.0   03.1     16.6    15:35      E 
09   -01.0    04.7   14:43   -04.9   07:20     19.3     00.0    00.0   04.6     18.5    11:49     WSW
10   -00.5    00.7   21:31   -02.1   06:09     18.8     00.0    00.0   03.9     16.6    03:32     ENE
11   -00.5    00.7   15:28   -01.4   07:09     18.8     00.0    00.0   05.4     24.1    03:33     ESE
12    00.2    02.0   12:34   -01.0   23:59     18.1     00.0    00.0   07.1     22.2    19:41     SSE
13    01.8    06.1   19:03   -01.0   08:34     16.5     00.0    00.3   11.2     40.7    19:57     WNW
14    03.7    08.5   14:12   -00.4   08:29     14.6     00.0    00.0   11.3     29.6    21:03      W 
15    02.9    09.3   15:37   -00.7   03:06     15.4     00.0    00.0   03.4     12.9    12:26     NNE
16    01.4    07.1   14:51   -02.8   08:21     16.9     00.0    00.0   02.7     12.9    15:47     SSW
17    02.2    08.7   15:26   -01.3   02:30     16.1     00.0    00.0   03.1     12.9    19:57     NNW
18    01.7    07.2   15:15   -02.8   06:15     16.6     00.0    00.0   02.7     11.1    15:26      W 
19    02.4    07.4   14:55   -01.7   08:32     15.9     00.0    00.0   03.0     18.5    14:16      E 
20    01.9    07.8   14:51   -02.4   08:05     16.4     00.0    00.0   01.9     11.1    15:02     NNE
21    01.7    08.3   15:01   -03.0   07:58     16.6     00.0    00.0   01.7     07.4    15:32     NNE
22    02.6    09.3   15:37   -02.6   06:03     15.7     00.0    00.0   02.9     18.5    13:59      NE
23    03.1    09.3   15:35   -01.6   07:10     15.2     00.0    00.0   02.3     09.3    16:29      W 
24    03.9    10.6   15:16   -00.7   07:48     14.4     00.0    00.0   03.2     11.1    13:32      W 
25    03.4    09.7   15:30   -00.8   08:14     14.9     00.0    00.0   03.1     16.6    12:57      E 
26    01.1    06.3   15:32   -02.9   08:35     17.2     00.0    00.0   04.7     24.1    14:07      E 
27    01.9    05.6   16:00   -01.8   05:14     16.4     00.0    00.0   02.7     14.8    14:22      W 
28    01.8    06.1   15:31   -01.9   08:15     16.5     00.0    00.0   02.8     12.9    16:06     WSW
29    01.7    07.6   15:28   -03.3   05:44     16.6     00.0    00.0   01.8     07.4    18:32      SE
30    02.6    05.5   15:40   -00.3   02:02     15.7     00.0    00.0   02.5     12.9    09:12      SW
31    03.3    03.7   20:15    02.8   07:59     15.0     00.0    02.3   01.4     07.4    22:05     SSE
--------------------------------------------------------------------------------------------------------
01.8 (2.3)   10.6  day 24    -04.9  day 09   511.0    000.0   003.4   04.2     48.1   day 05     WNW
Min <   30: 31
Max Rain: 2.3 ON 31-01-17
Days of Rain: 5 (> .2mm) 1 (> 2mm) 0 (> 20mm)