NOAA-Style Climate Reports


Report for 2017 Febbraio
                   MONTHLY CLIMATOLOGICAL SUMMARY for FEB. 2017

NAME: Lodi   CITY: Lodi   STATE: Italy 
ELEV:    78 m  LAT:  45° 17' 57" N  LONG:   9° 31' 14" E

                   TEMPERATURE (°C), RAIN  (mm), WIND SPEED (km/hr)

                                      HEAT  COOL        AVG
    MEAN                              DEG   DEG         WIND                 DOM
DAY TEMP  HIGH   TIME   LOW    TIME   DAYS  DAYS  RAIN  SPEED HIGH   TIME    DIR
------------------------------------------------------------------------------------
 1   4.5   5.4   16.45   3.4    0.05  13.8   0.0   1.5   2.1   8.0   11.40     S
 2   5.2   6.1   21.10   4.5    5.35  13.1   0.0   2.5   1.6   9.7    1.00   ENE
 3   6.1   7.4   15.25   5.2   10.05  12.2   0.0   9.9   3.1  22.5    9.20    SW
 4   5.7   6.5   15.30   4.5    9.55  12.6   0.0   5.6   4.2  19.3   21.15   WSW
 5   4.3   5.6    0.05   2.9    7.45  13.9   0.0  23.4   4.8  25.7   10.25   WSW
 6   5.3   8.6   17.00   2.8    2.45  13.0   0.0   1.0   6.0  25.7    8.05   WSW
 7   7.7  12.0   11.35   4.2    7.45  10.6   0.0   0.0   3.2  16.1   13.20   NNE
 8   5.6   7.4   15.05   4.1    4.50  12.7   0.0   0.3   3.5  16.1   13.45     E
 9   5.3   7.1   13.30   3.6    8.00  13.0   0.0   0.0   4.2  25.7   10.35   ENE
10   4.6   5.8   11.50   3.9    7.40  13.8   0.0   0.0   5.3  19.3   15.50     N
11   5.2   6.9   15.50   3.7    5.45  13.1   0.0   0.0   3.4  12.9   23.45   WSW
12   6.4   8.7   15.20   5.1    5.55  11.9   0.0   0.0   5.1  14.5   19.45   WSW
13   5.9   7.8   15.35   4.1    5.40  12.4   0.0   0.0   4.2  20.9   18.00     E
14   8.6  13.4   15.20   5.3    5.20   9.7   0.0   0.0   2.9  12.9   14.10   WSW
15   7.6  14.1   15.40   1.8    8.35  10.7   0.0   0.0   5.5  19.3   11.10   WSW
16   8.6  16.1   16.20   2.5    8.40   9.8   0.0   0.0   2.9  12.9   11.40   WSW
17   9.0  15.2   16.05   3.7    8.15   9.3   0.0   0.0   3.2  16.1   15.25   SSW
18   5.8   8.1   15.40   4.1    4.45  12.5   0.0   0.0   4.0  17.7    8.35   ENE
19   5.5   9.3   15.25   2.5   22.50  12.8   0.0   0.0   4.0  12.9   14.45   WSW
20   4.7   8.6   16.00   2.9    0.05  13.6   0.0   0.0   4.3  16.1   19.10   WSW
21   6.1  13.9   15.45   2.5    4.25  12.2   0.0   0.0   5.0  17.7   15.15   WSW
22   4.9   7.8   16.00   3.2    5.20  13.4   0.0   0.3   3.1  12.9    4.30   ENE
23   5.7   7.7   22.35   3.6    0.15  12.6   0.0   0.3   2.1  11.3   10.55   ESE
24   9.2  11.7   15.45   7.5    1.05   9.1   0.0   0.0   2.6  11.3    7.00    SW
25   9.2  13.6   16.35   5.2   00.00   9.1   0.0   0.0   5.5  40.2    3.00   ESE
26   7.8  14.7   14.55   1.2    7.10  10.5   0.0   0.0   1.9  11.3   13.40    SW
27   7.7  11.0   11.30   4.3    6.35  10.6   0.0   0.8   3.5  14.5   11.20   ENE
28   8.4  10.7   16.15   6.7    7.05   9.9   0.0   2.0   6.0  20.9    7.15   ENE
-------------------------------------------------------------------------------------
     6.4  16.1    16     1.2    26   332.0   0.0  47.5   3.8  40.2    25     WSW

Max >=  32.0:  0
Max <=   0.0:  0
Min <=   0.0:  0
Min <= -18.0:  0
Max Rain: 23.37 ON 05/02/17
Days of Rain: 11 (> .2 mm) 5 (> 2 mm) 1 (> 20 mm)
Heat Base:  18.3  Cool Base:  18.3  Method: Integration