NOAA-Style Climate Reports


Report for 2017 Marzo
                   MONTHLY CLIMATOLOGICAL SUMMARY for MAR. 2017

NAME: Lodi   CITY: Lodi   STATE: Italy 
ELEV:    78 m  LAT:  45° 17' 57" N  LONG:   9° 31' 14" E

                   TEMPERATURE (°C), RAIN  (mm), WIND SPEED (km/hr)

                                      HEAT  COOL        AVG
    MEAN                              DEG   DEG         WIND                 DOM
DAY TEMP  HIGH   TIME   LOW    TIME   DAYS  DAYS  RAIN  SPEED HIGH   TIME    DIR
------------------------------------------------------------------------------------
 1  10.4  17.1   16.35   5.0    7.10   7.9   0.0   0.0  10.0  35.4    3.15   WSW
 2   9.9  16.6   15.30   3.1    7.25   8.4   0.0   0.0   3.5  16.1    9.45     S
 3   8.2   9.6   18.35   6.6    4.35  10.1   0.0   2.0   3.7  20.9   10.10    NE
 4   9.1  11.5   16.20   7.1   00.00   9.2   0.0   8.9   9.7  51.5   10.20   ESE
 5   9.9  15.2   14.45   5.1    7.30   8.4   0.0   0.0   3.5  16.1   12.00     N
 6   9.3  14.3   15.35   4.4    7.00   8.9   0.0   0.8   4.8  20.9   18.50   WSW
 7  11.1  16.7   14.35   4.3    4.40   7.2   0.0   0.0  14.5  48.3   12.25   NNW
 8  10.4  17.1   14.55   2.7    6.55   7.8   0.0   0.0   4.5  17.7   12.35   WSW
 9  11.9  19.9   17.05   5.0    5.25   6.5   0.2   0.0   3.7  16.1   10.45   WSW
10  15.0  24.3   15.40   6.6    4.55   4.7   1.3   0.0   8.4  32.2    7.45   WSW
11  11.3  17.0   15.30   6.3    6.40   7.0   0.0   0.0   4.7  22.5   10.30    SE
12  10.6  15.8   15.35   5.9    7.05   7.7   0.0   0.0   4.8  22.5   14.00   ESE
13   9.9  15.3   16.00   4.4    7.25   8.4   0.0   0.0   3.1  16.1    9.50   NNE
14  12.2  19.1   15.45   5.8    7.20   6.2   0.1   0.0   3.4  19.3   12.10   WNW
15  12.6  17.9   15.55   7.0    7.15   5.7   0.0   0.0   4.5  22.5   10.40    NE
16  13.2  20.0   16.20   6.4    7.25   5.3   0.1   0.0   2.3  12.9   11.45   ESE
17  13.8  22.1   16.10   7.1    7.10   5.1   0.6   0.0   5.6  22.5   21.20     N
18  13.9  21.1   14.10   8.3    7.40   4.6   0.3   0.0   8.5  38.6   13.15     W
19  13.4  18.8   15.55   8.4    7.00   4.9   0.0   0.0   4.0  17.7   15.30    SE
20  13.7  18.6   15.30   9.7    4.30   4.6   0.0   0.0   2.9  17.7   11.35    NE
21  14.4  17.7   13.45  12.1    6.25   3.9   0.0   0.0   5.0  20.9   13.55   ENE
22  13.0  17.2   16.10  10.6    7.50   5.3   0.0   0.0   9.0  38.6   18.35   ESE
23  12.6  14.8   14.30  10.6    7.10   5.7   0.0   1.3   7.4  25.7   13.35     E
24  12.4  15.9   15.55  10.6    5.20   5.8   0.0   0.0   5.3  24.1   21.30     N
25  13.8  20.9   15.45   8.6    7.35   4.9   0.4  15.2   5.0  29.0   20.00   WSW
26  12.2  16.7   15.35   9.3    7.55   5.9   0.0  12.2   7.2  41.8   22.45     N
27  11.9  17.2   17.20   8.0    5.55   6.4   0.0   0.0   5.3  25.7   10.45     E
28  13.3  21.3   17.05   6.6    4.40   5.4   0.4   0.0   3.2  17.7   11.35    SW
29  15.9  24.3   16.15   8.9    6.55   3.7   1.3   0.0   3.1  14.5   12.25     W
30  17.6  25.4   17.10  10.5    4.45   2.8   2.0   0.0   2.3  12.9   14.55   SSE
31  17.9  25.2   15.55  11.2    7.20   2.2   1.8   0.0   2.9  16.1   10.05     N
-------------------------------------------------------------------------------------
    12.4  25.4    30     2.7     8   190.9   8.6  40.4   5.3  51.5     4     ESE

Max >=  32.0:  0
Max <=   0.0:  0
Min <=   0.0:  0
Min <= -18.0:  0
Max Rain: 15.24 ON 25/03/17
Days of Rain: 6 (> .2 mm) 4 (> 2 mm) 0 (> 20 mm)
Heat Base:  18.3  Cool Base:  18.3  Method: Integration