NOAA-Style Climate Reports


Report for 2017 Aprile
                   MONTHLY CLIMATOLOGICAL SUMMARY for APR. 2017

NAME: Lodi   CITY: Lodi   STATE: Italy 
ELEV:    78 m  LAT:  45° 17' 57" N  LONG:   9° 31' 14" E

                   TEMPERATURE (°C), RAIN  (mm), WIND SPEED (km/hr)

                                      HEAT  COOL        AVG
    MEAN                              DEG   DEG         WIND                 DOM
DAY TEMP  HIGH   TIME   LOW    TIME   DAYS  DAYS  RAIN  SPEED HIGH   TIME    DIR
------------------------------------------------------------------------------------
 1  15.9  21.6   16.20  11.1    7.55   3.0   0.6   2.5   5.0  25.7   18.10   ENE
 2  14.1  18.6   15.30   9.9    5.25   4.2   0.0   0.3   3.9  22.5   15.35     N
 3  16.8  24.7   17.10  10.0    7.10   2.9   1.5   0.0   5.3  33.8   13.25   WSW
 4  16.8  24.3   16.35  10.9    5.40   2.8   1.3   0.0   3.5  24.1   18.55   WNW
 5  13.4  17.6   17.10  10.8   00.00   4.8   0.0   8.6   6.8  33.8    3.25    SE
 6  14.9  21.6   16.20   8.6    7.40   4.1   0.7   0.0   4.2  16.1   15.35    SE
 7  14.4  18.3   18.15  10.1    7.15   3.9   0.0   0.0   4.0  20.9    9.55   ENE
 8  15.8  22.9   18.30   8.8    5.55   3.6   1.1   0.0   2.7  14.5   13.50    SE
 9  17.1  23.9   17.10  10.1    7.05   2.8   1.5   0.0   3.2  16.1   10.40    NE
10  18.8  26.3   17.45  11.7    6.35   2.0   2.5   0.0   3.1  17.7   15.15    NE
11  18.7  24.6   16.45  12.1    7.15   1.5   1.9   0.0   3.9  17.7   22.30     N
12  18.1  23.7   16.00  12.9    7.10   1.7   1.5   0.0   4.2  24.1    9.25   ESE
13  18.3  24.5   16.55  13.6    5.30   1.7   1.7   0.0   8.2  33.8   14.45   WSW
14  17.7  24.3   17.05  12.2    4.25   2.2   1.6   0.0   4.5  22.5   20.00   NNW
15  17.7  24.3   15.30  13.8    6.40   1.8   1.3   3.6   4.2  29.0   19.30    SE
16  17.9  25.0   15.15  11.2    6.30   2.3   2.0   0.3   6.4  25.7   21.15   WSW
17  15.3  20.6   18.20   9.6    6.55   3.4   0.4   0.0   6.1  25.7    1.15     E
18  11.7  16.2   13.20   7.1   00.00   6.6   0.0   0.0   7.1  46.7   15.45   NNE
19  11.3  16.8   13.30   6.1    7.25   7.0   0.0   0.0   6.0  24.1   15.20    NW
20  11.2  18.1   16.30   3.6    6.55   7.1   0.0   0.0   5.6  25.7   11.45    SW
21  12.4  18.1   17.05   5.8    6.25   5.9   0.0   0.0   4.5  25.7    0.20   SSW
22  14.4  23.1   16.55   6.3    5.50   4.8   0.9   0.0   5.6  25.7   19.30     W
23  15.9  23.2   15.25   9.1    6.45   3.3   1.0   0.0   4.5  25.7   23.35   WSW
24  15.1  18.7   15.30  12.6    3.45   3.2   0.0   0.0   4.7  20.9    8.00     E
25  16.3  19.8   17.45  13.0    7.35   2.2   0.2   0.0   5.1  27.4   15.25     E
26  13.0  15.8    4.40  11.3   22.55   5.3   0.0  31.5   7.2  40.2    5.10     E
27  12.8  15.4   12.25  11.4    0.05   5.5   0.0  13.7   2.9  24.1   22.00   ENE
28  12.2  17.7   17.35   8.4   10.40   6.1   0.0   0.3   8.7  35.4   16.20   WSW
29  12.7  18.5   16.30   5.6    5.55   5.6   0.0   0.0   2.9  20.9   12.55   ESE
30  14.1  20.0   16.10   7.3    6.35   4.4   0.1   0.0   4.2  22.5   12.35   ESE
-------------------------------------------------------------------------------------
    15.2  26.3    10     3.6    20   115.6  21.8  60.7   4.9  46.7    18     ESE

Max >=  32.0:  0
Max <=   0.0:  0
Min <=   0.0:  0
Min <= -18.0:  0
Max Rain: 31.50 ON 26/04/17
Days of Rain: 8 (> .2 mm) 5 (> 2 mm) 1 (> 20 mm)
Heat Base:  18.3  Cool Base:  18.3  Method: Integration