NOAA-Style Climate Reports


Report for 2017 Maggio
                   MONTHLY CLIMATOLOGICAL SUMMARY for MAY. 2017

NAME: Lodi   CITY: Lodi   STATE: Italy 
ELEV:    78 m  LAT:  45° 17' 57" N  LONG:   9° 31' 14" E

                   TEMPERATURE (°C), RAIN  (mm), WIND SPEED (km/hr)

                                      HEAT  COOL        AVG
    MEAN                              DEG   DEG         WIND                 DOM
DAY TEMP  HIGH   TIME   LOW    TIME   DAYS  DAYS  RAIN  SPEED HIGH   TIME    DIR
------------------------------------------------------------------------------------
 1  11.3  14.3    0.05   8.4   23.55   7.0   0.0   9.1   6.9  29.0    9.25   ESE
 2  11.7  19.7   15.50   6.1    6.00   6.7   0.1   1.3   5.5  35.4   18.50     N
 3  12.2  15.2   15.40   9.7    4.05   6.1   0.0  14.0   3.1  16.1    2.00   NNW
 4  12.7  18.3   14.20  10.3    4.20   5.6   0.0  15.2   3.4  32.2   17.40    NW
 5  15.0  22.4   17.25   9.1    5.35   4.1   0.8   0.3   3.2  20.9   12.25   SSW
 6  14.0  17.3   11.35  11.4   23.55   4.3   0.0  11.2   5.0  25.7    9.35   NNW
 7  13.2  18.8   20.05  10.6    6.25   5.1   0.0  10.2   5.0  30.6   14.25   WSW
 8  16.7  23.4   16.40  10.6    4.10   2.9   1.2   0.0   3.7  19.3   23.55    SW
 9  17.3  21.9   13.45  13.2    7.15   1.8   0.8   0.0   6.4  29.0   14.20     E
10  15.1  19.3   15.55  11.8    3.55   3.3   0.1   0.0   6.1  27.4    7.30     E
11  15.6  18.1   18.25  12.5    6.15   2.7   0.0   0.8   8.2  40.2   20.20   ESE
12  17.2  21.3   14.15  13.3    6.10   1.9   0.7   0.5   3.7  17.7    1.10   WSW
13  19.2  25.7   17.05  13.1    6.25   1.2   2.1   0.0   6.8  22.5   11.25     W
14  20.2  25.4   15.00  15.5    5.25   0.6   2.5   0.0   5.5  24.1   18.45   WSW
15  21.0  26.9   15.55  14.6    5.45   0.8   3.5   0.0   4.8  22.5   14.40    SE
16  22.1  28.2   16.45  15.1    6.15   0.5   4.3   0.0   3.4  16.1   13.10   SSE
17  22.8  28.3   16.10  16.3    6.15   0.3   4.8   0.0   3.9  19.3   15.50    NE
18  22.3  26.7   16.35  17.3    5.50   0.1   4.2   0.0   6.4  27.4   13.20   ESE
19  19.3  24.2   17.50  14.6   23.55   0.5   1.5   1.8   6.0  29.0   19.50   ESE
20  18.3  24.7   17.15  13.3    6.10   1.7   1.7   0.0   5.5  24.1   19.55   WSW
21  20.2  27.9   18.25  12.8    6.25   1.7   3.6   0.0   4.0  19.3    9.15    SE
22  22.3  28.8   17.45  14.5    6.00   0.7   4.8   0.0   3.7  20.9   21.45     N
23  23.7  30.4   17.40  16.2    6.30   0.2   5.6   0.0   5.0  19.3   16.40   WSW
24  25.3  32.5   17.20  18.4    6.30   0.0   7.0   0.0   6.4  22.5   17.00     W
25  22.9  26.9   17.45  18.9    6.15   0.0   4.6   0.0   7.6  30.6   10.35   ESE
26  22.6  27.8   16.40  17.2    6.20   0.1   4.4   0.0   5.5  24.1   16.40     E
27  23.6  30.0   15.30  16.8    5.20   0.2   5.5   0.0   3.2  16.1   11.45   ESE
28  25.3  32.4   15.45  18.1    5.50   0.0   7.0   0.0   3.2  16.1   13.20    NE
29  25.9  32.3   16.10  19.1    5.55   0.0   7.6   0.0   3.4  16.1    9.05   ESE
30  26.5  33.3   17.05  19.9    6.05   0.0   8.2   0.0   3.7  20.9   19.40     W
31  25.6  31.7   16.20  19.4    6.05   0.0   7.3   0.0   5.3  24.1   20.25     W
-------------------------------------------------------------------------------------
    19.4  33.3    30     6.1     2    60.0  93.7  64.3   4.9  40.2    11     ESE

Max >=  32.0:  4
Max <=   0.0:  0
Min <=   0.0:  0
Min <= -18.0:  0
Max Rain: 15.24 ON 04/05/17
Days of Rain: 10 (> .2 mm) 5 (> 2 mm) 0 (> 20 mm)
Heat Base:  18.3  Cool Base:  18.3  Method: Integration