NOAA-Style Climate Reports


Report for 2017 Giugno
                   MONTHLY CLIMATOLOGICAL SUMMARY for JUN. 2017

NAME: Lodi   CITY: Lodi   STATE: Italy 
ELEV:    78 m  LAT:  45° 17' 57" N  LONG:   9° 31' 14" E

                   TEMPERATURE (°C), RAIN  (mm), WIND SPEED (km/hr)

                                      HEAT  COOL        AVG
    MEAN                              DEG   DEG         WIND                 DOM
DAY TEMP  HIGH   TIME   LOW    TIME   DAYS  DAYS  RAIN  SPEED HIGH   TIME    DIR
------------------------------------------------------------------------------------
 1  24.7  31.1   16.40  17.6    6.25   0.0   6.4   0.0   5.1  25.7   19.30   WSW
 2  25.2  31.1   15.20  18.9    6.25   0.0   6.8   0.0   4.5  17.7   13.40   WSW
 3  25.3  32.3   16.15  19.1    6.10   0.0   7.0   0.0   4.3  30.6   19.05     W
 4  24.1  29.9   16.55  19.7    5.05   0.0   5.8   0.0   4.0  20.9   10.25     N
 5  21.6  25.4   13.10  18.1   23.55   0.0   3.2  11.2   6.8  30.6   10.05   ESE
 6  20.6  25.9   18.05  17.5   00.00   0.1   2.4   0.0   4.5  25.7   14.00     N
 7  21.4  27.8   16.55  14.2    5.55   0.8   4.0   0.0   4.5  27.4   16.10   NNW
 8  20.7  25.9   17.00  14.8    5.55   0.7   3.1   0.0   5.5  29.0    1.00   ESE
 9  22.2  27.5   17.40  15.4    6.00   0.5   4.4   0.0   2.7  14.5   14.20     W
10  24.8  30.8   14.50  18.5    5.45   0.0   6.6   0.0   3.9  17.7   11.15     E
11  25.5  30.8   18.15  19.3    5.40   0.0   7.2   0.0   4.2  20.9   11.10   ENE
12  26.9  33.0   16.00  19.9    5.40   0.0   8.6   0.0   4.0  17.7   16.05   WSW
13  27.5  33.4   19.00  21.1    5.10   0.0   9.2   0.0   4.0  17.7   15.30   WSW
14  26.9  32.3   17.15  21.0   00.00   0.0   8.6   8.6   4.3  37.0   20.15     N
15  24.8  30.4   16.00  20.4    4.15   0.0   6.5   0.5   3.5  17.7   11.20     E
16  27.8  33.7   17.00  21.9    5.45   0.0   9.5   0.0   6.0  25.7   19.05   WSW
17  27.8  33.5   17.20  22.6    6.05   0.0   9.5   0.0   4.8  27.4   23.00     E
18  24.7  28.9   14.55  19.9    6.30   0.0   6.4   0.0   7.4  29.0   10.35     E
19  25.2  31.1   15.50  18.2    5.55   0.0   6.9   0.0   4.0  17.7   13.20    SE
20  26.9  34.1   16.55  19.4    5.55   0.0   8.6   0.0   4.5  24.1   21.20   WSW
21  27.6  33.8   17.10  21.3    5.55   0.0   9.2   0.0   5.0  20.9   13.00   WSW
22  28.3  35.1   16.45  22.5    6.00   0.0  10.0   0.0   5.6  20.9   10.20     W
23  28.1  33.7   17.10  23.1    5.50   0.0   9.8   0.0  10.3  30.6   11.10     W
24  28.5  34.6   17.10  22.9    6.00   0.0  10.2   0.0   4.5  22.5   21.20    NW
25  25.3  31.8   18.20  19.3    8.35   0.0   7.0   4.8   5.0  45.1    7.30    NW
26  24.9  30.9   17.05  20.1    5.55   0.0   6.6   0.3   4.0  27.4   23.10   ENE
27  23.6  27.8   17.20  20.6    5.40   0.0   5.3   0.5   4.7  33.8   21.40     N
28  22.5  29.1   15.00  17.3   23.40   0.1   4.3  34.0   6.6  45.1   17.05   ESE
29  20.7  27.5   17.15  16.7    3.35   0.4   2.8   1.5   4.3  25.7   17.55     N
30  20.6  26.8   13.10  16.4    3.55   0.5   2.7   0.5   5.5  33.8   19.30     N
-------------------------------------------------------------------------------------
    24.8  35.1    22    14.2     7     3.1 198.6  62.0   4.9  45.1    25       E

Max >=  32.0: 11
Max <=   0.0:  0
Min <=   0.0:  0
Min <= -18.0:  0
Max Rain: 34.04 ON 28/06/17
Days of Rain: 9 (> .2 mm) 4 (> 2 mm) 1 (> 20 mm)
Heat Base:  18.3  Cool Base:  18.3  Method: Integration