NOAA-Style Climate Reports

Select a Year or Month report
2024: Gen Feb Mar Apr Mag Giu Lug Ago Set Ott Nov Dic
2023: Gen Feb Mar Apr Mag Giu Lug Ago Set Ott Nov Dic
2022: Gen Feb Mar Apr Mag Giu Lug Ago Set Ott Nov Dic
2021: Gen Feb Mar Apr Mag Giu Lug Ago Set Ott Nov Dic
2020: Gen Feb Mar Apr Mag Giu Lug Ago Set Ott Nov Dic
2019: Gen Feb Mar Apr Mag Giu Lug Ago Set Ott Nov Dic
2018: Gen Feb Mar Apr Mag Giu Lug Ago Set Ott Nov Dic
2017: Gen Feb Mar Apr Mag Giu Lug Ago Set Ott Nov Dic
2016: Gen Feb Mar Apr Mag Giu Lug Ago Set Ott Nov Dic

Report for 2017 Luglio

Daily noaa report



                            MONTHLY CLIMATOLOGICAL SUMMARY for JUL. 2017

NAME: Lodi San Bernardo   CITY: Lodi STATE: Italy
ELEV: 78 LAT: 045:17:57 LONG: -009:31:14

                            TEMPERATURE ( °C), RAIN (mm), WIND SPEED (kmh)

                                               HEAT     COOL           AVG
      MEAN                                     DEG      DEG            WIND                       DOM
DAY   TEMP    HIGH   TIME     LOW    TIME      DAYS     DAYS    RAIN   SPEED    HIGH    TIME      DIR
--------------------------------------------------------------------------------------------------------
01    20.8    27.8   18:05    14.2   06:16     00.0     02.5    00.0   04.2     20.4    20:43     NNW
02    23.3    29.4   18:23    16.1   06:16     00.0     05.0    00.0   04.2     18.5    16:21      W 
03    25.3    31.2   18:35    17.5   06:12     00.0     07.0    00.0   03.5     18.5    17:51      W 
04    25.2    30.3   17:52    19.3   05:42     00.0     06.9    00.0   04.8     27.8    10:45      E 
05    27.0    33.3   17:19    20.4   06:22     00.0     08.7    00.0   03.0     14.8    18:37     ENE
06    28.3    34.6   16:16    21.9   07:08     00.0     10.0    00.0   03.6     14.8    14:54     WSW
07    28.7    34.4   17:28    22.7   06:35     00.0     10.4    00.0   05.2     24.1    12:38      W 
08    29.0    35.2   17:31    22.7   05:38     00.0     10.7    00.0   03.3     22.2    00:57     WSW
09    27.2    32.3   15:35    23.4   07:25     00.0     08.9    00.0   04.5     27.8    06:07     ESE
10    27.1    32.8   16:38    22.6   07:09     00.0     08.8    00.0   05.0     27.8    20:53      W 
11    25.0    29.2   13:58    21.3   06:36     00.0     06.7    00.5   04.2     24.1    16:33     WNW
12    25.3    31.1   17:07    20.1   05:12     00.0     07.0    00.0   03.5     18.5    19:24      W 
13    27.1    32.4   17:16    21.7   06:40     00.0     08.8    00.0   05.8     22.2    15:09      E 
14    24.2    27.7   17:52    19.6   08:38     00.0     05.9    05.1   07.3     37.0    02:14      E 
15    24.5    29.8   14:36    19.2   06:59     00.0     06.2    00.0   02.9     14.8    23:02      E 
16    23.6    28.2   17:04    18.6   06:53     00.0     05.3    00.0   05.5     27.8    10:33     ESE
17    24.2    29.4   16:34    17.9   06:10     00.0     05.9    00.0   03.3     16.6    09:13      E 
18    25.7    31.7   17:14    18.3   06:25     00.0     07.4    00.0   02.8     14.8    17:26     ENE
19    26.5    33.9   16:09    20.0   06:47     00.0     08.2    00.0   03.7     24.1    21:59     WNW
20    26.1    31.4   17:13    20.8   06:01     00.0     07.8    00.0   03.8     16.6    13:57      NW
21    25.8    31.4   16:35    20.8   00:00     00.0     07.5    08.1   03.9     25.9    22:28     NNE
22    25.9    32.9   18:02    20.2   01:19     00.0     07.6    00.0   03.3     18.5    14:02      W 
23    27.4    33.1   17:30    22.6   06:32     00.0     09.1    00.0   06.5     27.8    10:33      W 
24    22.7    27.6   11:35    18.2   13:16     00.0     04.4    18.5   03.8     35.1    11:48      NE
25    24.0    30.3   17:02    17.1   06:16     00.0     05.7    00.0   06.0     27.8    16:39      NW
26    23.1    29.8   16:56    16.4   04:51     00.0     04.8    00.0   08.7     38.9    23:10     WNW
27    24.3    29.6   17:48    17.0   06:41     00.0     06.0    00.0   03.8     35.1    00:12     NNE
28    25.7    32.0   16:26    19.3   06:22     00.0     07.4    00.0   02.6     14.8    15:05      NE
29    25.7    31.5   16:56    20.7   07:01     00.0     07.4    06.9   04.4     38.9    21:13     ESE
30    24.2    30.6   16:10    18.9   07:47     00.0     05.9    02.3   04.0     62.9    20:31     SSE
31    26.5    32.3   17:40    20.7   06:25     00.0     08.2    00.3   02.5     14.8    16:28      E 
--------------------------------------------------------------------------------------------------------
25.5 (25.4)   35.2  day 08     14.2  day 01   000.0    222.1   041.7   04.3     62.9   day 30     NNW
Max >  30: 21
Min <   30: 31
Max Rain: 18.5 ON 24-07-17
Days of Rain: 7 (> .2mm) 5 (> 2mm) 0 (> 20mm)