NOAA-Style Climate Reports


Report for 2017 Settembre
                   MONTHLY CLIMATOLOGICAL SUMMARY for SEP. 2017

NAME: Lodi   CITY: Lodi   STATE: Italy 
ELEV:    78 m  LAT:  45° 17' 57" N  LONG:   9° 31' 14" E

                   TEMPERATURE (°C), RAIN  (mm), WIND SPEED (km/hr)

                                      HEAT  COOL        AVG
    MEAN                              DEG   DEG         WIND                 DOM
DAY TEMP  HIGH   TIME   LOW    TIME   DAYS  DAYS  RAIN  SPEED HIGH   TIME    DIR
------------------------------------------------------------------------------------
 1  24.7  30.0   17.20  19.7   00.00   0.0   6.4   0.0   5.6  32.2   18.15     N
 2  16.7  19.7    0.05  14.6   17.40   1.8   0.1  15.5   6.6  29.0   13.35    NW
 3  19.1  26.7   17.00  13.1    7.25   1.8   2.6   0.3   2.1  14.5    9.50    SE
 4  20.1  26.7   16.40  14.8    6.55   1.1   2.8   0.0   3.4  19.3   11.35     E
 5  22.2  28.8   16.10  15.6    7.05   0.4   4.3   0.0   2.1  12.9   13.00   WNW
 6  23.1  28.8   17.05  17.9    7.15   0.0   4.8   0.0   2.4  12.9   10.00   ENE
 7  22.6  29.4   16.00  17.4   23.50   0.0   4.3   0.0   4.2  35.4   21.05    NW
 8  20.9  26.3   14.50  16.9    7.10   0.3   2.9   0.0   3.9  24.1    3.40   ESE
 9  20.2  26.9   14.45  16.7   23.45   0.4   2.3  11.2   6.6  29.0   23.25     E
10  16.0  17.4   10.10  14.9   22.50   2.3   0.0  94.7   7.2  37.0    1.45   ESE
11  18.6  23.8   16.05  15.2    0.05   1.1   1.4   4.6   1.9  14.5   10.45   ESE
12  19.7  26.8   14.40  15.4   00.00   0.6   2.0   0.3   5.8  30.6    9.50   ESE
13  18.7  24.4   17.10  12.7    7.00   1.6   2.0   0.0   2.6  14.5   14.15    NE
14  18.6  22.1   15.50  15.3   00.00   0.5   0.8   0.5   4.5  29.0   17.55   WSW
15  15.2  19.7   15.20  10.2    7.40   3.3   0.2   0.0   3.7  24.1   22.45   ESE
16  16.1  21.1   16.35  12.9    5.25   2.7   0.4   3.3   3.5  35.4   22.50   ESE
17  16.1  23.0   18.10  12.3    6.15   3.0   0.9   4.8   3.9  24.1    6.35     N
18  14.9  18.4   13.50  11.7    7.10   3.3   0.0   0.0   2.6  14.5    0.10    NE
19  16.0  21.1   15.40  12.8    7.45   2.7   0.4   0.5   2.6  22.5   17.45    SE
20  16.6  25.1   16.50   9.9    7.45   3.3   1.5   0.0   2.4  16.1    9.35   WSW
21  17.3  24.7   16.25  10.8    7.45   2.5   1.5   0.0   2.4  12.9   16.45   NNW
22  17.8  24.4   16.25  11.1    7.25   2.2   1.7   0.0   1.8  12.9   14.45   SSW
23  18.7  23.8   15.00  13.4    7.40   1.4   1.8   0.0   1.8  14.5   13.30    NW
24  18.7  23.8   16.00  14.9   00.00   1.1   1.4   0.0   3.7  24.1   19.20   ESE
25  17.5  22.7   16.50  13.6    2.45   1.9   1.2   0.0   3.7  22.5   13.40   ENE
26  17.6  23.4   16.10  12.8    7.00   1.9   1.2   0.0   2.3  14.5   13.05     N
27  18.9  24.1   15.50  14.1    7.40   1.3   2.0   0.0   1.4  11.3    1.00     N
28  18.5  23.6   15.10  14.1    7.35   1.3   1.5   0.0   2.1  14.5   14.50     N
29  17.5  22.1   16.20  13.3    7.50   1.7   0.9   0.0   2.3  16.1   13.40   ENE
30  17.0  21.0   15.25  13.9    5.30   1.8   0.5   0.0   3.2  17.7   12.15    NE
-------------------------------------------------------------------------------------
    18.5  30.0     1     9.9    20    47.3  53.8 135.6   3.4  37.0    10     ESE

Max >=  32.0:  0
Max <=   0.0:  0
Min <=   0.0:  0
Min <= -18.0:  0
Max Rain: 94.74 ON 10/09/17
Days of Rain: 10 (> .2 mm) 6 (> 2 mm) 1 (> 20 mm)
Heat Base:  18.3  Cool Base:  18.3  Method: Integration