NOAA-Style Climate Reports


Report for 2017 Ottobre
                   MONTHLY CLIMATOLOGICAL SUMMARY for OCT. 2017

NAME: Lodi   CITY: Lodi   STATE: Italy 
ELEV:    78 m  LAT:  45° 17' 57" N  LONG:   9° 31' 14" E

                   TEMPERATURE (°C), RAIN  (mm), WIND SPEED (km/hr)

                                      HEAT  COOL        AVG
    MEAN                              DEG   DEG         WIND                 DOM
DAY TEMP  HIGH   TIME   LOW    TIME   DAYS  DAYS  RAIN  SPEED HIGH   TIME    DIR
------------------------------------------------------------------------------------
 1  15.2  17.2   14.20  13.8    7.00   3.1   0.0   0.5   3.5  20.9   10.55   ESE
 2  17.0  22.0   15.25  12.6    6.25   2.1   0.8   0.0   1.4  12.9   11.55    NE
 3  16.3  19.3   16.30  14.4    7.45   2.1   0.1   0.0   1.4  16.1   16.05    SW
 4  16.8  21.4   15.00  13.2    6.10   2.1   0.5   0.0   1.1  12.9    4.40     W
 5  18.1  23.3   15.50  13.9    4.35   1.6   1.4   0.0   4.3  25.7   17.15     W
 6  17.7  24.4   16.00  13.2    6.45   2.0   1.4   0.0   5.3  48.3   18.00    NW
 7  15.1  22.6   16.00   8.2    7.15   4.1   0.9   0.0   2.7  20.9   15.35   WNW
 8  16.3  23.3   16.50  10.5    6.45   3.1   1.1   0.0   2.7  20.9   12.45    SW
 9  15.9  21.8   15.05  10.3    8.00   3.2   0.8   0.0   1.4  11.3   11.25     N
10  16.2  23.4   17.00  10.9    7.45   3.1   1.0   0.0   1.4  11.3   11.50     N
11  16.4  21.8   16.00  11.1    7.55   2.8   0.8   0.0   1.3   8.0   11.00   SSE
12  17.4  23.3   16.45  12.2    8.10   2.1   1.2   0.0   2.1  14.5   15.10     N
13  16.8  23.3   16.30  10.8    8.20   2.8   1.3   0.0   1.3  11.3   13.45     N
14  17.0  24.7   16.30  11.9    6.40   2.6   1.3   0.0   1.6  11.3   10.40     N
15  17.1  24.9   17.00  12.2    8.40   2.6   1.4   0.3   2.7  14.5   12.05     W
16  16.9  25.4   16.40  11.4    8.05   2.9   1.5   0.0   2.3  12.9    9.30   NNW
17  15.6  23.2   16.05  10.8    6.05   3.2   0.8   0.3   1.8  11.3   10.00   NNE
18  14.9  22.6   16.50  10.4    6.25   3.4   0.5   0.3   1.9  16.1   14.05     N
19  12.4  13.8   17.10  11.2    8.55   4.9   0.0   0.0   2.3  14.5   21.50   ESE
20  13.2  14.4   16.20  12.6    2.35   3.9   0.0   0.3   2.4  12.9    2.25   ESE
21  13.7  16.4   15.15  11.7    4.50   2.8   0.0   0.0   0.6   6.4   12.45     E
22  14.1  16.9   20.25  10.7   00.00   2.6   0.0   1.5   4.3  37.0   20.20    NW
23  15.4  22.1   16.00   7.6    7.00   2.7   0.6   0.0  11.9  38.6   13.55    NW
24  14.8  22.5   17.10   8.8    7.55   3.3   0.5   0.0   2.9  20.9    7.55   WSW
25  13.3  19.6   15.10   7.3    7.35   4.8   0.1   0.0   1.9  14.5   11.40     E
26  13.4  20.3   16.40   7.8    7.50   5.0   0.2   0.0   2.7  11.3   11.05    SW
27  14.2  21.7   16.35   9.3    8.45   4.7   0.7   0.0   5.1  29.0   14.50    SW
28  12.9  18.2   16.55   8.2    8.05   5.3   0.0   0.0   3.1  22.5   16.00   WNW
29  15.8  22.1   14.35  11.1    5.25   3.1   0.6   0.0  11.6  41.8    9.05     W
30  13.2  19.4   15.00   8.1    4.55   5.2   0.1   0.0   2.6  20.9   12.05     E
31  12.2  17.5   15.30   7.9   23.40   6.1   0.0   0.0   1.9  19.3   10.25   ESE
-------------------------------------------------------------------------------------
    15.3  25.4    16     7.3    25   103.5  19.7   3.0   3.0  48.3     6       W

Max >=  32.0:  0
Max <=   0.0:  0
Min <=   0.0:  0
Min <= -18.0:  0
Max Rain: 1.52 ON 22/10/17
Days of Rain: 6 (> .2 mm) 0 (> 2 mm) 0 (> 20 mm)
Heat Base:  18.3  Cool Base:  18.3  Method: Integration