NOAA-Style Climate Reports


Report for 2017 Novembre
                   MONTHLY CLIMATOLOGICAL SUMMARY for NOV. 2017

NAME: Lodi   CITY: Lodi   STATE: Italy 
ELEV:    78 m  LAT:  45° 17' 57" N  LONG:   9° 31' 14" E

                   TEMPERATURE (°C), RAIN  (mm), WIND SPEED (km/hr)

                                      HEAT  COOL        AVG
    MEAN                              DEG   DEG         WIND                 DOM
DAY TEMP  HIGH   TIME   LOW    TIME   DAYS  DAYS  RAIN  SPEED HIGH   TIME    DIR
------------------------------------------------------------------------------------
 1  11.0  17.6   14.35   5.9    7.20   7.3   0.0   0.0   0.8   9.7    8.35   WSW
 2  11.3  16.1   14.40   6.7    4.45   7.0   0.0   0.0   1.6  11.3   15.10   WSW
 3  13.7  19.0   15.00  10.1    7.45   4.7   0.0   0.0   1.9  12.9   11.30    SW
 4  12.2  13.5   12.30  10.7    0.45   6.2   0.0   0.0   0.5   8.0   16.25    NE
 5  11.6  13.2   15.05   8.3   23.35   6.7   0.0  55.1   7.7  38.6    7.15   ESE
 6   9.0  10.3   11.40   7.8    4.35   9.3   0.0   6.3   2.4  14.5    0.55    SW
 7   9.4  10.4   14.00   8.1    4.50   8.9   0.0   1.3   0.3   9.7    8.10    SW
 8   9.9  12.6   12.30   8.6    5.00   8.4   0.0   2.0   0.8  16.1   15.05   WSW
 9   9.7  10.2   12.45   9.2    1.45   8.6   0.0   9.4   0.3  12.9   12.10   ENE
10   9.4  13.2   14.25   6.0    6.00   8.9   0.0   0.3   0.6  11.3    4.20    SW
11   7.3   8.6    1.30   5.8    5.10  11.0   0.0   0.0   0.2   9.7   12.00    SW
12   6.9   7.9   13.05   5.4    6.30  11.3   0.0   5.1   2.4  22.5   18.45   ENE
13   7.2   9.2   12.00   4.8   00.00  11.1   0.0   0.3   3.2  25.7   14.05     S
14   7.8  14.2   13.55   4.2    3.30  10.4   0.0   0.0   1.3  11.3    6.50    SE
15   7.2  14.1   14.50   2.1    7.15  11.1   0.0   0.0   1.3   9.7    2.20   NNW
16   9.3  14.7   14.25   5.9    0.05   9.0   0.0   0.0   1.0  11.3   10.25    NW
17   7.7  14.7   15.05   3.2    7.35  10.6   0.0   0.0   2.3  16.1    9.15   WSW
18   7.6  13.8   14.30   3.1    6.45  10.7   0.0   0.0   2.7  14.5    9.10    SW
19   6.9  14.1   15.25   1.9    5.25  11.3   0.0   0.0   4.0  22.5   14.40   WSW
20   5.9  12.6   14.45   1.6    9.05  12.3   0.0   0.3   1.9  12.9    9.55   WSW
21   8.3  14.1   15.20   4.8    0.05  10.0   0.0   0.0   3.5  17.7   10.40    SW
22   7.7  10.4   15.00   5.1    3.45  10.6   0.0   0.0   0.6   6.4    5.55   NNE
23   9.6  12.3   13.35   7.1    7.45   8.7   0.0   0.0   1.6  11.3   13.35   WSW
24   9.1   9.8    0.05   8.5    6.35   9.2   0.0   0.0   1.0   9.7   12.40    SW
25   8.5   8.9    0.05   8.2   12.50   9.8   0.0  12.2   1.3  17.7   11.50   ENE
26   7.6  11.3   13.05   3.0   00.00  10.7   0.0   0.0   5.5  27.4    6.15    NW
27   3.7   9.6   14.50  -0.3    5.50  14.6   0.0   0.0   2.7  16.1   11.00   WSW
28   2.7   4.3   15.50   0.4    3.55  15.7   0.0   0.8   1.8  11.3    7.45   NNE
29   3.4   3.8    8.55   2.8   14.05  14.9   0.0   0.8   1.9  12.9   22.30   WSW
30   5.0  11.7   14.55   1.3    8.35  13.3   0.0   0.0   6.9  25.7   10.25   WSW
-------------------------------------------------------------------------------------
     8.2  19.0     3    -0.3    27   302.4   0.0  93.7   2.1  38.6     5     WSW

Max >=  32.0:  0
Max <=   0.0:  0
Min <=   0.0:  1
Min <= -18.0:  0
Max Rain: 55.12 ON 05/11/17
Days of Rain: 12 (> .2 mm) 6 (> 2 mm) 1 (> 20 mm)
Heat Base:  18.3  Cool Base:  18.3  Method: Integration