NOAA-Style Climate Reports

Select a Year or Month report
2024: Gen Feb Mar Apr Mag Giu Lug Ago Set Ott Nov Dic
2023: Gen Feb Mar Apr Mag Giu Lug Ago Set Ott Nov Dic
2022: Gen Feb Mar Apr Mag Giu Lug Ago Set Ott Nov Dic
2021: Gen Feb Mar Apr Mag Giu Lug Ago Set Ott Nov Dic
2020: Gen Feb Mar Apr Mag Giu Lug Ago Set Ott Nov Dic
2019: Gen Feb Mar Apr Mag Giu Lug Ago Set Ott Nov Dic
2018: Gen Feb Mar Apr Mag Giu Lug Ago Set Ott Nov Dic
2017: Gen Feb Mar Apr Mag Giu Lug Ago Set Ott Nov Dic
2016: Gen Feb Mar Apr Mag Giu Lug Ago Set Ott Nov Dic

Report for 2017 Dicembre

Daily noaa report



                            MONTHLY CLIMATOLOGICAL SUMMARY for DEC. 2017

NAME: Lodi San Bernardo   CITY: Lodi STATE: Italy
ELEV: 78 LAT: 045:17:57 LONG: -009:31:14

                            TEMPERATURE ( °C), RAIN (mm), WIND SPEED (kmh)

                                               HEAT     COOL           AVG
      MEAN                                     DEG      DEG            WIND                       DOM
DAY   TEMP    HIGH   TIME     LOW    TIME      DAYS     DAYS    RAIN   SPEED    HIGH    TIME      DIR
--------------------------------------------------------------------------------------------------------
01    02.4    06.7   14:12   -00.2   08:23     15.9     00.0    00.3   02.3     18.5    14:12     ENE
02    04.4    05.8   13:47    02.3   23:39     13.9     00.0    00.0   02.6     16.6    11:57     NNE
03    02.6    07.1   15:19   -01.2   08:12     15.7     00.0    00.0   02.2     12.9    15:07     WSW
04    02.4    06.4   14:02   -01.2   08:21     15.9     00.0    00.0   03.8     20.4    22:31     WSW
05    03.7    08.9   15:15   -00.6   07:58     14.6     00.0    00.0   02.8     24.1    02:06     WSW
06    03.9    10.1   15:41   -00.3   06:00     14.4     00.0    00.0   03.7     14.8    11:01      SW
07    04.2    07.5   15:31    00.5   08:18     14.1     00.0    00.0   03.3     18.5    22:20     WSW
08    05.1    07.3   15:11    02.3   09:55     13.2     00.0    00.0   02.9     29.6    23:45      SW
09    05.2    09.1   14:37    01.0   00:00     13.1     00.0    00.0   12.2     44.4    08:10     WNW
10   -00.5    01.2   13:12   -01.6   15:20     18.8     00.0    00.0   01.9     12.9    10:52      W 
11    00.3    00.8   14:33   -00.3   00:20     18.0     00.0    22.1   02.0     18.5    23:17     WSW
12    01.5    02.9   16:32    00.3   07:31     16.8     00.0    06.6   03.7     20.4    22:53      W 
13    02.5    06.9   14:31   -00.1   08:37     15.8     00.0    00.3   04.0     18.5    01:38      W 
14    03.6    08.2   15:19    00.8   00:40     14.7     00.0    00.0   04.2     20.4    08:27      W 
15    02.4    03.7   16:50    01.3   08:58     15.9     00.0    00.0   07.5     29.6    21:32     WSW
16    02.9    06.8   15:30   -00.9   05:31     15.4     00.0    00.0   04.6     18.5    21:44      W 
17    02.4    08.9   15:13   -02.2   09:27     15.9     00.0    00.0   03.6     16.6    03:44      W 
18    00.8    04.2   16:08   -01.2   05:42     17.5     00.0    00.0   04.4     18.5    03:28     WSW
19    00.6    04.8   15:08   -02.3   04:15     17.7     00.0    00.0   04.1     14.8    13:56     WSW
20    00.7    03.9   15:50   -02.3   07:59     17.6     00.0    00.0   03.5     18.5    13:15     WSW
21    00.6    05.1   15:24   -03.1   07:51     17.7     00.0    00.0   03.1     16.6    07:52     WSW
22    01.0    03.2   15:44   -01.1   08:53     17.3     00.0    00.0   03.6     18.5    19:32     WSW
23    03.2    09.7   15:15   -00.8   05:22     15.1     00.0    00.3   03.4     14.8    09:23     WSW
24    04.4    12.4   15:11   -00.7   09:00     13.9     00.0    00.0   03.0     14.8    15:15     WSW
25    04.2    09.5   13:11   -01.3   08:45     14.1     00.0    00.3   01.2     12.9    22:03     SSW
26    04.8    05.7   16:04    04.2   08:39     13.5     00.0    04.3   01.2     11.1    20:38      E 
27    04.4    06.6   14:25    02.2   21:20     13.9     00.0    14.2   07.6     24.1    18:34      S 
28    05.6    11.7   15:24    02.6   00:01     12.7     00.0    02.8   05.9     24.1    07:21      W 
29    03.1    08.2   14:10    00.0   08:48     15.2     00.0    00.0   04.9     18.5    10:36     WSW
30    03.5    07.9   14:30    00.8   09:08     14.8     00.0    00.0   05.3     24.1    10:41     WSW
31    03.1    05.1   13:41    00.8   04:12     15.2     00.0    00.0   01.4     07.4    23:37     ENE
--------------------------------------------------------------------------------------------------------
02.9 (3.3)   12.4  day 24    -03.1  day 21   478.1    000.0   051.1   03.9     44.4   day 09     WSW
Min <   30: 31
Max Rain: 22.1 ON 11-12-18
Days of Rain: 9 (> .2mm) 5 (> 2mm) 1 (> 20mm)