NOAA-Style Climate Reports


Report for 2018 Gennaio
                   MONTHLY CLIMATOLOGICAL SUMMARY for JAN. 2018

NAME: Lodi   CITY: Lodi   STATE: Italy 
ELEV:    78 m  LAT:  45° 17' 57" N  LONG:   9° 31' 14" E

                   TEMPERATURE (°C), RAIN  (mm), WIND SPEED (km/hr)

                                      HEAT  COOL        AVG
    MEAN                              DEG   DEG         WIND                 DOM
DAY TEMP  HIGH   TIME   LOW    TIME   DAYS  DAYS  RAIN  SPEED HIGH   TIME    DIR
------------------------------------------------------------------------------------
 1   3.3   4.3   14.15   1.6    8.35  15.0   0.0  10.2   3.2  17.7   12.50   WSW
 2   6.2  13.3   15.20   2.1    8.30  12.1   0.0   0.0   9.3  37.0    8.20   WSW
 3   4.7   8.7   15.35   0.9    7.05  13.6   0.0   0.3   3.9  33.8   17.25    SW
 4   6.3  11.9   15.10   3.4    6.00  12.0   0.0   0.0   3.9  19.3    2.50   WSW
 5   5.2   7.8   15.35   2.6    2.45  13.1   0.0   0.0   1.8  12.9   22.20   NNE
 6   6.2   7.2   15.25   5.3    4.50  12.1   0.0   3.8   2.6  11.3    0.25   WSW
 7   7.4   8.3   16.05   6.4    0.05  10.9   0.0   0.8   1.0  14.5   13.00   ENE
 8  10.2  12.9   22.30   7.7    0.05   8.1   0.0   1.5   8.5  53.1   23.00   ESE
 9  10.4  12.1   14.25   8.8   23.15   7.9   0.0  11.9   6.6  40.2    2.20   ESE
10   7.6   9.2    0.15   5.8    9.35  10.8   0.0   0.3   4.2  19.3   12.00   WSW
11   7.3   8.9   15.55   6.3    2.10  11.0   0.0   0.5   0.6  11.3   12.35   WSW
12   7.2  11.6   15.15   5.1    6.35  11.1   0.0   0.0   0.8  12.9   13.05     N
13   4.4   9.6   15.35  -0.1    7.30  13.9   0.0   0.3   3.1  14.5    5.40   WSW
14   1.3   5.0   15.05  -0.9    8.55  17.0   0.0   0.5   1.6  12.9   18.45    SW
15   2.8   4.8   15.55  -0.6    2.30  15.5   0.0   1.8   1.4  11.3    4.30   WSW
16   3.8   5.4   16.20  -0.2   00.00  14.5   0.0   0.3   2.1  16.1   14.40   WSW
17   4.3  11.2   15.05  -0.5    0.15  13.9   0.0   0.3   8.0  41.8   15.10   WSW
18   5.9  11.3   14.45   1.4    8.10  12.4   0.0   0.0   4.5  16.1    1.00   WSW
19   5.2  11.6   15.55   1.1    7.40  13.1   0.0   0.0   3.2  19.3   14.10     W
20   3.6   8.0   14.10   0.8    8.10  14.7   0.0   0.0   2.9  14.5    4.30     N
21   6.6  15.2   16.05   1.1    7.50  11.7   0.0   0.0   8.7  37.0   10.40   WSW
22   5.8  10.0   15.35   2.3   23.55  12.5   0.0   0.0   2.7  14.5    0.05    SW
23   4.3   9.1   13.55   0.0    5.35  14.0   0.0   0.0   2.9  20.9   16.30   ENE
24   6.2  10.4   14.45   3.3    1.15  12.1   0.0   0.0   4.2  17.7    9.55   WSW
25   6.1   6.9   13.00   5.7   21.30  12.2   0.0   1.3   2.4  11.3    9.15   WSW
26   6.1   7.6   16.05   5.1    6.55  12.2   0.0   2.3   1.6  11.3   11.10     N
27   6.7   9.6   15.55   4.5   22.45  11.6   0.0   2.0   6.0  27.4   12.15   WSW
28   3.4   5.2   16.20   1.3    3.35  14.9   0.0   0.5   3.1  14.5   10.45   WSW
29   3.1   5.2   16.15   1.1    8.20  15.3   0.0   0.0   2.1  11.3    6.15   WSW
30   2.6   4.6   16.05  -0.2    6.55  15.7   0.0   0.3   2.3  16.1   16.20   ESE
31   5.3   6.2   15.55   4.3    0.05  13.0   0.0   6.9   0.2   8.0    1.40   WSW
-------------------------------------------------------------------------------------
     5.5  15.2    21    -0.9    14   397.9   0.0  45.5   3.5  53.1     8     WSW

Max >=  32.0:  0
Max <=   0.0:  0
Min <=   0.0:  7
Min <= -18.0:  0
Max Rain: 11.94 ON 09/01/18
Days of Rain: 19 (> .2 mm) 6 (> 2 mm) 0 (> 20 mm)
Heat Base:  18.3  Cool Base:  18.3  Method: Integration