NOAA-Style Climate Reports


Report for 2018 Febbraio
                   MONTHLY CLIMATOLOGICAL SUMMARY for FEB. 2018

NAME: Lodi   CITY: Lodi   STATE: Italy 
ELEV:    78 m  LAT:  45° 17' 57" N  LONG:   9° 31' 14" E

                   TEMPERATURE (°C), RAIN  (mm), WIND SPEED (km/hr)

                                      HEAT  COOL        AVG
    MEAN                              DEG   DEG         WIND                 DOM
DAY TEMP  HIGH   TIME   LOW    TIME   DAYS  DAYS  RAIN  SPEED HIGH   TIME    DIR
------------------------------------------------------------------------------------
 1   6.5   7.4   20.30   5.7    0.05  11.8   0.0   2.0   3.2  24.1    6.40   ESE
 2   6.6   8.1   12.50   4.7   00.00  11.7   0.0   0.0   1.8  12.9    8.10    SW
 3   5.1   7.9   16.15   1.8   23.50  13.3   0.0   0.0   2.1  16.1   16.20   SSE
 4   3.5   7.1   13.00  -0.2    7.40  14.8   0.0   0.0   1.6  20.9   13.15   NNE
 5   4.8   5.7   12.35   4.3    4.45  13.5   0.0   3.8   2.9  17.7   12.20   ENE
 6   4.1   5.9   15.45   2.6   22.45  14.2   0.0  11.7   2.3  12.9   17.55     N
 7   4.6   8.7   15.55   2.3    2.00  13.7   0.0   0.5   1.3   9.7    1.55    NW
 8   5.6  10.2   16.55   1.2    7.50  12.7   0.0   0.3   2.1  12.9   14.25   WSW
 9   7.4  12.2   14.35   5.1    7.45  10.9   0.0   0.0   1.6  11.3   14.40     N
10   6.4  10.5   16.00   3.8   00.00  11.9   0.0   2.5   2.9  17.7   14.15     S
11   5.0  10.2   14.55   0.1    7.50  13.3   0.0   0.0   1.8  20.9   11.50    SE
12   5.1   8.2   13.40   3.1   00.00  13.2   0.0   0.3   3.5  24.1   20.00   ENE
13   4.0   9.0   14.25   1.2    7.25  14.3   0.0   0.0   3.1  16.1   12.20   SSE
14   3.9   8.9   14.30   0.0    6.15  14.4   0.0   0.0   2.1  16.1   13.10     N
15   3.1   8.9   14.10  -0.7    4.15  15.2   0.0   0.0   2.3  17.7   11.00     N
16   4.0   7.7   15.45   0.4    4.50  14.3   0.0   0.0   2.1  12.9   13.35   SSW
17   5.4   8.2   14.05   2.4    6.00  12.9   0.0   0.0   2.1  11.3   21.10   SSW
18   5.2   7.4   14.00   3.2    9.05  13.1   0.0   0.0   2.4  24.1   16.45   ESE
19   4.7   6.4   14.15   1.7   00.00  13.7   0.0   0.0   1.9  17.7   12.40    SE
20   4.2   9.1   15.35   1.4    2.30  14.1   0.0   0.0   2.6  19.3   19.00    SE
21   5.1   9.6   13.35   1.7    8.00  13.2   0.0   0.0   2.6  16.1   15.10   SSE
22   3.6   4.7    3.05   2.8   13.00  14.7   0.0   2.8   2.6  12.9   19.15   SSE
23   2.7   3.8   23.30   1.0    7.45  15.6   0.0   7.6   2.3  12.9   20.15     S
24   6.2  10.3   16.15   3.7    0.15  12.1   0.0   2.0   1.9  27.4   00.00    SE
25   0.4   6.1    0.05  -1.2   17.50  17.9   0.0   0.0  12.1  49.9    0.45   ESE
26  -1.3   1.4   14.55  -3.4    7.25  19.6   0.0   0.0   6.4  27.4   10.35    SE
27  -1.8   2.1   14.05  -5.1    6.30  20.1   0.0   0.0   2.1  16.1   16.00    SE
28  -1.7   1.6   14.40  -5.9    6.50  20.0   0.0   0.0   4.3  22.5   23.20     E
-------------------------------------------------------------------------------------
     4.0  12.2     9    -5.9    28   400.2   0.0  33.5   2.9  49.9    25      SE

Max >=  32.0:  0
Max <=   0.0:  0
Min <=   0.0:  7
Min <= -18.0:  0
Max Rain: 11.68 ON 06/02/18
Days of Rain: 10 (> .2 mm) 7 (> 2 mm) 0 (> 20 mm)
Heat Base:  18.3  Cool Base:  18.3  Method: Integration