NOAA-Style Climate Reports


Report for 2018 Marzo
                   MONTHLY CLIMATOLOGICAL SUMMARY for MAR. 2018

NAME: Lodi   CITY: Lodi   STATE: Italy 
ELEV:    78 m  LAT:  45° 17' 57" N  LONG:   9° 31' 14" E

                   TEMPERATURE (°C), RAIN  (mm), WIND SPEED (km/hr)

                                      HEAT  COOL        AVG
    MEAN                              DEG   DEG         WIND                 DOM
DAY TEMP  HIGH   TIME   LOW    TIME   DAYS  DAYS  RAIN  SPEED HIGH   TIME    DIR
------------------------------------------------------------------------------------
 1  -1.9  -0.6   16.25  -2.9    6.05  20.2   0.0   0.3   2.4  20.9    0.05   NNE
 2  -0.6   0.8   14.55  -2.1    0.05  18.8   0.0   3.3   4.0  20.9   19.25   WSW
 3  -0.1   1.8   16.20  -3.3    4.15  18.4   0.0   7.9   3.1  24.1   22.45   WSW
 4   1.3   2.3   13.30   0.3    3.15  17.0   0.0   8.6   3.4  22.5    0.20   WSW
 5   2.9   5.1   15.15   1.1    1.55  15.4   0.0   0.8   3.7  14.5    6.50    SW
 6   5.3   7.7   16.40   3.6    4.30  13.0   0.0   3.6   2.3  12.9    1.35   WSW
 7   5.6   8.4   16.35   3.4    3.55  12.7   0.0   0.0   1.6  12.9    9.10   WSW
 8   7.5  15.7   15.45   0.1    7.25  10.8   0.0   0.3   2.6  12.9    3.40    SW
 9  10.7  15.4   13.40   6.7    2.40   7.6   0.0   0.5   2.6  19.3   12.40   SSW
10   9.6  11.0    0.05   8.7   23.55   8.7   0.0   1.8   1.4  14.5   11.30     N
11   8.6   9.8   15.20   7.5   20.40   9.7   0.0  21.6   5.8  30.6   16.25   ESE
12   9.2  12.3   16.25   7.2    2.50   9.1   0.0   6.6   1.8  14.5    4.40   WSW
13  11.5  17.6   16.30   6.8    5.35   6.8   0.0   0.0   1.9  16.1   11.30    SW
14  12.2  19.3   15.50   6.2    6.50   6.1   0.1   0.0   4.2  22.5   11.55     W
15   8.2  10.3    1.20   6.4    5.30  10.1   0.0  13.2   6.3  38.6   17.15   ENE
16  10.4  15.7   15.45   6.7    4.20   7.9   0.0   2.3   4.8  24.1   11.40    SW
17   8.9  10.2   14.45   7.3   21.15   9.4   0.0  31.0   5.1  27.4    6.30   ESE
18   7.3   8.4   13.25   6.4   23.55  11.0   0.0  17.3   5.6  37.0   15.20   ESE
19   4.2   6.4    0.05   2.2    9.15  14.1   0.0   7.9   5.8  22.5    3.25   SSE
20   6.2  10.1   15.45   3.4    3.10  12.1   0.0   1.3   4.3  33.8   23.35   ESE
21   5.9  10.2   15.45   2.6    1.10  12.4   0.0   0.0   5.3  25.7   10.05   ESE
22   6.3  10.8   14.40   2.2    6.25  12.0   0.0   0.0   4.2  25.7    2.10    SW
23   7.3  14.6   16.05   0.8    6.25  11.0   0.0   0.0   3.7  17.7   10.00     E
24   7.9  13.1   15.00   4.4    7.25  10.4   0.0   0.0   4.3  20.9    9.40   ENE
25   9.1  13.9   16.20   5.4    7.50   8.8   0.0   0.0   3.2  19.3   12.50   NNE
26   9.9  16.9   16.35   3.2    7.45   8.4   0.0   0.0   1.8  14.5   12.45    SE
27  11.8  18.7   14.40   5.3    7.05   6.5   0.0   0.0   2.4  19.3   16.30    SE
28  11.2  16.3   16.30   5.3    7.20   7.1   0.0   0.3   2.3  14.5   10.30    NE
29  12.0  15.1   16.25  10.2    6.50   6.3   0.0   0.0   4.5  25.7   16.25   ENE
30  12.7  19.0   15.25   8.3    7.10   5.6   0.0   0.0   8.5  37.0   15.00    SE
31  11.0  14.9   13.30   8.1   23.50   7.3   0.0   5.1   5.5  27.4    0.45    SE
-------------------------------------------------------------------------------------
     7.5  19.3    14    -3.3     3   334.8   0.1 133.3   3.8  38.6    15     ESE

Max >=  32.0:  0
Max <=   0.0:  1
Min <=   0.0:  3
Min <= -18.0:  0
Max Rain: 30.99 ON 17/03/18
Days of Rain: 19 (> .2 mm) 12 (> 2 mm) 2 (> 20 mm)
Heat Base:  18.3  Cool Base:  18.3  Method: Integration