NOAA-Style Climate Reports


Report for 2018 Aprile
                   MONTHLY CLIMATOLOGICAL SUMMARY for APR. 2018

NAME: Lodi   CITY: Lodi   STATE: Italy 
ELEV:    78 m  LAT:  45° 17' 57" N  LONG:   9° 31' 14" E

                   TEMPERATURE (°C), RAIN  (mm), WIND SPEED (km/hr)

                                      HEAT  COOL        AVG
    MEAN                              DEG   DEG         WIND                 DOM
DAY TEMP  HIGH   TIME   LOW    TIME   DAYS  DAYS  RAIN  SPEED HIGH   TIME    DIR
------------------------------------------------------------------------------------
 1  12.8  19.1   16.55   5.9    7.25   5.6   0.1   0.0   9.0  30.6   15.25   WSW
 2  12.8  18.1   15.10   6.4    6.50   5.5   0.0   0.0   4.8  22.5   17.15    NW
 3  12.6  16.3   14.35   8.8    6.35   5.8   0.0   5.6   2.9  12.9    8.40    NW
 4  10.2  11.7   17.45   9.2    8.35   8.1   0.0  17.5   3.1  29.0   14.55     E
 5  12.7  17.6   17.25   9.2    5.55   5.6   0.0   0.0   5.3  27.4   15.05   WSW
 6  13.7  20.6   16.50   6.3    7.50   4.9   0.2   0.0   2.7  16.1   10.05    SE
 7  14.9  20.3   17.40   9.2    7.10   3.7   0.3   0.0   3.5  22.5   15.20   ESE
 8  14.8  19.8   15.55  10.1    5.50   3.7   0.2   0.0   6.6  27.4   13.35   ESE
 9  12.2  14.6   14.55  10.5    7.10   6.1   0.0  15.0   5.5  24.1   14.05   WSW
10  11.3  14.5   12.50   8.3   23.55   7.0   0.0   6.9   2.6  30.6   13.40     N
11  10.3  12.7   11.50   7.2    6.15   8.0   0.0  26.7   4.7  41.8   23.30   ENE
12  11.8  16.6   15.00   8.4    6.45   6.5   0.0  22.6   6.9  45.1    2.20     N
13  12.6  18.2   17.20   8.9    4.55   5.7   0.0   1.3   2.4  17.7   12.30   WSW
14  14.9  20.3   15.05   8.8    6.55   3.8   0.4   0.0   2.1  17.7   13.20   ENE
15  13.8  16.3   12.35  11.2    7.00   4.5   0.0   0.0   4.0  16.1   10.50   WSW
16  17.6  23.8   16.25  12.3    5.55   2.3   1.5   0.5   3.2  16.1   13.00   WSW
17  19.1  24.7   16.00  13.3    4.40   1.4   2.1   0.0   3.5  19.3   11.20    SE
18  19.6  25.7   16.00  13.7    6.40   1.3   2.5   0.0   2.7  19.3   16.25    SE
19  19.5  25.8   16.40  12.2    7.00   1.5   2.6   0.0   3.1  17.7   18.00    SE
20  21.0  28.6   16.25  13.7    6.50   1.1   3.9   0.0   2.6  14.5   12.55   SSE
21  21.7  29.2   16.50  14.4    6.25   0.7   4.1   0.0   2.9  14.5   17.10   NNW
22  21.0  27.8   16.10  14.1    6.40   0.7   3.4   0.0   3.1  17.7   13.15    SE
23  20.7  28.4   16.30  13.3    7.00   1.1   3.6   0.0   2.9  14.5   14.30    NE
24  21.2  27.6   15.55  14.4    6.40   0.7   3.7   0.0   2.4  16.1   11.10    NW
25  21.4  28.1   16.45  15.6    6.45   0.4   3.5   0.0   5.0  20.9   10.25   WSW
26  21.2  27.4   16.55  15.9    6.25   0.6   3.4   0.0   4.2  17.7   14.30     W
27  18.7  22.1   17.40  15.8    7.50   0.6   1.1   0.0   7.4  37.0   10.10   ESE
28  19.7  26.0   15.55  13.3    6.25   1.1   2.6   0.0   2.6  22.5   17.30     E
29  20.3  25.6   16.55  16.4    7.20   0.2   2.2   0.0   6.9  38.6   18.25   ESE
30  17.4  22.3   16.40  12.2    6.30   1.9   1.0   1.8   4.7  27.4    1.05     S
-------------------------------------------------------------------------------------
    16.4  29.2    21     5.9     1   100.2  42.4  97.8   4.1  45.1    12     WSW

Max >=  32.0:  0
Max <=   0.0:  0
Min <=   0.0:  0
Min <= -18.0:  0
Max Rain: 26.67 ON 11/04/18
Days of Rain: 9 (> .2 mm) 6 (> 2 mm) 2 (> 20 mm)
Heat Base:  18.3  Cool Base:  18.3  Method: Integration