NOAA-Style Climate Reports


Report for 2018 Maggio
                   MONTHLY CLIMATOLOGICAL SUMMARY for MAY. 2018

NAME: Lodi   CITY: Lodi   STATE: Italy 
ELEV:    78 m  LAT:  45° 17' 57" N  LONG:   9° 31' 14" E

                   TEMPERATURE (°C), RAIN  (mm), WIND SPEED (km/hr)

                                      HEAT  COOL        AVG
    MEAN                              DEG   DEG         WIND                 DOM
DAY TEMP  HIGH   TIME   LOW    TIME   DAYS  DAYS  RAIN  SPEED HIGH   TIME    DIR
------------------------------------------------------------------------------------
 1  14.2  18.9   15.15  10.1    6.40   4.2   0.1   3.8   4.3  24.1   16.15   NNW
 2  12.7  14.4   18.40  11.2    0.45   5.6   0.0  12.2   4.0  19.3   23.45   NNW
 3  14.8  18.6   18.20  11.6    6.30   3.5   0.0   5.6   4.8  22.5    0.25   WSW
 4  18.0  23.6   17.35  15.1    5.00   1.5   1.2   8.9   4.2  38.6   19.55     N
 5  19.8  24.3   14.00  15.1    3.25   0.9   2.4   0.3   2.7  24.1   15.20     E
 6  21.9  28.1   16.30  16.3    6.35   0.3   3.9   0.0   3.1  16.1   12.30   WSW
 7  20.1  23.4   17.35  16.9    6.25   0.2   2.0   5.1   2.4  24.1    4.15   SSW
 8  20.1  27.1   15.45  15.2   23.25   1.0   2.8   4.3   4.8  40.2   21.10   WSW
 9  18.3  23.2   14.50  15.2    2.40   1.4   1.4   1.3   3.5  29.0   18.30    SE
10  19.9  25.2   18.15  14.8    6.50   1.0   2.6   0.0   1.6  14.5   11.50    NW
11  19.8  26.7   15.55  15.3    6.00   0.9   2.4  20.8   3.1  27.4   18.00    SE
12  20.2  26.4   16.05  16.1    5.50   0.8   2.7   0.0   3.2  17.7   18.35   WSW
13  18.7  26.0   15.20  15.0    6.25   1.0   1.3   8.9   4.8  38.6   16.25    NW
14  14.9  19.8   16.40  10.5    7.00   3.5   0.1  17.0   6.3  25.7    2.15   WSW
15  13.6  16.6   16.25  10.7    5.55   4.7   0.0   0.3   5.0  22.5    1.40    SE
16  16.7  24.0   15.50  12.0    7.10   2.6   1.0   0.5   3.1  22.5   16.55    SE
17  17.8  23.9   15.15  13.6    7.05   1.7   1.2   0.8   2.4  17.7   13.05   ENE
18  19.6  24.8   16.05  13.7    6.20   1.2   2.5   0.0   2.7  19.3   18.00     E
19  19.9  25.4   14.45  14.6    6.15   0.8   2.4   0.0   3.7  24.1   16.30     N
20  19.0  24.7   13.15  15.2    6.20   1.0   1.7  21.1   4.8  25.7   11.45     N
21  18.6  26.5   15.30  14.3    6.30   1.4   1.7   5.1   3.4  30.6   16.40   NNW
22  16.8  18.8   14.35  15.9    9.30   1.5   0.0   6.6   0.5  11.3    3.10   ENE
23  20.2  26.4   16.50  16.1    6.35   0.7   2.6   0.8   1.8  17.7   19.15   ENE
24  22.1  28.1   15.30  16.2    5.25   0.4   4.2   0.0   2.9  16.1   12.05   WSW
25  24.0  30.3   16.35  17.6    7.15   0.0   5.7   0.0   3.2  14.5    9.55    SW
26  24.6  30.7   15.40  19.1    5.10   0.0   6.3   0.0   2.6  20.9    8.10     E
27  24.2  30.8   15.30  19.4    6.15   0.0   5.9   0.0   3.2  29.0   20.15    SW
28  21.9  27.3   16.30  17.8    8.35   0.0   3.6  19.6   4.8  29.0   22.05   WSW
29  22.7  27.8   16.00  18.3    1.15   0.0   4.4  14.0   2.6  17.7   16.10    SW
30  22.8  27.2   13.10  19.0    5.20   0.0   4.5   3.8   3.1  22.5   21.45     N
31  21.8  27.6   17.00  17.6    6.15   0.1   3.6   0.3   5.8  27.4   18.50   WSW
-------------------------------------------------------------------------------------
    19.3  30.8    27    10.1     1    42.1  74.3 160.8   3.5  40.2     8     WSW

Max >=  32.0:  0
Max <=   0.0:  0
Min <=   0.0:  0
Min <= -18.0:  0
Max Rain: 21.08 ON 20/05/18
Days of Rain: 22 (> .2 mm) 15 (> 2 mm) 2 (> 20 mm)
Heat Base:  18.3  Cool Base:  18.3  Method: Integration