NOAA-Style Climate Reports


Report for 2018 Giugno
                   MONTHLY CLIMATOLOGICAL SUMMARY for JUN. 2018

NAME: Lodi   CITY: Lodi   STATE: Italy 
ELEV:    78 m  LAT:  45° 17' 57" N  LONG:   9° 31' 14" E

                   TEMPERATURE (°C), RAIN  (mm), WIND SPEED (km/hr)

                                      HEAT  COOL        AVG
    MEAN                              DEG   DEG         WIND                 DOM
DAY TEMP  HIGH   TIME   LOW    TIME   DAYS  DAYS  RAIN  SPEED HIGH   TIME    DIR
------------------------------------------------------------------------------------
 1  22.6  28.5   16.00  17.4    5.50   0.1   4.4   0.0   6.9  24.1    9.45   WSW
 2  23.3  29.9   15.00  17.6    6.00   0.0   5.1   0.0   5.1  19.3    8.45   WSW
 3  24.6  30.7   18.10  18.3    6.05   0.0   6.3   0.0   3.7  27.4   23.05    SW
 4  20.7  25.9   14.25  18.2   17.05   0.0   2.4   8.4   4.5  25.7   16.10   WSW
 5  22.5  28.8   16.10  17.1    5.30   0.2   4.4   0.0   5.6  19.3   11.40     W
 6  22.9  27.1   14.00  19.2    5.25   0.0   4.6   0.0   6.3  25.7   19.30   WSW
 7  23.1  29.1   14.50  17.7   00.00   0.0   4.8   3.0   4.8  27.4   20.35    NW
 8  20.5  26.7   17.30  16.8    7.40   0.4   2.6  11.7   2.3  17.7   14.35   WSW
 9  23.2  29.7   16.45  17.7    6.35   0.0   4.9   0.0   7.7  25.7   20.45   WSW
10  24.4  29.8   17.00  19.0    5.55   0.0   6.1   0.0   6.0  20.9    9.35     W
11  24.9  29.8   18.55  20.3    6.05   0.0   6.7   0.0   2.9  16.1   13.10     W
12  23.4  26.9   13.35  19.9   00.00   0.0   5.1   0.0   5.1  32.2   20.05   WSW
13  20.5  25.2   18.05  16.7    7.55   0.2   2.4  50.5   3.9  22.5   12.55   WSW
14  23.6  28.7   15.45  19.2    3.45   0.0   5.3   0.0   2.6  17.7   14.00    SE
15  23.6  28.8   15.00  18.3    6.05   0.0   5.2   0.0   3.9  20.9    8.40   ESE
16  24.5  29.8   17.15  19.3    6.05   0.0   6.2   0.0   3.1  16.1    8.50     E
17  25.9  31.7   17.35  19.9    5.50   0.0   7.6   0.0   2.1  17.7   17.40   ENE
18  25.4  30.8   17.05  19.7    4.50   0.0   7.2   0.0   3.7  25.7    3.20    SE
19  26.1  31.5   16.30  19.9    6.00   0.0   7.8   0.0   3.4  17.7    9.30   ENE
20  26.9  31.9   16.15  21.8    6.00   0.0   8.6   0.0   3.1  19.3   13.30     E
21  27.3  32.9   16.25  21.2    6.10   0.0   9.0   0.0   4.0  27.4   19.25     W
22  24.7  28.5   10.25  19.7   00.00   0.0   6.4   0.0   9.2  37.0   18.45   ESE
23  21.9  26.8   17.25  16.9    6.30   0.1   3.8   0.0   5.1  24.1    0.50   ESE
24  21.8  26.7   15.30  15.6    5.45   0.5   3.9   0.0   3.7  20.9    9.10   ENE
25  21.4  25.1   16.45  17.2    5.50   0.1   3.3   0.0   6.8  27.4   16.30   ESE
26  23.1  28.7   15.45  17.7    6.05   0.0   4.8   0.0   3.7  19.3   17.35    SE
27  23.7  30.7   15.40  17.4    5.35   0.1   5.5   0.0   4.7  40.2   20.35     E
28  23.2  29.7   16.30  16.2    5.20   0.3   5.3   0.0   4.0  17.7   12.00    SE
29  25.8  31.6   16.15  18.3    6.05   0.0   7.5   0.0   4.5  24.1   14.10     W
30  27.6  33.7   17.00  21.2    6.30   0.0   9.2   0.0   6.0  24.1   13.40   WSW
-------------------------------------------------------------------------------------
    23.8  33.7    30    15.6    24     2.1 166.3  73.7   4.6  40.2    27     WSW

Max >=  32.0:  2
Max <=   0.0:  0
Min <=   0.0:  0
Min <= -18.0:  0
Max Rain: 50.55 ON 13/06/18
Days of Rain: 4 (> .2 mm) 4 (> 2 mm) 1 (> 20 mm)
Heat Base:  18.3  Cool Base:  18.3  Method: Integration