NOAA-Style Climate Reports


Report for 2018 Luglio
                   MONTHLY CLIMATOLOGICAL SUMMARY for JUL. 2018

NAME: Lodi   CITY: Lodi   STATE: Italy 
ELEV:    78 m  LAT:  45° 17' 57" N  LONG:   9° 31' 14" E

                   TEMPERATURE (°C), RAIN  (mm), WIND SPEED (km/hr)

                                      HEAT  COOL        AVG
    MEAN                              DEG   DEG         WIND                 DOM
DAY TEMP  HIGH   TIME   LOW    TIME   DAYS  DAYS  RAIN  SPEED HIGH   TIME    DIR
------------------------------------------------------------------------------------
 1  26.5  31.4   16.25  21.1    5.35   0.0   8.2   0.0   5.0  29.0   22.35   ESE
 2  25.6  30.7   16.55  21.0    6.25   0.0   7.3   0.0   4.3  27.4    0.25   ENE
 3  26.1  32.0   15.35  18.9   23.50   0.0   7.8   9.9   5.3  37.0   21.50   ENE
 4  24.5  31.4   16.40  18.8    1.25   0.0   6.2   7.4   5.3  24.1    2.20     E
 5  23.1  29.4   15.55  18.4   19.35   0.0   4.8   8.4   4.8  51.5   19.05   NNW
 6  23.9  31.6   16.20  19.0    3.00   0.0   5.6   0.3   2.4  19.3   19.35     N
 7  26.2  32.2   17.25  20.3    4.45   0.0   7.9   0.0   1.9  14.5   11.55     E
 8  25.8  30.6   15.55  20.2    6.05   0.0   7.5   0.0   3.2  19.3    9.20     E
 9  25.6  30.7   17.00  20.2    5.40   0.0   7.2   0.0   4.0  22.5    2.45   ENE
10  25.6  30.4   17.10  20.8    5.20   0.0   7.2   0.0   4.2  20.9   10.05    NE
11  21.9  24.6   18.25  19.9    8.10   0.0   3.6   0.0   7.7  27.4   11.35   ESE
12  23.5  28.4   17.25  19.6    5.45   0.0   5.2   0.0   3.1  16.1   11.25     E
13  26.3  31.9   16.10  20.8    5.45   0.0   8.0   0.0   2.4  16.1   13.00     S
14  26.4  32.6   16.15  21.4    5.55   0.0   8.1   0.5   2.6  17.7    9.20    NE
15  26.0  31.8   17.30  19.5    6.10   0.0   7.7   0.0   2.4  14.5   14.35     N
16  22.3  27.3   12.50  19.6   23.45   0.0   4.0   3.8   5.3  37.0    3.15     E
17  24.4  31.6   17.35  18.3    5.40   0.0   6.1   0.0   4.5  20.9   13.30   WSW
18  27.3  34.1   16.25  20.9    6.25   0.0   9.1   0.0   2.6  16.1   17.15    SW
19  27.2  33.9   16.00  21.3    4.55   0.0   8.9   0.0   3.1  16.1    9.10   WSW
20  26.8  33.3   17.45  18.3   23.30   0.0   8.6  12.2   5.0  40.2   23.05    NW
21  21.1  26.1   17.50  17.6    6.55   0.1   2.9  38.1   3.5  51.5    1.45     N
22  24.7  31.2   17.45  19.5    6.20   0.0   6.3   0.0   4.5  19.3   11.50   WSW
23  25.3  30.8   16.50  18.7    4.50   0.0   7.0   4.3   3.9  29.0    2.30   WSW
24  26.8  33.4   16.10  21.1    1.40   0.0   8.5   6.3   2.7  19.3    0.10   ENE
25  27.1  33.0   14.55  20.1    5.30   0.0   8.8   5.3   2.4  12.9    2.55   ENE
26  26.9  31.6   16.00  23.1    6.20   0.0   8.6   0.0   4.3  22.5   21.30     E
27  26.3  31.9   14.20  20.5    6.20   0.0   8.0   1.3   2.7  22.5    0.10   ENE
28  26.7  32.4   14.50  22.9    6.40   0.0   8.4   0.0   5.5  27.4   18.30   WSW
29  26.8  32.6   16.20  20.8    5.50   0.0   8.5   0.0   2.3  16.1   16.25     N
30  28.7  35.3   15.45  22.4    6.20   0.0  10.3   0.0   1.8  14.5   12.00     E
31  29.7  35.0   17.20  23.9    4.50   0.0  11.3   0.0   2.7  16.1   16.50    SW
-------------------------------------------------------------------------------------
    25.6  35.3    30    17.6    21     0.1 227.7  97.8   3.7  51.5     5     ENE

Max >=  32.0: 12
Max <=   0.0:  0
Min <=   0.0:  0
Min <= -18.0:  0
Max Rain: 38.10 ON 21/07/18
Days of Rain: 12 (> .2 mm) 9 (> 2 mm) 1 (> 20 mm)
Heat Base:  18.3  Cool Base:  18.3  Method: Integration