NOAA-Style Climate Reports


Report for 2018 Agosto
                   MONTHLY CLIMATOLOGICAL SUMMARY for AUG. 2018

NAME: Lodi   CITY: Lodi   STATE: Italy 
ELEV:    78 m  LAT:  45° 17' 57" N  LONG:   9° 31' 14" E

                   TEMPERATURE (°C), RAIN  (mm), WIND SPEED (km/hr)

                                      HEAT  COOL        AVG
    MEAN                              DEG   DEG         WIND                 DOM
DAY TEMP  HIGH   TIME   LOW    TIME   DAYS  DAYS  RAIN  SPEED HIGH   TIME    DIR
------------------------------------------------------------------------------------
 1  29.1  36.3   16.55  22.9    6.30   0.0  10.8   0.0   3.7  37.0   20.40    NE
 2  27.5  32.6   16.25  22.6    6.45   0.0   9.2   0.0   3.9  17.7    9.25     E
 3  28.6  33.7   15.30  23.2    6.15   0.0  10.3   0.0   2.4  17.7   16.40     E
 4  28.6  33.8   16.30  22.8    6.10   0.0  10.3   0.0   3.2  14.5    3.05     E
 5  29.1  35.5   15.20  22.6    3.10   0.0  10.8   0.5   2.4  16.1    3.15     N
 6  29.3  35.2   16.25  24.0    6.00   0.0  11.0   0.0   2.9  14.5   12.45    SE
 7  27.7  33.4   14.50  21.9    6.55   0.0   9.4   0.0   5.8  29.0    0.55   WSW
 8  27.4  34.1   15.30  22.1    5.55   0.0   9.1   0.0   4.8  17.7   13.20   WSW
 9  26.1  33.2   14.45  21.1   23.40   0.0   7.7  14.2   3.5  38.6   18.30   ESE
10  25.3  30.4   15.30  20.3    2.50   0.0   7.0   0.3   3.9  17.7   14.00    SW
11  26.6  31.8   16.00  22.3    4.55   0.0   8.3   0.0   2.1  16.1   12.00    SW
12  24.1  30.1   15.00  21.1    6.50   0.0   5.8   6.9   4.0  30.6   16.45   ESE
13  22.9  28.2   13.50  20.3    5.55   0.0   4.6   0.5   3.1  35.4   16.15   SSW
14  22.4  26.8   17.35  19.1    6.50   0.0   4.1   0.8   2.6  17.7   15.55   ESE
15  24.0  29.7   16.00  18.2    6.15   0.0   5.7   0.0   2.6  17.7    1.10   ESE
16  25.1  29.5   15.35  20.9    7.30   0.0   6.8   0.0   2.9  20.9   12.20     E
17  25.3  31.2   15.30  19.3    6.55   0.0   7.0   0.0   1.9  14.5   14.15     N
18  25.8  31.9   16.45  20.8    7.15   0.0   7.5   0.0   2.3  19.3   17.50     N
19  26.3  32.2   16.15  20.6    6.40   0.0   8.0   0.0   2.1  12.9   11.50     N
20  27.2  32.8   16.15  22.8    7.25   0.0   8.9   0.0   2.1  12.9   12.35     N
21  26.3  32.2   17.00  20.7    5.40   0.0   8.0   0.0   1.9  12.9   13.15     N
22  26.9  32.8   16.45  21.4    5.00   0.0   8.6   0.0   1.4  14.5   12.00     N
23  27.1  33.1   17.40  21.8    5.50   0.0   8.8   0.0   1.9  14.5   12.05     N
24  25.8  31.4   15.40  21.2    7.20   0.0   7.5   0.0   4.8  22.5    0.50   WSW
25  20.5  23.3   14.10  17.2   22.25   0.1   2.3  10.7   5.8  22.5    8.30   ENE
26  19.9  24.9   17.00  16.4   00.00   0.4   2.1   0.0   4.7  25.7   18.45    SE
27  19.9  26.0   17.05  13.9    6.45   1.2   2.8   0.0   2.6  14.5   12.05   NNE
28  22.2  28.7   16.35  16.2    6.50   0.4   4.3   0.0   1.9  16.1   16.10    SE
29  23.4  29.8   16.45  17.6    6.40   0.1   5.2   0.0   1.8  12.9   15.35     N
30  24.4  29.9   15.30  19.4    6.55   0.0   6.1   0.0   2.9  16.1   15.15     E
31  20.9  24.8   15.20  16.1   23.55   0.1   2.8  60.2   6.8  30.6   16.50     N
-------------------------------------------------------------------------------------
    25.4  36.3     1    13.9    27     2.3 220.9  94.0   3.2  38.6     9     ESE

Max >=  32.0: 14
Max <=   0.0:  0
Min <=   0.0:  0
Min <= -18.0:  0
Max Rain: 60.20 ON 31/08/18
Days of Rain: 8 (> .2 mm) 4 (> 2 mm) 1 (> 20 mm)
Heat Base:  18.3  Cool Base:  18.3  Method: Integration