NOAA-Style Climate Reports


Report for 2018 Ottobre
                   MONTHLY CLIMATOLOGICAL SUMMARY for OCT. 2018

NAME: Lodi   CITY: Lodi   STATE: Italy 
ELEV:    78 m  LAT:  45° 17' 57" N  LONG:   9° 31' 14" E

                   TEMPERATURE (°C), RAIN  (mm), WIND SPEED (km/hr)

                                      HEAT  COOL        AVG
    MEAN                              DEG   DEG         WIND                 DOM
DAY TEMP  HIGH   TIME   LOW    TIME   DAYS  DAYS  RAIN  SPEED HIGH   TIME    DIR
------------------------------------------------------------------------------------
 1  13.9  17.3    0.05  12.2   23.20   4.4   0.0  19.0   2.9  19.3   13.45   NNW
 2  14.7  19.7   15.15  10.3    7.30   3.8   0.2   0.0   2.1  20.9   14.15   SSE
 3  15.1  21.5   16.40   9.8    7.30   3.8   0.6   0.0   2.1  14.5   16.45   ENE
 4  16.7  22.9   16.15  11.2    7.40   2.8   1.2   0.0   1.9  19.3   12.35    SE
 5  16.8  22.0   14.55  11.3    7.30   2.5   0.9   0.0   2.1  19.3   12.25   NNE
 6  16.3  18.4   11.45  14.9   23.55   2.0   0.0   1.5   2.6  12.9    0.45    SW
 7  16.7  22.4   16.20  11.7    7.35   2.5   0.8   0.3   2.7  16.1    9.40   WSW
 8  18.4  24.0   15.55  13.7    6.05   1.5   1.6   0.0   1.4  16.1   15.40    SE
 9  18.6  24.1   16.30  14.3    7.30   1.4   1.7   0.0   1.6  14.5   15.40     N
10  18.6  23.6   15.40  14.4    7.25   1.2   1.4   0.0   4.5  29.0   12.30   ENE
11  16.4  18.6   11.40  15.2   20.10   1.9   0.0  13.2   5.6  25.7   12.30   ESE
12  17.8  22.7   15.55  14.8    2.00   1.5   1.0   0.0   5.8  20.9    1.40   WSW
13  16.6  22.1   15.40  12.9    8.30   2.3   0.6   0.0   1.6   9.7    6.50     E
14  16.6  22.3   15.10  11.9    7.25   2.6   0.8   0.5   2.7  20.9   13.30     E
15  16.3  21.2   15.35  11.8    6.50   2.6   0.6   0.0   3.1  20.9   12.50   ENE
16  17.2  21.4   15.30  13.9    7.50   1.7   0.6   0.0   1.9  14.5   13.05   SSE
17  17.6  20.8   16.05  15.4    6.25   1.2   0.5   0.0   1.3  12.9   14.30     N
18  18.2  23.3   16.40  15.2    8.20   1.2   1.1   0.0   1.1  12.9   15.05     E
19  17.6  23.1   14.50  13.4    7.15   1.7   1.0   0.0   2.3  12.9    9.35    SW
20  16.9  22.9   15.55  12.8    8.20   1.9   0.7   0.0   1.6  14.5   16.20     N
21  14.9  20.0   15.20  11.2   00.00   3.0   0.2   0.0   6.1  53.1   18.55   ESE
22  12.4  18.8   16.40   7.9    7.30   4.7   0.0   0.0   1.9  16.1   12.05   NNE
23  12.7  19.9   15.50   6.7    7.35   5.7   0.1   0.0   3.7  19.3   23.20   WSW
24  19.2  27.8   16.15  11.3    7.15   2.4   3.3   0.0  13.0  45.1   13.00   WSW
25  16.2  24.1    0.05  12.1    5.50   2.6   0.5   0.0   3.9  20.9   13.50   ESE
26  15.1  17.7   15.40  12.9    1.50   3.2   0.0   0.0   2.3  14.5   13.35     E
27  14.6  15.2    0.05  14.0    8.55   3.7   0.0  21.3   6.8  33.8   00.00     E
28  15.7  17.9   13.50  14.4    0.05   2.6   0.0  12.2   7.1  32.2    1.30     E
29  14.8  16.9   16.15  13.3   16.55   3.5   0.0  40.4  13.5  56.3   16.15   ESE
30  13.4  17.0   15.35  10.6   23.55   4.9   0.0   0.0   8.2  57.9    0.25   ESE
31  12.5  14.4   22.30   9.9    1.25   5.8   0.0   3.3   6.0  33.8   21.15     E
-------------------------------------------------------------------------------------
    16.1  27.8    24     6.7    23    86.6  19.7 111.8   4.0  57.9    30       E

Max >=  32.0:  0
Max <=   0.0:  0
Min <=   0.0:  0
Min <= -18.0:  0
Max Rain: 40.39 ON 29/10/18
Days of Rain: 9 (> .2 mm) 6 (> 2 mm) 2 (> 20 mm)
Heat Base:  18.3  Cool Base:  18.3  Method: Integration