NOAA-Style Climate Reports


Report for 2018 Novembre
                   MONTHLY CLIMATOLOGICAL SUMMARY for NOV. 2018

NAME: Lodi   CITY: Lodi   STATE: Italy 
ELEV:    78 m  LAT:  45° 17' 57" N  LONG:   9° 31' 14" E

                   TEMPERATURE (°C), RAIN  (mm), WIND SPEED (km/hr)

                                      HEAT  COOL        AVG
    MEAN                              DEG   DEG         WIND                 DOM
DAY TEMP  HIGH   TIME   LOW    TIME   DAYS  DAYS  RAIN  SPEED HIGH   TIME    DIR
------------------------------------------------------------------------------------
 1  12.2  14.7    1.20   9.9   10.50   6.1   0.0  37.1   7.2  59.5    6.15   ESE
 2  12.1  13.1   11.35  11.1    6.40   6.2   0.0  17.8   3.7  14.5    1.40   WSW
 3  13.5  15.5   15.55  12.2    3.10   4.8   0.0   3.6   2.7  11.3    4.20     N
 4  14.2  16.9   15.10  11.8    7.45   4.1   0.0   3.6   2.4  20.9   19.20    SW
 5  14.9  17.1   15.00  13.2    2.15   3.4   0.0  37.8   6.1  25.7   11.20     E
 6  15.7  18.0   12.40  15.0    0.05   2.6   0.0   2.0  10.3  37.0   12.10   ESE
 7  14.9  17.1   13.50  13.7   00.00   3.3   0.0   3.8   2.6  16.1    1.45    SW
 8  14.5  16.9   12.40  13.1    7.55   3.8   0.0   3.8   2.1  14.5    7.50   WSW
 9  14.2  16.3   15.00  12.4   00.00   4.1   0.0   4.6   1.3   9.7    8.05   ENE
10  12.1  13.3   13.20  11.2    2.25   6.2   0.0   1.3   5.1  22.5   12.10   ESE
11  13.0  14.5   15.35  11.9    1.30   5.3   0.0   0.5   3.4  16.1    9.10     E
12  13.8  14.7   15.25  12.8    5.05   4.5   0.0   0.0   3.2  12.9   23.00   WSW
13  14.1  17.1   14.15  12.4   23.35   4.3   0.0   0.0   4.5  16.1   14.45   WSW
14  12.9  16.1   14.25  10.3   23.20   5.4   0.0   0.0   1.6  11.3   14.50     E
15  11.7  12.9   16.15   9.9    2.40   6.6   0.0   0.3   0.6   8.0   14.30   ESE
16  10.7  13.7   13.15   7.3   00.00   7.6   0.0   0.0   5.8  37.0   13.05   ESE
17   8.3  12.9   14.20   5.4    7.40  10.0   0.0   0.0   1.9  17.7   13.00     N
18   6.2  10.6   14.25   2.4    7.30  12.1   0.0   0.0   2.1  12.9    0.15   SSW
19   5.0   8.1   14.30   1.9    1.20  13.3   0.0   0.3   6.9  35.4   16.35   ESE
20   4.4   6.6   15.45   2.7    6.00  13.9   0.0   1.5   2.1  12.9    5.20    SE
21   5.1   7.3   14.40   2.1    8.45  13.2   0.0   1.5   5.8  22.5   14.00   WSW
22   8.1  10.8   14.05   6.4    0.05  10.2   0.0   0.0   1.8  12.9   10.30     W
23   8.5   8.9   15.05   8.0    6.40   9.8   0.0  13.0   1.8  24.1   19.15   ENE
24   8.3   9.2   15.50   7.3   23.35  10.0   0.0   4.8   4.7  17.7    3.35   WSW
25   9.0  11.6   15.00   7.4    0.05   9.3   0.0   0.0   4.0  14.5   14.50   WSW
26   9.8  14.3   15.50   7.7    7.30   8.5   0.0   1.5   3.4  20.9    8.20   WSW
27   9.1  13.6   15.10   6.8   22.45   9.2   0.0   0.0   2.9  16.1   12.05    SW
28   7.2  12.7   14.50   3.4    7.45  11.1   0.0   0.0   2.6  12.9   10.20   WSW
29   4.0   7.9   14.15   0.2   23.45  14.3   0.0   0.0   1.9  16.1   11.05   ESE
30   1.9   4.7   15.30  -0.3    6.05  16.3   0.0   0.3   0.8   9.7   13.20     W
-------------------------------------------------------------------------------------
    10.3  18.0     6    -0.3    30   239.5   0.0 138.9   3.5  59.5     1     WSW

Max >=  32.0:  0
Max <=   0.0:  0
Min <=   0.0:  1
Min <= -18.0:  0
Max Rain: 37.85 ON 05/11/18
Days of Rain: 19 (> .2 mm) 11 (> 2 mm) 2 (> 20 mm)
Heat Base:  18.3  Cool Base:  18.3  Method: Integration