NOAA-Style Climate Reports


Report for 2018 Dicembre
                   MONTHLY CLIMATOLOGICAL SUMMARY for DEC. 2018

NAME: Lodi   CITY: Lodi   STATE: Italy 
ELEV:    78 m  LAT:  45° 17' 57" N  LONG:   9° 31' 14" E

                   TEMPERATURE (°C), RAIN  (mm), WIND SPEED (km/hr)

                                      HEAT  COOL        AVG
    MEAN                              DEG   DEG         WIND                 DOM
DAY TEMP  HIGH   TIME   LOW    TIME   DAYS  DAYS  RAIN  SPEED HIGH   TIME    DIR
------------------------------------------------------------------------------------
 1   2.8   8.0   15.30  -1.7    8.05  15.5   0.0   0.3   1.6  11.3   13.35   WSW
 2   3.9   5.9   15.05   1.7    3.45  14.3   0.0   0.0   5.1  16.1   12.40   WSW
 3   6.9  10.2   14.30   5.2   21.55  11.4   0.0   0.0   2.9  16.1   11.45   WSW
 4   6.8  14.3   14.10   3.6    6.55  11.5   0.0   0.3   3.5  17.7   11.10    SW
 5   5.7  11.2   14.05   1.0    8.15  12.6   0.0   0.3   1.4  11.3   17.45   ENE
 6   7.4  10.4   14.50   3.8   00.00  10.9   0.0   0.0   3.1  14.5    8.45    SW
 7   4.3   6.3   19.15   1.9    8.50  13.9   0.0   0.5   1.9  11.3   21.20   WSW
 8   9.6  15.2   13.15   5.6   23.55   8.7   0.0   5.8   8.4  38.6    7.00   WSW
 9   5.9  10.9   14.55   0.8    7.25  12.4   0.0   0.0   6.8  27.4   23.50   WSW
10   9.6  14.3   13.15   5.2   00.00   8.7   0.0   0.3  13.7  57.9   13.15   WSW
11   5.4  11.1   15.10   1.9    7.45  12.9   0.0   0.0   7.6  22.5    0.50    SW
12   3.3   8.3   15.05  -0.2    7.25  15.0   0.0   0.0   2.9  11.3   13.20    SW
13   2.4   6.1   13.05   0.6    5.35  15.9   0.0   0.0   2.3  14.5   12.15   NNW
14   2.1   6.7   14.10  -1.4    8.20  16.2   0.0   0.0   1.8  12.9   14.20   NNW
15   0.6   4.6   14.25  -2.0    8.00  17.8   0.0   0.0   3.1  17.7   10.05   WSW
16   0.9   2.3   14.05  -0.9    0.05  17.4   0.0   0.3   1.1   8.0    9.10   ESE
17   1.9   5.0   14.15   0.2   00.00  16.4   0.0   0.3   5.1  24.1   14.40   WSW
18  -0.7   0.2    0.05  -1.4    9.00  19.0   0.0   0.0   4.0  17.7    3.30   WSW
19   1.1   2.3   20.40  -0.4    0.05  17.2   0.0   7.9   2.4  14.5   22.10   WSW
20   2.1   3.7   15.40   1.1    0.15  16.2   0.0   0.8   5.3  17.7   10.50   WSW
21   2.1   4.0   15.50   0.4    8.00  16.2   0.0   0.0   5.6  20.9   23.30   WSW
22   4.5   6.9   15.15   3.1    0.05  13.8   0.0   0.3   5.6  22.5    7.30   WSW
23   3.8   4.5   13.40   3.1    2.30  14.5   0.0   0.3   1.9   9.7   20.45   NNE
24   4.0  13.5   13.20   0.6    9.05  14.3   0.0   0.3   7.4  32.2   10.20   WSW
25   2.2   7.3   15.30  -1.2    9.15  16.1   0.0   0.3   4.0  20.9   21.50   ESE
26   0.7   1.8    0.45  -0.4   23.50  17.6   0.0   0.0   4.5  16.1    8.40   WSW
27   0.8   2.7   14.30  -0.6    1.10  17.5   0.0   0.0   3.1  16.1   14.35   WSW
28   2.8   7.4   15.25  -1.4    5.40  15.5   0.0   0.3   2.3   9.7    7.45   WSW
29   4.5  10.9   15.40  -0.9    7.50  13.8   0.0   0.0   2.9  14.5   11.50   WSW
30   4.5  10.7   13.35   0.8    4.05  13.8   0.0   0.0   6.4  35.4    9.25   WSW
31   4.2   9.8   15.05  -0.1    8.25  14.1   0.0   0.3   3.1  17.7   14.00   ENE
-------------------------------------------------------------------------------------
     3.7  15.2     8    -2.0    15   451.3   0.0  18.0   4.2  57.9    10     WSW

Max >=  32.0:  0
Max <=   0.0:  0
Min <=   0.0: 13
Min <= -18.0:  0
Max Rain: 7.87 ON 19/12/18
Days of Rain: 16 (> .2 mm) 2 (> 2 mm) 0 (> 20 mm)
Heat Base:  18.3  Cool Base:  18.3  Method: Integration