NOAA-Style Climate Reports


Report for 2019 Gennaio
                   MONTHLY CLIMATOLOGICAL SUMMARY for JAN. 2019

NAME: Lodi   CITY: Lodi   STATE: Italy 
ELEV:    78 m  LAT:  45° 17' 57" N  LONG:   9° 31' 14" E

                   TEMPERATURE (°C), RAIN  (mm), WIND SPEED (km/hr)

                                      HEAT  COOL        AVG
    MEAN                              DEG   DEG         WIND                 DOM
DAY TEMP  HIGH   TIME   LOW    TIME   DAYS  DAYS  RAIN  SPEED HIGH   TIME    DIR
------------------------------------------------------------------------------------
 1   2.9   4.3   14.15   0.7   00.00  15.4   0.0   0.0   5.8  25.7   16.55   WSW
 2   4.2  11.8   12.25  -1.8    9.10  14.1   0.0   0.3  10.5  49.9   12.15   NNW
 3   3.4   7.3    0.40  -1.3    8.05  14.9   0.0   0.0   2.9  25.7    0.55     E
 4   0.6   5.9   13.35  -3.0    6.25  17.8   0.0   0.0   3.1  11.3    9.35   WSW
 5   1.0   6.0   15.15  -2.4    5.45  17.3   0.0   0.0   3.2  16.1    8.40     W
 6   2.9  11.6   15.35  -2.7    7.00  15.3   0.0   0.0   3.9  17.7    6.45   WSW
 7   2.6   7.8   14.25  -1.6    8.00  15.7   0.0   0.0   2.4  14.5   10.55   ENE
 8   1.1   2.5   14.45  -0.7    1.30  17.2   0.0   0.0   3.5  14.5   11.30   WSW
 9   4.4  11.4   13.50  -1.6    7.40  13.9   0.0   0.0  10.8  40.2   12.20    NW
10   4.1  10.1   15.20  -0.1    7.30  14.2   0.0   0.0   6.4  22.5    9.45    SW
11   2.8   8.2   15.40  -1.4    7.00  15.5   0.0   0.0   4.3  19.3    5.25   SSE
12   1.9   7.9   15.40  -1.2    5.35  16.4   0.0   0.0   3.1  16.1    9.10   SSW
13   2.6   9.0   22.10  -1.9    8.50  15.7   0.0   0.0   3.9  30.6   21.45     W
14  10.9  15.8   13.20   6.7    6.40   7.4   0.0   0.0  15.8  46.7   11.45   NNW
15   7.2  12.8   15.40   0.8    8.20  11.1   0.0   0.0   5.1  22.5    5.35    NW
16   5.2  10.1   14.35   0.8    5.55  13.1   0.0   0.0   2.9  14.5    9.40   WSW
17   5.2   6.7    0.05   4.4   13.35  13.1   0.0   3.0   2.4  12.9    5.20    SW
18   4.3   6.8   16.20   1.6    9.25  14.0   0.0   0.0   5.0  27.4   18.35   WSW
19   3.9   5.7   14.05   2.8    8.00  14.4   0.0   0.3   2.4  27.4    2.55    SE
20   2.9   7.4   14.00  -0.7    8.30  15.4   0.0   0.0   2.6  11.3   11.05   SSE
21   2.1   7.1   15.25  -1.0    8.35  16.2   0.0   0.0   2.9  12.9   10.50     S
22  -0.8   4.7   14.00  -3.9    8.20  19.1   0.0   0.3   2.4  12.9   14.25     S
23  -0.3   3.0   16.10  -4.5    2.30  18.7   0.0   0.0   3.5  19.3   11.05   ESE
24   2.5   7.0   15.05  -1.1   00.00  15.8   0.0   0.8   3.2  12.9   13.45   WSW
25   0.4   7.1   15.50  -3.8    8.30  17.8   0.0   0.0   3.5  14.5    1.30   WSW
26   1.3   7.3   14.20  -2.7    8.35  17.0   0.0   0.0   2.7  11.3    1.20     W
27   0.8   2.4   14.25  -1.1    2.05  17.5   0.0   0.0   3.2  20.9   23.55   ENE
28   3.3   9.4   15.35   0.1   10.00  15.0   0.0   0.0   7.4  37.0    6.40   WSW
29   2.2   8.8   15.30  -3.3    7.45  16.1   0.0   0.3   2.4  16.1   23.40     E
30   1.8   3.0   14.45   0.0   23.55  16.5   0.0   2.3   4.8  20.9    5.35   WSW
31  -0.1   1.4   16.55  -2.2    4.15  18.4   0.0   2.0   2.7  11.3    0.05    SW
-------------------------------------------------------------------------------------
     2.8  15.8    14    -4.5    23   479.8   0.0   9.1   4.5  49.9     2     WSW

Max >=  32.0:  0
Max <=   0.0:  0
Min <=   0.0: 23
Min <= -18.0:  0
Max Rain: 3.05 ON 17/01/19
Days of Rain: 8 (> .2 mm) 3 (> 2 mm) 0 (> 20 mm)
Heat Base:  18.3  Cool Base:  18.3  Method: Integration