NOAA-Style Climate Reports


Report for 2019 Marzo
                   MONTHLY CLIMATOLOGICAL SUMMARY for MAR. 2019

NAME: Lodi   CITY: Lodi   STATE: Italy 
ELEV:    78 m  LAT:  45° 17' 57" N  LONG:   9° 31' 14" E

                   TEMPERATURE (°C), RAIN  (mm), WIND SPEED (km/hr)

                                      HEAT  COOL        AVG
    MEAN                              DEG   DEG         WIND                 DOM
DAY TEMP  HIGH   TIME   LOW    TIME   DAYS  DAYS  RAIN  SPEED HIGH   TIME    DIR
------------------------------------------------------------------------------------
 1  10.2  18.6   15.45   2.8    7.15   8.1   0.0   0.0   2.9  17.7   11.20     E
 2  10.7  16.8   16.05   3.8    7.20   7.6   0.0   0.0   3.1  14.5    4.25   SSE
 3  11.2  18.8   15.05   2.8    7.00   7.1   0.0   0.0   2.6  14.5   11.35   ESE
 4   8.7  10.7   12.55   5.5    7.25   9.6   0.0   0.0   4.0  19.3   00.00     W
 5  10.3  18.2   16.15   1.9    8.20   8.0   0.0   0.0   4.5  17.7    0.10   WSW
 6  10.2  15.0   14.55   3.4    7.30   8.1   0.0   0.0   4.0  19.3   10.55   ESE
 7  13.1  17.8   13.50   9.7    7.25   5.2   0.0   0.0   9.2  43.5    6.15   ESE
 8  12.5  18.9   15.50   6.3    7.10   5.8   0.0   0.0   4.2  20.9   13.10   WSW
 9  12.3  18.9   16.20   6.3    7.15   6.0   0.0   0.0   5.8  27.4   14.55     W
10  12.6  18.1   16.20   6.8    6.50   5.7   0.0   0.0   3.9  19.3   15.00    NW
11  11.4  17.6   11.40   7.8   00.00   6.8   0.0   0.0  16.3  69.2   16.55    NW
12  10.1  15.9   15.10   3.9    7.40   8.2   0.0   0.0   8.0  33.8    3.00    NW
13   8.3  15.8   15.55   3.7    5.20  10.0   0.0   0.0   4.2  33.8   13.35     W
14   9.5  16.6   16.45   1.8    7.00   8.8   0.0   0.0   6.1  25.7   12.20     W
15  13.9  22.8   16.10   5.4    5.50   5.1   0.7   0.0  11.4  33.8   16.20   WSW
16  16.0  23.3   15.40   7.6    7.25   3.4   1.0   0.0   7.9  30.6   12.40     W
17  12.3  14.9   14.50   8.8    7.00   6.0   0.0   0.0   2.7  14.5   13.50     N
18  11.2  16.6   14.25   7.2    7.40   7.1   0.0   7.1   6.6  32.2    2.20    SE
19   8.8  13.6   15.35   4.6    6.10   9.5   0.0   0.3   4.0  22.5   15.45    NE
20   8.9  13.8   14.50   3.3    6.45   9.3   0.0   0.0   5.0  27.4   10.25    SE
21   9.4  15.4   15.50   3.2    6.45   8.7   0.0   0.0   3.5  16.1   12.10    SE
22  11.7  19.3   14.50   4.6    6.05   6.1   0.1   0.0   3.2  14.5   15.20    SE
23  13.3  21.8   16.30   6.6    7.25   4.6   0.5   0.0   3.7  22.5   14.00   WSW
24  15.4  23.9   15.50   7.6    6.45   3.1   0.9   0.0   5.1  17.7   10.00   WSW
25  16.1  23.3   15.15   9.1    7.25   2.5   0.9   0.0  10.5  45.1   19.10   NNW
26  10.8  15.6   15.15   6.5    6.40   5.8   0.0   0.0   7.9  54.7    2.55    SE
27  10.3  15.5   15.30   4.4    5.35   7.4   0.0   0.0   5.1  27.4   11.05    SE
28  10.7  15.8   16.25   4.6    6.25   7.3   0.0   0.0   4.3  25.7   10.20   ENE
29  11.8  17.8   16.10   5.3    6.05   6.3   0.0   0.0   3.7  16.1   14.35    SE
30  13.3  20.4   16.15   6.3    5.55   5.2   0.3   0.0   3.5  16.1   12.00   WSW
31  14.2  21.9   16.15   7.1    7.40   4.6   0.7   0.0   3.4  17.7   13.35   WSW
-------------------------------------------------------------------------------------
    11.6  23.9    24     1.8    14   207.0   5.2   7.4   5.5  69.2    11     WSW

Max >=  32.0:  0
Max <=   0.0:  0
Min <=   0.0:  0
Min <= -18.0:  0
Max Rain: 7.11 ON 18/03/19
Days of Rain: 2 (> .2 mm) 1 (> 2 mm) 0 (> 20 mm)
Heat Base:  18.3  Cool Base:  18.3  Method: Integration