NOAA-Style Climate Reports


Report for 2019 Maggio
                   MONTHLY CLIMATOLOGICAL SUMMARY for MAY. 2019

NAME: Lodi   CITY: Lodi   STATE: Italy 
ELEV:    78 m  LAT:  45° 17' 57" N  LONG:   9° 31' 14" E

                   TEMPERATURE (°C), RAIN  (mm), WIND SPEED (km/hr)

                                      HEAT  COOL        AVG
    MEAN                              DEG   DEG         WIND                 DOM
DAY TEMP  HIGH   TIME   LOW    TIME   DAYS  DAYS  RAIN  SPEED HIGH   TIME    DIR
------------------------------------------------------------------------------------
 1  17.4  23.7   17.30  11.2    6.45   2.3   1.5   0.0   4.2  19.3   17.10    SW
 2  16.4  21.9   14.25  11.7    6.20   2.6   0.7   0.8   5.6  30.6   18.05     W
 3  14.3  18.1   12.00  12.4    7.25   3.9   0.0   9.9   3.2  27.4   13.15   SSE
 4  14.6  20.0   18.45  10.7   00.00   3.9   0.2   4.8   3.5  33.8   23.05   NNW
 5   8.9  10.7   16.45   6.9    6.40   9.4   0.0  21.1   7.6  29.0   17.30   NNW
 6  12.1  18.2   18.30   5.2    6.25   6.2   0.0   0.0   3.4  22.5   14.55    SE
 7  13.9  19.2   16.55   8.6    6.55   4.4   0.0   0.0   4.3  16.1    8.30     E
 8  11.6  13.7    0.05  10.6    6.45   6.8   0.0   9.4   4.0  20.9   17.55     E
 9  14.2  19.6   17.50   9.5    4.20   4.4   0.2  10.2   4.2  19.3   12.35   WSW
10  16.9  22.6   18.10  11.3    5.45   2.6   1.2   0.0   3.4  22.5   11.15    SE
11  15.8  21.2   16.45  11.1   18.40   3.0   0.4   7.6   4.5  75.6   18.20   NNW
12  13.3  16.3   15.25  10.8    6.20   5.0   0.0   0.3   5.5  22.5    6.30    SE
13  15.3  18.7   14.10  12.2    6.25   3.0   0.0   0.0   3.5  16.1    0.15   SSE
14  14.4  18.3   12.10  10.3   00.00   3.9   0.0   0.0   8.4  40.2   19.25   ESE
15  10.3  13.8   17.35   6.3    6.10   8.0   0.0   0.0   5.3  33.8   13.25    SE
16  14.3  20.0   17.35   7.3    5.55   4.3   0.3   0.0   4.0  25.7   18.00    SE
17  15.1  19.7   15.50  11.6    5.55   3.3   0.2   1.8   7.6  33.8   11.45   ESE
18  13.4  15.8   15.40  11.4    5.20   4.9   0.0  10.4   2.9  20.9    3.00     N
19  13.3  15.0   14.25  11.7    6.55   5.0   0.0  16.8   2.6  16.1   12.40     E
20  14.5  16.9   17.05  12.5    4.10   3.8   0.0   3.8   2.7  12.9    8.20   WSW
21  18.2  25.0   17.10  12.1    6.30   2.0   1.9   1.5   7.4  33.8   10.35     W
22  19.2  25.4   16.50  12.6    6.10   1.5   2.4   0.0   5.0  20.9   10.25   WSW
23  20.5  26.2   17.30  14.5    6.10   0.7   3.0   0.0   3.5  16.1   11.45     W
24  20.7  26.2   16.50  15.6    6.25   0.5   2.8   0.0   4.7  27.4   20.15    NW
25  18.6  25.0   16.40  15.1   19.45   1.3   1.6  18.0   4.3  41.8   17.20     E
26  18.2  23.1   16.35  14.5    5.55   1.4   1.2   2.5   2.9  16.1   19.00     E
27  15.9  18.2    0.05  14.8   13.20   2.4   0.0   6.9   3.5  22.5   13.20   ESE
28  16.6  23.3   14.15  13.9   22.25   2.5   0.8  23.1   3.7  38.6   17.25    NW
29  15.7  19.2   17.00  12.6    6.45   2.6   0.1   6.1   4.5  19.3   17.00    SE
30  18.2  23.4   16.15  12.8    6.15   1.7   1.7   0.0   4.7  24.1   16.30    SE
31  19.7  25.2   16.15  13.2    6.10   1.4   2.8   0.0   4.0  16.1   12.10   SSW
-------------------------------------------------------------------------------------
    15.5  26.2    23     5.2     6   108.8  22.9 154.9   4.5  75.6    11      SE

Max >=  32.0:  0
Max <=   0.0:  0
Min <=   0.0:  0
Min <= -18.0:  0
Max Rain: 23.11 ON 28/05/19
Days of Rain: 18 (> .2 mm) 14 (> 2 mm) 2 (> 20 mm)
Heat Base:  18.3  Cool Base:  18.3  Method: Integration