NOAA-Style Climate Reports


Report for 2019 Giugno
                   MONTHLY CLIMATOLOGICAL SUMMARY for JUN. 2019

NAME: Lodi   CITY: Lodi   STATE: Italy 
ELEV:    78 m  LAT:  45° 17' 57" N  LONG:   9° 31' 14" E

                   TEMPERATURE (°C), RAIN  (mm), WIND SPEED (km/hr)

                                      HEAT  COOL        AVG
    MEAN                              DEG   DEG         WIND                 DOM
DAY TEMP  HIGH   TIME   LOW    TIME   DAYS  DAYS  RAIN  SPEED HIGH   TIME    DIR
------------------------------------------------------------------------------------
 1  21.9  28.3   15.50  14.1    6.05   0.8   4.4   0.0   3.1  17.7   13.25     E
 2  24.1  30.3   16.30  16.9    6.10   0.1   5.9   0.0   3.1  14.5   15.00    SE
 3  25.1  31.2   17.15  18.8    5.35   0.0   6.8   0.0   4.2  16.1   10.20   NNW
 4  25.2  31.2   17.05  18.7    6.05   0.0   6.9   0.0   4.0  16.1    9.25   WSW
 5  24.9  30.0   16.00  19.6    6.15   0.0   6.7   0.0   4.7  17.7    3.40    NW
 6  22.2  27.5   17.10  17.2    5.40   0.1   4.0   0.0   5.6  22.5   16.15    SE
 7  22.4  27.2   17.15  16.3    6.10   0.2   4.3   0.0   4.2  16.1    1.25     E
 8  24.5  29.5   18.10  18.8    5.50   0.0   6.2   0.0   3.7  17.7    0.10   SSE
 9  23.1  26.3   19.10  18.9    6.00   0.0   4.8   0.5   3.9  19.3   10.45   WNW
10  23.7  28.8   18.35  19.5    6.25   0.0   5.4   0.3   5.5  29.0   12.30   WSW
11  24.4  28.7   15.10  19.2    6.00   0.0   6.1   0.0   4.5  24.1    0.20     W
12  24.7  30.1   17.45  20.5   00.00   0.0   6.4   0.0   4.8  22.5   18.15     N
13  22.6  29.1   17.05  15.5    6.00   0.4   4.7   0.0   3.7  16.1    9.00     W
14  24.5  30.4   16.20  16.9    6.50   0.1   6.3   0.0   5.8  24.1   14.55    SE
15  24.6  29.9   17.55  19.6    5.55   0.0   6.3   0.0   6.6  24.1   13.00   WSW
16  25.2  31.4   18.40  18.7    5.55   0.0   6.8   0.0   8.2  27.4   10.50     W
17  26.1  31.7   16.45  18.5    5.45   0.0   7.8   0.0   5.5  29.0   10.55    SE
18  26.8  32.5   17.40  20.4    5.30   0.0   8.5   0.0   3.2  22.5   13.50     E
19  27.1  32.3   16.15  21.6    6.25   0.0   8.8   0.0   6.4  25.7   17.20   WSW
20  25.8  31.7   16.10  20.1    6.05   0.0   7.5   0.0   5.0  24.1   17.55     W
21  25.3  31.1   16.25  19.1    6.30   0.0   7.0   0.0   4.5  20.9   23.55    SW
22  21.2  23.8   19.55  18.5   12.00   0.0   2.8   5.3   6.6  38.6   11.15   WSW
23  24.2  31.2   18.55  17.1    6.25   0.1   6.0   0.0   3.5  16.1   14.50   WSW
24  26.8  32.9   18.35  19.7    6.05   0.0   8.5   0.0   2.7  14.5   15.50     E
25  28.4  33.9   17.30  21.6    6.15   0.0  10.1   0.0   2.9  14.5   16.25   ESE
26  29.8  35.4   16.55  23.3    5.35   0.0  11.5   0.0   1.9  14.5   16.10   ENE
27  31.3  37.1   17.20  24.7    6.30   0.0  13.0   0.0   6.3  22.5   12.35   WSW
28  31.0  35.6   18.15  25.8    6.15   0.0  12.7   0.0   6.8  24.1   10.15     E
29  28.8  33.2   17.20  24.5    6.10   0.0  10.6   0.0   6.9  27.4    9.50     E
30  28.8  34.4   16.40  22.2    6.15   0.0  10.5   0.0   2.9  12.9    0.35     E
-------------------------------------------------------------------------------------
    25.5  37.1    27    14.1     1     1.8 217.3   6.1   4.7  38.6    22     WSW

Max >=  32.0:  9
Max <=   0.0:  0
Min <=   0.0:  0
Min <= -18.0:  0
Max Rain: 5.33 ON 22/06/19
Days of Rain: 3 (> .2 mm) 1 (> 2 mm) 0 (> 20 mm)
Heat Base:  18.3  Cool Base:  18.3  Method: Integration