NOAA-Style Climate Reports


Report for 2019 Luglio
                   MONTHLY CLIMATOLOGICAL SUMMARY for JUL. 2019

NAME: Lodi   CITY: Lodi   STATE: Italy 
ELEV:    78 m  LAT:  45° 17' 57" N  LONG:   9° 31' 14" E

                   TEMPERATURE (°C), RAIN  (mm), WIND SPEED (km/hr)

                                      HEAT  COOL        AVG
    MEAN                              DEG   DEG         WIND                 DOM
DAY TEMP  HIGH   TIME   LOW    TIME   DAYS  DAYS  RAIN  SPEED HIGH   TIME    DIR
------------------------------------------------------------------------------------
 1  27.5  34.8   16.15  22.6    6.10   0.0   9.2   0.0   3.9  45.1   16.35     E
 2  28.2  34.2   17.30  21.9    7.25   0.0   9.9   0.0   6.3  24.1   12.40   WSW
 3  26.5  33.7   16.45  19.7   00.00   0.0   8.2  24.6   6.1  54.7   20.10    SE
 4  24.9  30.8   17.45  18.9    4.00   0.0   6.6   0.0   3.5  16.1   15.55     N
 5  27.9  33.7   17.45  21.7    6.35   0.0   9.6   0.0   4.2  22.5   14.35     W
 6  28.1  33.9   16.45  22.7    6.15   0.0   9.8   0.3   4.7  25.7   22.30     W
 7  27.9  33.3   15.55  23.1    6.15   0.0   9.6   0.0   6.8  35.4   16.50     W
 8  27.1  33.4   16.05  20.1    6.00   0.0   8.8   0.0   4.3  19.3   16.15   ESE
 9  24.4  28.1   13.50  20.8   00.00   0.0   6.1   0.0   7.7  38.6   15.45   ESE
10  24.2  28.3   17.55  20.3    1.10   0.0   5.9   0.0   7.1  30.6   10.15   ESE
11  23.4  27.1   16.20  18.7    6.05   0.0   5.2   0.0   4.0  20.9    8.25   ESE
12  25.2  31.3   18.40  20.0    6.10   0.0   6.9   0.0   4.5  24.1   22.30     E
13  24.7  30.5   17.55  19.9    6.10   0.0   6.4   0.0   5.0  45.1   22.55    SE
14  23.3  29.2   15.00  17.4    6.05   0.1   5.1   0.0   5.6  27.4   15.15    SE
15  19.5  22.7    0.05  16.3    6.25   0.3   1.6  32.3   5.3  37.0   10.40     N
16  23.0  28.8   17.40  16.6    6.40   0.2   4.9   0.0   3.7  16.1    7.25   WSW
17  24.9  30.7   16.10  18.5    6.25   0.0   6.6   0.0   3.7  19.3   20.50     N
18  23.9  29.2   16.55  19.1    6.05   0.0   5.7   0.0   4.3  22.5    9.50   ESE
19  24.9  30.9   17.05  18.7    6.40   0.0   6.7   0.0   2.7  16.1   15.00     N
20  26.6  32.3   15.50  20.7    6.00   0.0   8.3   0.0   3.5  19.3   21.45     W
21  27.3  32.3   17.25  21.4    6.25   0.0   9.1   0.0   4.8  20.9   13.40     W
22  28.1  33.3   16.40  23.5    3.00   0.0   9.8   0.0   2.4  14.5   11.20    NW
23  29.1  34.2   17.05  23.5    6.20   0.0  10.8   0.0   2.4  12.9   10.55    SE
24  30.0  35.7   17.10  24.3    6.15   0.0  11.7   0.0   2.3  16.1   15.55    SE
25  29.8  34.8   14.25  24.2    6.10   0.0  11.5   0.0   2.7  12.9   10.25    SE
26  30.1  35.6   16.45  24.6    6.45   0.0  11.8   0.0   4.8  20.9   18.25     W
27  24.2  30.2   15.30  18.8   23.55   0.0   5.9   4.3   4.2  29.0   17.05    SE
28  23.1  27.8   14.30  18.7    5.40   0.0   4.8   0.5   5.5  24.1   12.55     W
29  26.6  32.8   18.00  20.8    6.35   0.0   8.3   0.0   6.8  20.9    2.15     W
30  26.9  33.4   17.30  20.6    6.45   0.0   8.6   0.0   6.0  22.5   23.35     W
31  26.2  31.1   16.30  22.6    5.45   0.0   7.9   0.0   4.5  16.1    0.10    NW
-------------------------------------------------------------------------------------
    26.0  35.7    24    16.3    15     0.7 240.8  62.0   4.6  54.7     3      SE

Max >=  32.0: 16
Max <=   0.0:  0
Min <=   0.0:  0
Min <= -18.0:  0
Max Rain: 32.26 ON 15/07/19
Days of Rain: 5 (> .2 mm) 3 (> 2 mm) 2 (> 20 mm)
Heat Base:  18.3  Cool Base:  18.3  Method: Integration