NOAA-Style Climate Reports

Select a Year or Month report
2024: Gen Feb Mar Apr Mag Giu Lug Ago Set Ott Nov Dic
2023: Gen Feb Mar Apr Mag Giu Lug Ago Set Ott Nov Dic
2022: Gen Feb Mar Apr Mag Giu Lug Ago Set Ott Nov Dic
2021: Gen Feb Mar Apr Mag Giu Lug Ago Set Ott Nov Dic
2020: Gen Feb Mar Apr Mag Giu Lug Ago Set Ott Nov Dic
2019: Gen Feb Mar Apr Mag Giu Lug Ago Set Ott Nov Dic
2018: Gen Feb Mar Apr Mag Giu Lug Ago Set Ott Nov Dic
2017: Gen Feb Mar Apr Mag Giu Lug Ago Set Ott Nov Dic
2016: Gen Feb Mar Apr Mag Giu Lug Ago Set Ott Nov Dic

Report for 2019 Agosto

Daily noaa report



                            MONTHLY CLIMATOLOGICAL SUMMARY for AUG. 2019

NAME: Lodi San Bernardo   CITY: Lodi STATE: Italy
ELEV: 78 LAT: 045:17:57 LONG: -009:31:14

                            TEMPERATURE ( °C), RAIN (mm), WIND SPEED (kmh)

                                               HEAT     COOL           AVG
      MEAN                                     DEG      DEG            WIND                       DOM
DAY   TEMP    HIGH   TIME     LOW    TIME      DAYS     DAYS    RAIN   SPEED    HIGH    TIME      DIR
--------------------------------------------------------------------------------------------------------
01    26.9    31.9   17:37    22.6   05:20     00.0     08.6    00.0   03.2     18.5    00:27     NNW
02    24.3    29.7   14:03    19.4   23:59     00.0     06.0    00.0   05.3     51.8    14:23     NNW
03    23.9    30.9   18:56    15.8   06:40     00.0     05.6    00.0   03.2     18.5    15:35     WSW
04    25.0    30.8   16:36    19.3   07:08     00.0     06.7    00.0   04.3     20.4    11:02     ESE
05    26.3    31.9   16:04    20.3   07:00     00.0     08.0    00.0   03.6     14.8    14:18      E 
06    26.9    31.7   16:34    22.2   07:10     00.0     08.6    00.0   03.7     18.5    23:57     NNE
07    24.1    29.3   15:58    20.8   00:00     00.0     05.8    00.0   06.9     33.3    18:06      E 
08    25.3    30.8   18:12    19.9   06:55     00.0     07.0    00.0   03.2     20.4    18:04     ENE
09    27.3    32.4   17:45    21.9   07:12     00.0     09.0    00.0   03.4     16.6    14:50      E 
10    28.9    33.4   16:43    23.9   07:10     00.0     10.6    00.0   03.3     18.5    23:10     WNW
11    28.2    32.9   16:49    23.2   07:18     00.0     09.9    00.0   05.6     24.1    14:03      E 
12    24.7    29.9   14:29    20.4   18:22     00.0     06.4    13.0   05.5     77.7    18:04      E 
13    23.9    28.8   16:12    19.3   07:29     00.0     05.6    00.0   06.1     20.4    10:45     WSW
14    23.2    28.4   17:51    17.6   06:24     00.0     04.9    00.0   05.0     29.6    09:57      SE
15    23.4    28.9   17:38    17.7   06:54     00.0     05.1    00.5   04.0     18.5    10:48     ENE
16    23.4    28.4   18:20    17.8   07:27     00.0     05.1    00.0   04.6     29.6    05:00      E 
17    23.9    29.7   17:37    18.2   07:03     00.0     05.6    00.0   02.9     27.8    16:35     NNE
18    25.6    30.9   15:34    19.6   06:55     00.0     07.3    00.0   02.7     12.9    23:30      NW
19    26.4    30.4   16:02    21.2   06:57     00.0     08.1    00.0   04.3     20.4    13:31     NNW
20    26.5    30.9   17:15    22.2   07:25     00.0     08.2    00.0   03.7     20.4    11:56     ENE
21    25.8    31.8   17:20    20.5   07:18     00.0     07.5    00.0   05.1     37.0    23:16      SW
22    25.3    29.8   16:04    21.6   08:18     00.0     07.0    00.0   04.5     29.6    00:09     ENE
23    23.6    26.4   18:28    20.5   08:09     00.0     05.3    01.3   02.4     25.9    11:32     ESE
24    25.2    30.8   16:37    20.5   07:04     00.0     06.9    00.0   03.1     25.9    23:48     ENE
25    25.6    31.2   16:12    20.2   07:22     00.0     07.3    00.0   03.1     16.6    15:48      E 
26    26.1    31.6   17:23    21.4   07:29     00.0     07.8    00.0   03.5     16.6    17:08      NE
27    26.0    31.7   15:16    20.7   07:45     00.0     07.7    00.0   02.4     18.5    15:36      NE
28    22.8    25.7   11:25    20.6   00:00     00.0     04.5    00.0   06.6     35.1    14:19      W 
29    24.5    31.2   17:43    18.6   07:35     00.0     06.2    00.0   05.6     18.5    15:21      W 
30    26.3    32.4   17:20    20.4   07:55     00.0     08.0    00.0   02.4     14.8    16:39      SE
31    26.0    31.8   16:04    22.2   07:30     00.0     07.7    00.0   04.6     29.6    16:38     NNE
--------------------------------------------------------------------------------------------------------
25.3 (25.4)   33.4  day 10     15.8  day 03   000.0    218.1   014.7   04.1     77.7   day 12     ENE
Max >  30: 20
Min <   30: 31
Max Rain: 13.0 ON 12-08-19
Days of Rain: 3 (> .2mm) 1 (> 2mm) 0 (> 20mm)