NOAA-Style Climate Reports

Select a Year or Month report
2024: Gen Feb Mar Apr Mag Giu Lug Ago Set Ott Nov Dic
2023: Gen Feb Mar Apr Mag Giu Lug Ago Set Ott Nov Dic
2022: Gen Feb Mar Apr Mag Giu Lug Ago Set Ott Nov Dic
2021: Gen Feb Mar Apr Mag Giu Lug Ago Set Ott Nov Dic
2020: Gen Feb Mar Apr Mag Giu Lug Ago Set Ott Nov Dic
2019: Gen Feb Mar Apr Mag Giu Lug Ago Set Ott Nov Dic
2018: Gen Feb Mar Apr Mag Giu Lug Ago Set Ott Nov Dic
2017: Gen Feb Mar Apr Mag Giu Lug Ago Set Ott Nov Dic
2016: Gen Feb Mar Apr Mag Giu Lug Ago Set Ott Nov Dic

Report for 2019 Dicembre

Daily noaa report



                            MONTHLY CLIMATOLOGICAL SUMMARY for DEC. 2019

NAME: Lodi San Bernardo   CITY: Lodi STATE: Italy
ELEV: 78 LAT: 045:17:57 LONG: -009:31:14

                            TEMPERATURE ( °C), RAIN (mm), WIND SPEED (kmh)

                                               HEAT     COOL           AVG
      MEAN                                     DEG      DEG            WIND                       DOM
DAY   TEMP    HIGH   TIME     LOW    TIME      DAYS     DAYS    RAIN   SPEED    HIGH    TIME      DIR
--------------------------------------------------------------------------------------------------------
01    06.9    07.6   09:37    06.5   21:56     11.4     00.0    12.4   00.8     12.9    16:13      NE
02    06.9    09.2   16:26    05.6   09:09     11.4     00.0    05.1   05.5     20.4    10:55     WSW
03    08.1    10.7   15:05    04.6   00:00     10.2     00.0    00.0   04.3     24.1    11:43     ESE
04    05.0    07.9   14:47    02.6   00:00     13.3     00.0    00.0   02.3     18.5    11:44      E 
05    03.6    07.6   15:31    00.2   09:10     14.7     00.0    00.0   00.4     09.3    23:53     SSW
06    03.5    05.9   18:19    00.7   08:33     14.8     00.0    00.0   01.3     14.8    12:23     WSW
07    05.6    09.1   14:38    02.9   08:48     12.7     00.0    00.0   00.5     12.9    10:21     WSW
08    06.4    08.8   12:40    04.0   02:38     11.9     00.0    01.3   01.0     14.8    13:53      W 
09    06.7    09.9   15:27    02.8   22:56     11.6     00.0    00.0   00.4     18.5    23:29     WSW
10    06.0    14.6   14:27   -00.2   07:53     12.3     00.0    00.5   01.4     14.8    05:23      E 
11    04.0    06.9   15:04    00.7   08:17     14.3     00.0    00.0   01.1     16.6    23:38      SE
12    01.9    03.6   16:20    00.5   07:08     16.4     00.0    06.6   00.1     11.1    00:05     SSW
13    01.2    03.2   00:00    00.4   10:28     17.1     00.0    08.1   06.3     44.4    22:22      W 
14    04.8    09.7   15:37    00.8   08:17     13.5     00.0    00.0   01.9     31.4    00:31      W 
15    04.0    05.8   12:22    01.9   08:34     14.3     00.0    00.0   01.2     18.5    15:25     WSW
16    06.6    07.4   15:27    05.7   00:33     11.7     00.0    00.0   00.6     12.9    13:22      W 
17    07.4    08.4   14:34    06.5   01:37     10.9     00.0    02.0   00.3     09.3    23:51     WSW
18    08.6    09.8   21:16    07.4   00:39     09.7     00.0    01.0   00.1     12.9    00:09      W 
19    09.8    10.9   17:22    09.1   06:47     08.5     00.0    03.6   00.3     09.3    21:33     WSW
20    09.5    10.8   21:42    08.3   05:56     08.8     00.0    07.4   10.2     48.1    15:15     ESE
21    09.1    10.7   16:21    05.7   00:00     09.2     00.0    20.1   06.0     29.6    13:42     WSW
22    08.8    12.1   15:24    05.5   00:30     09.5     00.0    24.6   09.3     27.8    19:34      W 
23    10.1    14.4   15:27    06.7   05:59     08.2     00.0    00.0   13.3     33.3    13:08      W 
24    08.2    12.2   16:10    04.6   06:27     10.1     00.0    00.0   07.7     24.1    02:59      W 
25    07.8    14.9   15:18    01.9   08:40     10.5     00.0    00.0   02.6     18.5    11:43      W 
26    05.2    09.7   14:54    01.7   08:29     13.1     00.0    00.0   02.9     12.9    18:53     WSW
27    03.7    08.4   14:49    01.1   00:00     14.6     00.0    00.0   02.2     12.9    16:33     WSW
28    03.2    07.7   16:04    00.6   05:46     15.1     00.0    00.0   02.9     16.6    11:50     WSW
29    02.3    04.9   15:52    00.1   02:22     16.0     00.0    00.0   01.8     16.6    22:59      SE
30    03.3    05.9   13:46    01.7   00:00     15.0     00.0    00.3   05.1     18.5    00:39      SW
31    02.8    06.3   14:33   -00.2   07:47     15.5     00.0    00.0   04.7     18.5    15:35     WSW
--------------------------------------------------------------------------------------------------------
05.8 (6.1)   14.9  day 25    -00.2  day 31   386.2    000.0   092.9   03.2     48.1   day 20     WSW
Min <   30: 31
Max Rain: 24.6 ON 22-12-20
Days of Rain: 13 (> .2mm) 8 (> 2mm) 2 (> 20mm)