NOAA-Style Climate Reports

Select a Year or Month report
2024: Gen Feb Mar Apr Mag Giu Lug Ago Set Ott Nov Dic
2023: Gen Feb Mar Apr Mag Giu Lug Ago Set Ott Nov Dic
2022: Gen Feb Mar Apr Mag Giu Lug Ago Set Ott Nov Dic
2021: Gen Feb Mar Apr Mag Giu Lug Ago Set Ott Nov Dic
2020: Gen Feb Mar Apr Mag Giu Lug Ago Set Ott Nov Dic
2019: Gen Feb Mar Apr Mag Giu Lug Ago Set Ott Nov Dic
2018: Gen Feb Mar Apr Mag Giu Lug Ago Set Ott Nov Dic
2017: Gen Feb Mar Apr Mag Giu Lug Ago Set Ott Nov Dic
2016: Gen Feb Mar Apr Mag Giu Lug Ago Set Ott Nov Dic

Report for 2020 Marzo

Daily noaa report



                            MONTHLY CLIMATOLOGICAL SUMMARY for MAR. 2020

NAME: Lodi San Bernardo   CITY: Lodi STATE: Italy
ELEV: 78 LAT: 045:17:57 LONG: -009:31:14

                            TEMPERATURE ( °C), RAIN (mm), WIND SPEED (kmh)

                                               HEAT     COOL           AVG
      MEAN                                     DEG      DEG            WIND                       DOM
DAY   TEMP    HIGH   TIME     LOW    TIME      DAYS     DAYS    RAIN   SPEED    HIGH    TIME      DIR
--------------------------------------------------------------------------------------------------------
01    06.4    07.3   15:42    05.7   00:00     11.9     00.0    02.8   03.0     12.9    03:09     WNW
02    05.2    08.3   17:36    01.6   06:11     13.1     00.0    25.4   08.6     44.4    17:00     ESE
03    07.7    12.5   16:25    05.0   01:40     10.6     00.0    05.6   05.5     25.9    04:45     WSW
04    08.0    13.3   15:13    02.9   07:30     10.3     00.0    00.3   04.0     18.5    16:26     SSW
05    06.3    08.9   13:57    03.8   00:00     12.0     00.0    16.8   04.8     24.1    23:16     ENE
06    06.3    10.4   17:49    03.3   07:39     12.0     00.0    03.0   05.0     22.2    11:12      W 
07    09.1    15.8   15:58    03.4   08:22     09.2     00.0    00.0   04.6     22.2    20:56     SSW
08    09.2    14.3   15:37    03.3   07:18     09.1     00.0    00.0   01.9     12.9    14:38     WSW
09    07.1    09.8   14:02    04.8   05:30     11.2     00.0    00.5   03.3     18.5    17:16      S 
10    10.0    15.9   16:17    05.2   04:39     08.3     00.0    00.0   07.0     20.4    07:28      W 
11    12.6    19.2   15:41    05.6   07:12     05.7     00.0    00.0   03.0     16.6    15:38      SW
12    12.2    15.8   15:05    08.2   08:02     06.1     00.0    00.0   01.4     16.6    13:16     NNW
13    15.0    18.8   16:25    12.0   07:13     03.3     00.0    00.0   04.1     22.2    13:02     WSW
14    10.5    13.6   00:12    06.7   00:00     07.8     00.0    01.0   05.7     25.9    10:45     ESE
15    09.3    14.1   14:54    04.7   06:59     09.0     00.0    00.3   03.9     24.1    12:28      E 
16    09.7    15.4   15:55    04.0   06:45     08.6     00.0    00.0   01.8     14.8    11:45     ESE
17    10.9    17.1   16:22    04.7   07:14     07.4     00.0    00.0   01.0     12.9    16:01      SE
18    12.4    19.1   16:17    05.7   07:00     05.9     00.0    00.0   01.1     16.6    13:14      SE
19    14.1    20.9   15:34    07.6   07:10     04.2     00.0    00.0   02.3     11.1    17:19      SW
20    13.0    17.8   13:48    07.9   06:59     05.3     00.0    00.0   02.4     22.2    13:46     SSW
21    13.5    19.6   16:08    08.1   07:20     04.8     00.0    00.0   03.7     18.5    22:13     SSE
22    11.6    15.1   15:49    09.6   00:00     06.7     00.0    00.0   10.6     42.5    07:33     ESE
23    06.2    09.6   00:10    03.0   00:00     12.1     00.0    00.0   12.2     50.0    08:53      E 
24    06.2    11.7   16:07    00.0   06:42     12.1     00.0    00.0   03.8     24.1    22:39     SSE
25    05.6    09.3   14:06    02.0   04:40     12.7     00.0    00.0   07.2     35.1    21:45      E 
26    04.4    07.4   13:49    01.5   06:08     13.9     00.0    00.0   03.3     18.5    15:01     SSE
27    09.3    12.7   12:56    05.3   00:56     09.0     00.0    00.0   04.0     20.4    14:34      SW
28    13.1    18.4   17:10    08.0   07:07     05.2     00.0    00.0   04.1     16.6    13:15     WSW
29    13.8    19.1   17:09    08.8   05:41     04.5     00.0    00.0   02.8     16.6    13:34      E 
30    12.2    15.7   14:48    06.9   00:00     06.1     00.0    00.3   10.2     51.8    23:55     ESE
31    06.2    09.1   18:11    03.9   03:56     12.1     00.0    01.0   10.3     51.8    00:01      E 
--------------------------------------------------------------------------------------------------------
09.6 (9.7)   20.9  day 19     00.0  day 24   270.5    000.0   056.9   04.7     51.8   day 30      SE
Min <   30: 31
Max Rain: 25.4 ON 2-03-20
Days of Rain: 11 (> .2mm) 5 (> 2mm) 1 (> 20mm)