NOAA-Style Climate Reports


Report for 2020 Maggio
                   MONTHLY CLIMATOLOGICAL SUMMARY for MAY. 2020

NAME: Lodi   CITY: Lodi   STATE: Italy 
ELEV:    78 m  LAT:  45° 17' 57" N  LONG:   9° 31' 14" E

                   TEMPERATURE (°C), RAIN  (mm), WIND SPEED (km/hr)

                                      HEAT  COOL        AVG
    MEAN                              DEG   DEG         WIND                 DOM
DAY TEMP  HIGH   TIME   LOW    TIME   DAYS  DAYS  RAIN  SPEED HIGH   TIME    DIR
------------------------------------------------------------------------------------
 1  15.7  20.2   14.40  12.4    6.00   2.8   0.3   3.8   1.8  12.9   12.30   ENE
 2  19.1  25.9   16.45  11.5    6.40   2.0   2.8   0.3   8.0  29.0   15.25   WSW
 3  19.4  23.8   17.40  14.4    6.15   0.7   1.9   0.0   6.9  33.8   13.40   ESE
 4  18.9  25.2   19.25  11.9    6.15   1.7   2.3   0.0   2.7  17.7    9.35   ENE
 5  18.9  24.3   16.10  13.2    6.20   1.2   1.8   0.0   4.0  24.1   14.00   WSW
 6  18.3  22.4   14.55  13.8    6.10   1.2   1.1   0.0   6.9  30.6   16.00   ESE
 7  18.7  25.2   18.15  12.4    7.05   1.8   2.1   0.0   3.1  20.9   12.30     E
 8  20.2  27.3   18.10  12.9    5.55   1.4   3.3   0.0   3.7  17.7   14.35   ENE
 9  21.2  27.4   18.15  14.1    6.30   0.6   3.4   0.0   4.2  17.7   19.30   WSW
10  20.7  25.7   16.45  16.8    7.10   0.3   2.6   0.5   4.8  19.3   11.20   WSW
11  16.0  18.1   13.30  14.0   23.00   2.3   0.0  13.0   6.4  27.4    5.40   ESE
12  17.9  22.8   16.05  13.7    2.25   1.7   1.3   1.0   3.2  25.7   00.00   WSW
13  14.7  16.8   18.30  12.2    5.45   3.6   0.0   0.3   5.0  25.7    1.15     E
14  19.2  24.4   16.55  14.7    4.50   1.2   2.1  24.4   4.7  30.6   22.20   WSW
15  18.2  22.4   17.35  15.3    6.35   1.0   0.9   1.3   6.9  29.0    8.10     W
16  18.3  22.3   13.55  15.2   00.00   0.9   0.9   1.3   6.8  29.0   14.55   ESE
17  18.9  24.3   17.45  14.6    4.10   1.4   2.0   4.6   2.1  16.1    2.35    SE
18  21.6  26.5   17.15  16.8    6.25   0.2   3.5   0.0   2.9  17.7   14.25    SE
19  19.7  23.7   15.40  17.2    5.20   0.2   1.6   6.3   3.5  37.0    3.30   WSW
20  21.2  26.9   16.05  16.7    5.10   0.4   3.3   0.0   4.0  22.5   16.30    SE
21  21.9  27.7   17.40  15.9    6.25   0.4   4.0   0.0   3.2  17.7   11.15    SE
22  22.6  28.4   18.00  16.6    5.40   0.2   4.5   0.0   2.7  16.1    8.55   ENE
23  22.5  27.8   15.55  18.7    6.55   0.0   4.2   6.1   4.0  46.7   21.05     W
24  21.3  26.4   17.10  15.9    6.55   0.2   3.3   0.0   4.2  25.7   11.10     E
25  21.4  27.7   17.55  14.9    6.10   0.7   3.8   0.0   3.4  19.3   15.10   ENE
26  20.5  25.1   15.25  15.3    6.15   0.6   2.8   0.0   5.0  29.0    8.55     E
27  20.4  26.0   18.15  14.6    6.05   0.8   3.0   0.0   3.9  20.9   10.20     E
28  20.8  27.5   17.40  13.9    6.05   0.9   3.4   0.0   2.9  16.1   16.15   ENE
29  18.3  22.5   18.10  13.6    6.30   1.0   1.0   0.0   7.9  37.0    4.05   ESE
30  19.4  24.6   17.30  15.7    7.05   0.7   1.7   0.0   3.2  19.3   21.30   ESE
31  19.1  23.7   17.25  14.9    6.25   1.0   1.8   0.0   4.2  25.7    2.00     E
-------------------------------------------------------------------------------------
    19.5  28.4    22    11.5     2    33.1  70.5  62.7   4.4  46.7    23     ESE

Max >=  32.0:  0
Max <=   0.0:  0
Min <=   0.0:  0
Min <= -18.0:  0
Max Rain: 24.38 ON 14/05/20
Days of Rain: 12 (> .2 mm) 6 (> 2 mm) 1 (> 20 mm)
Heat Base:  18.3  Cool Base:  18.3  Method: Integration