NOAA-Style Climate Reports


Report for 2020 Giugno
                   MONTHLY CLIMATOLOGICAL SUMMARY for JUN. 2020

NAME: Lodi   CITY: Lodi   STATE: Italy 
ELEV:    78 m  LAT:  45° 17' 57" N  LONG:   9° 31' 14" E

                   TEMPERATURE (°C), RAIN  (mm), WIND SPEED (km/hr)

                                      HEAT  COOL        AVG
    MEAN                              DEG   DEG         WIND                 DOM
DAY TEMP  HIGH   TIME   LOW    TIME   DAYS  DAYS  RAIN  SPEED HIGH   TIME    DIR
------------------------------------------------------------------------------------
 1  20.9  27.2   16.40  15.1    6.15   0.8   3.5   0.0   3.2  19.3   17.05     E
 2  22.7  29.1   17.35  16.9   23.45   0.1   4.5   1.0   4.5  48.3   20.25   NNE
 3  20.8  27.9   16.40  14.4    4.45   0.6   3.1   0.5   3.7  30.6   18.40    NW
 4  16.6  18.1    0.20  14.9   00.00   1.7   0.0  34.5   5.6  27.4   13.25   ESE
 5  20.0  26.6   18.00  14.1    6.10   1.2   2.9   8.9   3.4  57.9   12.00     W
 6  21.2  26.8   17.50  15.8    5.40   0.4   3.2   0.0   4.3  25.7   19.30   NNE
 7  19.0  24.3   17.20  15.3   23.45   0.4   1.1  20.3   6.6  30.6   18.15    SE
 8  17.5  22.3   14.30  14.2   22.20   1.6   0.8   3.0   4.0  27.4   20.10    SE
 9  17.9  22.3   13.00  14.3    6.20   1.4   1.0   1.0   4.0  20.9   16.05     W
10  16.7  23.1   15.00  14.0    6.00   2.2   0.6  26.7   4.7  33.8   15.15   WSW
11  17.3  22.1   17.05  14.5    4.25   1.7   0.6   6.6   3.2  20.9   12.15     E
12  19.9  24.9   17.45  14.5    6.00   0.9   2.6   0.0   3.1  14.5   14.35     E
13  20.4  27.2   16.15  17.1   23.05   0.3   2.4   0.3   6.1  32.2   17.45     W
14  20.8  26.6   17.35  16.2    5.45   0.6   3.1   3.3   3.9  16.1    7.35   WSW
15  22.0  26.4   16.50  17.4    5.35   0.0   3.7   0.0   3.9  22.5   19.20   ESE
16  21.4  27.1   15.40  17.7    6.25   0.0   3.1   2.3   2.9  27.4   17.25     E
17  19.7  24.3   16.20  16.4    8.20   0.3   1.7   9.9   4.8  38.6   20.10   WSW
18  20.3  25.3   14.45  15.4    5.45   0.7   2.7   0.8   4.8  27.4   15.25    SW
19  20.6  27.0   17.15  16.6   00.00   0.2   2.5   1.5   5.6  37.0   18.05     W
20  21.2  27.7   16.10  13.9    5.45   1.1   3.9   0.0   1.9  12.9   13.15   WSW
21  24.4  30.5   17.40  17.9    6.05   0.0   6.1   0.0   4.7  20.9   14.20    NW
22  25.4  31.3   17.40  18.5    6.10   0.0   7.2   0.0   2.9  17.7   13.30    SW
23  26.3  31.9   18.35  20.1    4.50   0.0   8.0   0.0   2.1  17.7   15.35   WSW
24  25.4  31.1   17.10  20.4    5.25   0.0   7.1   0.0   5.0  25.7    9.05   ESE
25  24.3  29.3   16.05  19.7    6.05   0.0   6.0   0.0   4.8  24.1   21.10   ESE
26  24.2  29.3   17.35  19.2    5.45   0.0   5.9   0.0   3.5  22.5    0.15   ESE
27  26.0  31.1   17.40  20.4    6.05   0.0   7.7   0.0   3.7  16.1   19.00     W
28  25.8  31.5   17.20  19.6    6.10   0.0   7.5   0.0   4.8  20.9   15.25   WSW
29  26.9  31.9   17.15  20.9    5.55   0.0   8.6   0.0   5.5  20.9   17.20   WSW
30  26.2  31.2   18.00  20.8    6.50   0.0   7.9   0.0   3.2  16.1    0.25     E
-------------------------------------------------------------------------------------
    21.7  31.9    29    13.9    20    16.3 119.2 120.6   4.2  57.9     5     WSW

Max >=  32.0:  0
Max <=   0.0:  0
Min <=   0.0:  0
Min <= -18.0:  0
Max Rain: 34.54 ON 04/06/20
Days of Rain: 15 (> .2 mm) 9 (> 2 mm) 3 (> 20 mm)
Heat Base:  18.3  Cool Base:  18.3  Method: Integration