NOAA-Style Climate Reports


Report for 2020 Luglio
                   MONTHLY CLIMATOLOGICAL SUMMARY for JUL. 2020

NAME: Lodi   CITY: Lodi   STATE: Italy 
ELEV:    78 m  LAT:  45° 17' 57" N  LONG:   9° 31' 14" E

                   TEMPERATURE (°C), RAIN  (mm), WIND SPEED (km/hr)

                                      HEAT  COOL        AVG
    MEAN                              DEG   DEG         WIND                 DOM
DAY TEMP  HIGH   TIME   LOW    TIME   DAYS  DAYS  RAIN  SPEED HIGH   TIME    DIR
------------------------------------------------------------------------------------
 1  26.2  30.3   16.40  22.9    4.10   0.0   7.9   0.0   6.0  22.5   18.25     W
 2  25.2  31.7   17.10  20.1    5.55   0.0   6.9   2.0   5.0  54.7   21.20   WSW
 3  23.3  29.4   15.25  18.6    3.25   0.0   5.0   0.0   6.0  33.8   17.55   ESE
 4  22.8  28.1   17.45  17.3    4.00   0.2   4.7   9.7   4.2  19.3    3.55     S
 5  25.1  30.1   17.15  19.2    6.00   0.0   6.8   0.0   1.8  16.1   11.15   ESE
 6  26.7  31.3   16.40  20.9    6.00   0.0   8.4   0.0   2.3  16.1   16.20     E
 7  23.7  27.5    0.20  20.4   23.55   0.0   5.4   0.0   8.7  45.1    7.35    SE
 8  22.8  28.1   16.10  16.7    6.40   0.2   4.7   0.0   2.6  16.1   10.10     E
 9  24.4  30.1   17.40  17.8    6.10   0.0   6.1   0.0   1.6  12.9    8.25     E
10  26.2  31.9   17.15  19.9    5.50   0.0   7.9   0.0   2.4  20.9   23.25   ENE
11  25.2  30.0   14.35  20.8   00.00   0.0   6.9   0.0   6.3  46.7   15.10     W
12  22.9  27.6   16.25  17.9    6.05   0.0   4.6   0.0   5.1  24.1   12.30     E
13  22.4  26.5   16.20  18.1    5.40   0.0   4.1   0.0   5.0  27.4   12.55     E
14  21.8  26.1   17.05  17.0    4.55   0.1   3.6   0.0   3.4  22.5   11.45   ESE
15  22.4  27.4   16.40  18.4    1.20   0.0   4.2   0.0   2.6  20.9   19.00   ESE
16  23.6  29.2   17.40  17.6    6.15   0.1   5.4   0.0   2.7  17.7   15.55    SW
17  23.5  27.8   17.10  19.7    5.00   0.0   5.2   0.0   5.8  25.7   13.50   ESE
18  23.0  27.6   17.10  17.7    6.40   0.0   4.7   0.0   5.5  29.0    2.00     E
19  24.1  29.5   15.05  17.2    6.05   0.1   5.8   0.0   3.1  19.3   15.30     E
20  25.8  31.4   16.15  19.7    6.10   0.0   7.6   0.0   3.2  16.1   13.15     W
21  26.8  32.2   18.35  21.5    5.15   0.0   8.5   0.0   2.7  16.1   16.35     E
22  27.2  33.3   16.15  22.1   23.25   0.0   8.9   0.0   5.1  24.1   21.20     W
23  25.4  31.4   17.05  20.0    5.20   0.0   7.1   0.0   3.4  16.1   12.40    SE
24  20.6  24.8    0.05  15.7    7.40   0.3   2.7  17.5   5.5  45.1    6.50     W
25  22.9  29.6   16.55  16.6    4.30   0.3   4.9   0.0   2.4  17.7   13.30   ESE
26  24.9  30.4   16.30  19.7    7.00   0.0   6.7   0.0   1.9  12.9   12.50     W
27  26.1  30.9   17.50  21.1    5.05   0.0   7.8   0.0   1.8  16.1   11.40   ESE
28  26.8  32.7   16.25  21.0    6.50   0.0   8.6  10.2   1.8  61.2   21.45   ESE
29  27.4  32.9   16.55  22.0    2.50   0.0   9.1   0.0   2.1  16.1    0.15   ESE
30  29.6  34.3   17.50  24.8    6.20   0.0  11.3   0.0   2.6  12.9   11.55     E
31  29.3  34.7   16.25  23.6    6.40   0.0  10.9   0.0   3.2  17.7   13.35     W
-------------------------------------------------------------------------------------
    24.8  34.7    31    15.7    24     1.2 202.5  39.4   3.7  61.2    28     ESE

Max >=  32.0:  6
Max <=   0.0:  0
Min <=   0.0:  0
Min <= -18.0:  0
Max Rain: 17.53 ON 24/07/20
Days of Rain: 4 (> .2 mm) 4 (> 2 mm) 0 (> 20 mm)
Heat Base:  18.3  Cool Base:  18.3  Method: Integration