NOAA-Style Climate Reports

Select a Year or Month report
2024: Gen Feb Mar Apr Mag Giu Lug Ago Set Ott Nov Dic
2023: Gen Feb Mar Apr Mag Giu Lug Ago Set Ott Nov Dic
2022: Gen Feb Mar Apr Mag Giu Lug Ago Set Ott Nov Dic
2021: Gen Feb Mar Apr Mag Giu Lug Ago Set Ott Nov Dic
2020: Gen Feb Mar Apr Mag Giu Lug Ago Set Ott Nov Dic
2019: Gen Feb Mar Apr Mag Giu Lug Ago Set Ott Nov Dic
2018: Gen Feb Mar Apr Mag Giu Lug Ago Set Ott Nov Dic
2017: Gen Feb Mar Apr Mag Giu Lug Ago Set Ott Nov Dic
2016: Gen Feb Mar Apr Mag Giu Lug Ago Set Ott Nov Dic

Report for 2020 Agosto

Daily noaa report



                            MONTHLY CLIMATOLOGICAL SUMMARY for AUG. 2020

NAME: Lodi San Bernardo   CITY: Lodi STATE: Italy
ELEV: 78 LAT: 045:17:57 LONG: -009:31:14

                            TEMPERATURE ( °C), RAIN (mm), WIND SPEED (kmh)

                                               HEAT     COOL           AVG
      MEAN                                     DEG      DEG            WIND                       DOM
DAY   TEMP    HIGH   TIME     LOW    TIME      DAYS     DAYS    RAIN   SPEED    HIGH    TIME      DIR
--------------------------------------------------------------------------------------------------------
01    29.6    35.5   16:19    23.9   05:59     00.0     11.3    00.0   02.3     33.3    23:27      W 
02    26.1    31.4   16:14    19.1   23:40     00.0     07.8    27.4   06.4     35.1    23:05      E 
03    20.3    24.7   11:26    17.1   18:20     00.0     02.0    30.0   03.7     38.9    17:47     NNW
04    20.9    25.5   18:19    17.2   04:28     00.0     02.6    00.3   03.7     20.4    14:58     SSW
05    22.0    27.7   17:38    15.6   06:40     00.0     03.7    00.0   02.5     16.6    19:10     ESE
06    23.8    30.1   16:29    17.1   06:29     00.0     05.5    00.0   01.9     16.6    15:02      E 
07    25.8    30.5   17:54    21.0   06:56     00.0     07.5    00.0   02.4     14.8    15:09     ESE
08    27.5    32.7   17:38    21.7   07:15     00.0     09.2    00.0   02.5     14.8    08:32      S 
09    27.6    33.3   16:40    22.3   07:57     00.0     09.3    00.0   02.0     14.8    07:52      S 
10    27.3    33.4   17:15    22.3   04:57     00.0     09.0    00.0   03.2     29.6    19:28     SSE
11    26.9    32.4   18:12    21.4   07:19     00.0     08.6    00.0   02.5     14.8    07:38     WSW
12    26.7    32.2   17:34    21.5   00:00     00.0     08.4    01.5   03.0     40.7    22:15      E 
13    26.1    31.3   15:12    21.3   00:38     00.0     07.8    00.3   03.8     14.8    22:57     WSW
14    25.9    31.7   17:38    21.7   07:24     00.0     07.6    00.0   04.5     18.5    12:01     WSW
17    23.6    29.7   15:05    19.2   06:37     00.0     05.3    00.0   03.0     18.5    19:24     WNW
18    24.3    29.8   17:40    20.0   04:52     00.0     06.0    00.3   02.8     18.5    15:09      W 
19    24.8    30.2   17:30    19.7   05:29     00.0     06.5    00.0   02.2     16.6    00:53      E 
20    26.5    31.4   17:25    20.8   06:32     00.0     08.2    00.0   01.7     12.9    14:47     ENE
21    27.5    33.3   18:20    21.5   07:03     00.0     09.2    00.0   01.9     11.1    18:48     ENE
22    27.9    33.2   16:47    22.4   07:09     00.0     09.6    00.0   02.4     18.5    17:46     NNW
23    25.6    31.0   14:53    20.8   07:13     00.0     07.3    00.0   03.1     25.9    21:34     ESE
24    23.7    28.6   17:47    19.0   06:36     00.0     05.4    00.0   03.7     22.2    15:45      E 
25    24.3    29.7   17:46    18.6   06:57     00.0     06.0    00.0   02.4     16.6    13:03     ESE
26    25.1    30.1   17:26    19.7   06:08     00.0     06.8    00.0   03.0     18.5    23:14      W 
27    25.5    30.5   17:39    20.6   07:57     00.0     07.2    00.0   01.8     20.4    11:22      E 
28    24.2    29.6   14:44    21.1   06:56     00.0     05.9    00.0   03.9     25.9    12:35     ENE
29    20.5    22.6   01:33    18.8   00:00     00.0     02.2    35.3   04.5     35.1    14:35     ENE
30    22.1    27.7   15:01    18.7   03:37     00.0     03.8    02.5   07.3     44.4    13:57     SSE
31    19.8    24.5   16:44    16.2   08:33     00.0     01.5    00.0   03.3     20.4    22:45     WNW
--------------------------------------------------------------------------------------------------------
24.9 (25.1)   35.5  day 01     15.6  day 05   000.0    191.1   097.6   03.1     44.4   day 30     ESE
Max >  30: 18
Min <   30: 29
Max Rain: 35.3 ON 29-08-20
Days of Rain: 8 (> .2mm) 4 (> 2mm) 3 (> 20mm)