NOAA-Style Climate Reports


Report for 2020 Settembre
                   MONTHLY CLIMATOLOGICAL SUMMARY for SEP. 2020

NAME: Lodi   CITY: Lodi   STATE: Italy 
ELEV:    78 m  LAT:  45° 17' 57" N  LONG:   9° 31' 14" E

                   TEMPERATURE (°C), RAIN  (mm), WIND SPEED (km/hr)

                                      HEAT  COOL        AVG
    MEAN                              DEG   DEG         WIND                 DOM
DAY TEMP  HIGH   TIME   LOW    TIME   DAYS  DAYS  RAIN  SPEED HIGH   TIME    DIR
------------------------------------------------------------------------------------
 1  19.7  26.9   17.00  13.7    6.20   1.4   2.9   0.0   2.7  19.3   16.45   WSW
 2  19.2  23.2   18.30  15.8    5.10   0.5   1.5   0.0   3.2  24.1   12.40     E
 3  20.4  26.4   17.10  14.4    6.35   0.9   3.1   0.0   1.3  12.9   17.00    NE
 4  21.8  27.9   16.25  15.8    7.10   0.4   3.9   0.0   1.9  14.5   11.35     E
 5  23.4  30.1   17.00  17.4    6.35   0.1   5.2   0.0   2.3  16.1   17.15   WSW
 6  23.2  28.8   17.40  16.9    7.30   0.0   5.0   0.0   2.9  20.9   20.30     N
 7  20.6  24.2   18.05  17.7    6.40   0.0   2.3  13.0   3.2  17.7    4.25    NW
 8  21.9  27.0   16.45  17.2    7.15   0.2   3.7   0.3   1.9  17.7   12.15   ENE
 9  22.8  28.7   16.10  17.0    7.05   0.2   4.6   0.0   2.4  17.7   15.30     W
10  23.2  27.9   16.40  17.9    7.20   0.0   4.9   0.0   1.6  12.9   13.00     E
11  22.9  26.6   16.35  19.3    7.20   0.0   4.6   0.0   1.4  11.3   10.35     E
12  23.7  29.5   16.00  18.2    7.10   0.0   5.3   0.0   1.6  12.9   16.00   ENE
13  24.5  30.4   16.20  19.2    7.10   0.0   6.2   0.0   1.6  14.5   16.50   ESE
14  24.7  30.2   15.45  19.7    7.25   0.0   6.4   0.0   2.3  17.7   12.20   ESE
15  24.2  29.3   15.45  19.2    5.55   0.0   5.6   0.0   1.6  14.5   13.05   ESE
16  24.3  30.4   16.20  18.3    8.10   0.0   6.0   0.0   2.4  16.1    9.40   WNW
17  24.3  30.3   16.45  19.3    7.10   0.0   6.0   0.0   2.3  14.5   15.40     E
18  24.1  29.2   14.45  19.4    6.50   0.0   5.8   0.0   2.6  17.7   12.25     E
19  20.7  24.2   17.05  17.4    6.45   0.1   2.4   0.5   2.9  20.9   10.45     E
20  20.7  26.2   17.00  16.8    7.15   0.4   2.8   0.0   2.4  14.5   10.45     E
21  20.3  23.9   14.05  17.5    7.15   0.1   2.1   1.3   2.3  16.1   13.25   WSW
22  18.6  20.9   15.40  16.6   23.00   0.3   0.6   3.8   2.7  17.7    9.25     N
23  19.5  24.2   16.45  16.5    3.45   0.6   1.8   0.0   1.8  16.1   14.05    SW
24  19.6  24.6   15.05  15.9    2.30   0.6   1.9   0.3   4.5  25.7   23.55     E
25  15.8  21.1   11.45  12.1   00.00   2.7   0.1   4.3   8.5  43.5   12.35     W
26  15.0  20.6   14.50   9.2    7.45   3.7   0.4   0.3  14.2  56.3   11.50     W
27  12.6  18.8   15.55   6.5    6.55   5.1   0.0   5.6   4.3  32.2   15.55    SW
28  14.3  20.8   17.55   8.3    7.20   4.3   0.4   0.0   4.0  20.9   13.50   WSW
29  16.0  22.1   15.05  11.2    3.55   3.0   0.8   0.0   2.1  25.7   14.30     N
30  17.3  23.4   16.30  11.2    7.30   2.1   1.2   0.0   2.1  17.7   15.40   WNW
-------------------------------------------------------------------------------------
    20.6  30.4    13     6.5    27    26.6  97.4  29.2   3.0  56.3    26       E

Max >=  32.0:  0
Max <=   0.0:  0
Min <=   0.0:  0
Min <= -18.0:  0
Max Rain: 12.95 ON 07/09/20
Days of Rain: 9 (> .2 mm) 4 (> 2 mm) 0 (> 20 mm)
Heat Base:  18.3  Cool Base:  18.3  Method: Integration