NOAA-Style Climate Reports


Report for 2020 Novembre
                   MONTHLY CLIMATOLOGICAL SUMMARY for OCT. 2020

NAME: Lodi   CITY: Lodi   STATE: Italy 
ELEV:    78 m  LAT:  45° 17' 57" N  LONG:   9° 31' 14" E

                   TEMPERATURE (°C), RAIN  (mm), WIND SPEED (km/hr)

                                      HEAT  COOL        AVG
    MEAN                              DEG   DEG         WIND                 DOM
DAY TEMP  HIGH   TIME   LOW    TIME   DAYS  DAYS  RAIN  SPEED HIGH   TIME    DIR
------------------------------------------------------------------------------------
 1  17.7  20.2   15.50  15.3    7.50   0.6   0.2   0.0   0.2   8.0   15.00     E
 2  16.4  18.7   22.40  14.9    4.25   1.7   0.0  17.8  11.9  53.1   20.15   ESE
 3  17.6  21.1   15.50  11.7   23.30   1.2   0.4   8.4  10.1  54.7    1.55   SSE
 4  14.6  21.2   13.25  10.1    5.20   4.1   0.3   1.3   4.7  35.4   16.25    NE
 5  14.4  17.6   14.10  11.4    5.35   3.9   0.0   0.0   1.9  17.7    0.05   WSW
 6  14.7  18.9   15.45  10.6    7.40   3.6   0.0   0.0   0.8   9.7   14.30    NW
 7  16.8  23.6   15.55  12.3    7.45   2.6   1.1   0.0   5.6  32.2   12.50     W
 8  15.4  22.2   16.30   9.8    7.05   3.6   0.7   0.0   2.7  14.5    5.50     W
 9  15.3  20.4   15.30  10.6    7.45   3.2   0.3   0.0   1.0   9.7   11.20     N
10  16.1  21.4   16.15  11.5    8.05   2.7   0.5   1.0   1.8  14.5   14.40   WSW
11  12.4  15.3    0.05  10.0   22.15   5.9   0.0   8.4   3.5  20.9   19.15   SSE
12  11.7  17.2   15.55   9.2    7.35   6.6   0.0   0.0   2.4  19.3   15.10     S
13  10.9  17.1   16.25   6.4    6.55   7.4   0.0   0.0   3.2  17.7   14.20     W
14  10.4  16.3   16.50   6.3    6.00   7.0   0.0   0.8   1.9  17.7   11.50    SE
15  10.6  11.8   18.55   9.5    7.50   7.8   0.0  20.1   1.8  17.7    9.25     W
16  12.2  16.2   16.30  10.1    7.00   6.1   0.0   1.3   1.9  16.1   14.05     W
17  11.5  16.8   16.15   6.8    7.50   6.8   0.0   0.0   1.0  12.9   14.45     E
18  10.7  16.7   17.10   7.5    7.50   6.3   0.0   0.3   0.3   9.7   11.55   ESE
19  11.6  17.0   16.00   6.3    8.55   6.7   0.0   0.3   1.3  11.3    8.30    SW
20  11.7  15.1   17.15   7.8    7.30   6.6   0.0   0.0   0.2   9.7   10.35    NE
21  13.2  17.1   14.20   9.3    8.20   5.1   0.0   0.0   2.3  14.5   20.35     W
22  13.1  14.6   15.40  11.3    5.20   5.2   0.0   0.0   3.9  16.1   12.30   WSW
23  13.2  13.7   17.50  12.8    9.10   5.2   0.0   2.0   0.6  12.9   10.40   ESE
24  13.6  15.8   16.55  11.1   23.45   4.7   0.0   0.3   2.3  17.7   14.20     W
25  13.1  16.7   15.00   8.2    4.30   5.2   0.0   0.3   1.6  12.9    7.55   WSW
26  13.8  14.5   15.40  13.3   21.25   4.4   0.0  26.9   4.2  35.4   10.05     E
27  11.7  15.7   15.15   9.2   23.25   6.5   0.0   6.1   3.5  20.9    2.05   WSW
28  12.0  17.6   14.55   7.2    6.10   5.9   0.0   0.3   1.4  12.9   14.20     W
29  11.9  16.4   15.10   8.3    7.10   6.4   0.0   0.0   1.8  16.1   11.40   WSW
30  11.3  16.7   15.50   7.8    7.15   7.0   0.0   0.0   0.5   9.7    8.35    SW
31  10.4  13.3   15.55   6.5    6.35   7.9   0.0   0.3   0.8  12.9   18.35   WSW
-------------------------------------------------------------------------------------
    13.2  23.6     7     6.3    19   157.7   3.7  95.5   2.6  54.7     3     WSW

Max >=  32.0:  0
Max <=   0.0:  0
Min <=   0.0:  0
Min <= -18.0:  0
Max Rain: 26.92 ON 26/10/20
Days of Rain: 17 (> .2 mm) 7 (> 2 mm) 2 (> 20 mm)
Heat Base:  18.3  Cool Base:  18.3  Method: Integration