NOAA-Style Climate Reports

Select a Year or Month report
2024: Gen Feb Mar Apr Mag Giu Lug Ago Set Ott Nov Dic
2023: Gen Feb Mar Apr Mag Giu Lug Ago Set Ott Nov Dic
2022: Gen Feb Mar Apr Mag Giu Lug Ago Set Ott Nov Dic
2021: Gen Feb Mar Apr Mag Giu Lug Ago Set Ott Nov Dic
2020: Gen Feb Mar Apr Mag Giu Lug Ago Set Ott Nov Dic
2019: Gen Feb Mar Apr Mag Giu Lug Ago Set Ott Nov Dic
2018: Gen Feb Mar Apr Mag Giu Lug Ago Set Ott Nov Dic
2017: Gen Feb Mar Apr Mag Giu Lug Ago Set Ott Nov Dic
2016: Gen Feb Mar Apr Mag Giu Lug Ago Set Ott Nov Dic

Report for 2020 Dicembre

Daily noaa report



                            MONTHLY CLIMATOLOGICAL SUMMARY for DEC. 2020

NAME: Lodi San Bernardo   CITY: Lodi STATE: Italy
ELEV: 78 LAT: 045:17:57 LONG: -009:31:14

                            TEMPERATURE ( °C), RAIN (mm), WIND SPEED (kmh)

                                               HEAT     COOL           AVG
      MEAN                                     DEG      DEG            WIND                       DOM
DAY   TEMP    HIGH   TIME     LOW    TIME      DAYS     DAYS    RAIN   SPEED    HIGH    TIME      DIR
--------------------------------------------------------------------------------------------------------
01    04.9    06.3   00:17    03.1   22:48     13.4     00.0    00.3   01.3     16.6    21:40     ENE
02    01.3    03.8   00:03    00.6   16:32     17.0     00.0    08.1   00.7     12.9    03:12      S 
03    01.8    02.6   14:46    01.2   22:37     16.5     00.0    05.3   01.4     16.6    00:18      W 
04    02.8    06.2   15:38    01.6   21:27     15.5     00.0    23.9   07.5     44.4    14:45     ESE
05    02.3    02.7   14:12    01.7   20:21     16.0     00.0    00.0   04.2     22.2    21:32     WSW
06    03.2    04.1   20:33    01.9   00:01     15.1     00.0    26.9   02.2     24.1    13:11      W 
07    03.9    06.6   15:17    02.1   06:14     14.4     00.0    03.3   02.7     25.9    06:13     SSE
08    05.1    06.3   15:49    03.7   01:07     13.2     00.0    20.8   01.9     18.5    08:45     NNW
09    05.8    06.4   15:45    05.1   07:47     12.5     00.0    09.7   01.7     18.5    07:57      W 
10    06.0    09.0   14:41    02.8   23:14     12.3     00.0    00.3   01.5     11.1    23:52     WSW
11    03.3    05.2   19:52    00.6   06:50     15.0     00.0    00.3   01.9     11.1    20:37     WSW
12    04.7    06.7   15:29    03.3   00:00     13.6     00.0    01.3   02.2     12.9    07:17     WSW
13    01.8    04.1   14:24   -00.2   06:46     16.5     00.0    00.3   01.7     12.9    08:10      W 
14    01.1    04.8   15:58   -01.1   04:24     17.2     00.0    00.3   01.1     11.1    08:04     WSW
15    04.6    06.8   15:49    00.5   00:30     13.7     00.0    00.3   03.3     16.6    13:25      W 
16    06.9    08.6   14:35    05.7   07:40     11.4     00.0    00.8   04.2     16.6    15:10     WSW
17    07.8    08.8   16:06    07.1   09:01     10.5     00.0    00.0   01.6     11.1    04:00     WSW
18    06.7    07.7   01:24    05.3   10:11     11.6     00.0    00.0   02.2     16.6    12:13      W 
19    07.4    10.0   12:45    05.9   00:50     10.9     00.0    01.3   03.1     16.6    08:33     WSW
20    07.7    08.2   17:43    07.2   09:52     10.6     00.0    07.9   00.0     09.3    08:54     WSW
21    08.4    09.1   14:02    07.7   08:32     09.9     00.0    00.3   00.0     01.9    10:25     WNW
22    09.0    09.9   15:42    07.6   09:51     09.3     00.0    00.0   01.4     12.9    12:17      W 
23    09.1    09.8   15:20    08.7   10:05     09.2     00.0    02.0   00.8     07.4    20:20      W 
24    08.8    09.3   08:56    08.5   08:24     09.5     00.0    05.3   00.3     09.3    21:20      SW
25    06.4    08.7   01:33    03.2   22:38     11.9     00.0    35.3   02.0     25.9    15:07      SW
26    04.9    09.1   13:29    01.6   00:00     13.4     00.0    00.3   01.7     12.9    03:23      SW
27    00.8    04.2   13:12   -00.5   08:04     17.5     00.0    00.0   02.0     16.6    15:24      SW
28    00.7    01.5   16:13   -01.4   23:03     17.6     00.0    00.0   03.2     29.6    14:02      W 
29   -00.9    01.6   22:01   -05.1   07:25     19.2     00.0    00.0   03.1     20.4    13:47     WSW
30    01.9    03.8   15:01   -00.1   22:20     16.4     00.0    16.3   03.2     16.6    02:27     WSW
31   -01.5    01.4   19:10   -05.3   06:10     19.8     00.0    03.3   00.7     12.9    20:59     WSW
--------------------------------------------------------------------------------------------------------
04.4 (4.5)   10.0  day 19    -05.3  day 31   430.5    000.0   173.6   02.1     44.4   day 04     WSW
Min <   30: 31
Min <  -5: 2
Max Rain: 35.3 ON 25-12-21
Days of Rain: 24 (> .2mm) 12 (> 2mm) 4 (> 20mm)