NOAA-Style Climate Reports

Select a Year or Month report
2024: Gen Feb Mar Apr Mag Giu Lug Ago Set Ott Nov Dic
2023: Gen Feb Mar Apr Mag Giu Lug Ago Set Ott Nov Dic
2022: Gen Feb Mar Apr Mag Giu Lug Ago Set Ott Nov Dic
2021: Gen Feb Mar Apr Mag Giu Lug Ago Set Ott Nov Dic
2020: Gen Feb Mar Apr Mag Giu Lug Ago Set Ott Nov Dic
2019: Gen Feb Mar Apr Mag Giu Lug Ago Set Ott Nov Dic
2018: Gen Feb Mar Apr Mag Giu Lug Ago Set Ott Nov Dic
2017: Gen Feb Mar Apr Mag Giu Lug Ago Set Ott Nov Dic
2016: Gen Feb Mar Apr Mag Giu Lug Ago Set Ott Nov Dic

Report for 2021 Aprile

Daily noaa report



                            MONTHLY CLIMATOLOGICAL SUMMARY for APR. 2021

NAME: Lodi San Bernardo   CITY: Lodi STATE: Italy
ELEV: 78 LAT: 045:17:57 LONG: -009:31:14

                            TEMPERATURE ( °C), RAIN (mm), WIND SPEED (kmh)

                                               HEAT     COOL           AVG
      MEAN                                     DEG      DEG            WIND                       DOM
DAY   TEMP    HIGH   TIME     LOW    TIME      DAYS     DAYS    RAIN   SPEED    HIGH    TIME      DIR
--------------------------------------------------------------------------------------------------------
01    18.9    26.7   17:28    11.8   06:34     00.0     00.6    00.0   05.2     24.1    14:22     WSW
02    18.9    27.1   16:38    11.6   07:39     00.0     00.6    00.0   04.5     25.9    13:17      W 
03    15.3    19.0   14:18    12.2   00:00     03.0     00.0    00.0   11.0     44.4    14:22     ESE
04    12.1    16.1   16:49    08.1   07:16     06.2     00.0    00.0   06.3     29.6    15:43     ESE
05    11.4    17.4   16:17    05.7   07:19     06.9     00.0    00.0   02.9     20.4    14:42     NNW
06    09.1    16.5   14:45    03.2   00:00     09.2     00.0    04.8   07.3     66.6    15:14      E 
07    07.4    12.0   16:59    02.1   02:15     10.9     00.0    00.0   07.7     51.8    13:58      NW
08    09.9    16.9   16:33    02.2   07:14     08.4     00.0    00.0   03.1     27.8    16:43     WSW
09    10.4    15.8   15:41    04.3   07:15     07.9     00.0    00.0   01.4     16.6    13:19      NE
10    11.7    14.8   14:36    07.9   05:39     06.6     00.0    00.0   02.1     16.6    15:27      W 
11    09.8    11.4   16:34    08.7   02:58     08.5     00.0    36.0   02.9     16.6    14:12      NE
12    10.4    11.6   18:14    09.4   04:16     07.9     00.0    18.0   01.4     11.1    22:53     ENE
13    10.1    13.7   16:35    07.4   00:00     08.2     00.0    01.8   03.5     22.2    15:37     SSE
14    09.5    14.7   15:29    04.2   06:41     08.8     00.0    00.0   02.4     25.9    14:33      E 
15    08.4    11.5   16:34    05.7   07:28     09.9     00.0    00.0   07.0     38.9    13:00     ENE
16    09.1    14.2   15:55    04.0   03:55     09.2     00.0    00.0   03.0     25.9    15:29      E 
17    10.3    15.5   15:17    04.3   06:17     08.0     00.0    00.0   01.7     22.2    15:54      SE
18    11.2    15.3   15:38    08.4   01:56     07.1     00.0    00.3   02.3     27.8    16:36      E 
19    12.3    17.7   16:53    07.2   07:18     06.0     00.0    00.0   00.8     16.6    17:03     SSE
20    13.8    20.3   16:22    06.3   06:28     04.5     00.0    00.0   02.2     18.5    18:40      SW
21    14.4    19.4   16:53    08.3   06:41     03.9     00.0    00.3   02.8     18.5    16:06      W 
22    14.5    19.4   16:02    10.2   07:15     03.8     00.0    00.0   01.8     16.6    15:20      SE
23    15.2    21.0   15:30    09.3   06:58     03.1     00.0    00.0   02.7     22.2    14:08     ESE
24    16.6    22.9   17:14    10.3   05:57     01.7     00.0    00.0   01.1     18.5    14:28     ESE
25    17.8    24.8   17:58    11.3   07:07     00.5     00.0    00.0   01.0     18.5    19:53      S 
26    14.3    17.2   00:57    11.6   00:00     04.0     00.0    06.1   02.3     22.2    09:33     ESE
27    12.3    15.0   17:12    10.2   05:23     06.0     00.0    03.1   01.9     18.5    19:15      E 
28    14.6    18.4   16:23    11.9   06:05     03.7     00.0    04.6   01.6     16.6    15:15      SE
29    14.5    16.2   18:20    13.4   07:26     03.8     00.0    09.9   02.2     18.5    21:21     ENE
30    15.7    19.2   15:52    13.4   03:20     02.6     00.0    02.0   01.9     18.5    15:33      N 
--------------------------------------------------------------------------------------------------------
12.7 (12.8)   27.1  day 02     02.1  day 07   170.5    001.2   083.9   03.3     66.6   day 06     ESE
Min <   30: 30
Max Rain: 36.0 ON 11-04-21
Days of Rain: 11 (> .2mm) 7 (> 2mm) 1 (> 20mm)