NOAA-Style Climate Reports

Select a Year or Month report
2024: Gen Feb Mar Apr Mag Giu Lug Ago Set Ott Nov Dic
2023: Gen Feb Mar Apr Mag Giu Lug Ago Set Ott Nov Dic
2022: Gen Feb Mar Apr Mag Giu Lug Ago Set Ott Nov Dic
2021: Gen Feb Mar Apr Mag Giu Lug Ago Set Ott Nov Dic
2020: Gen Feb Mar Apr Mag Giu Lug Ago Set Ott Nov Dic
2019: Gen Feb Mar Apr Mag Giu Lug Ago Set Ott Nov Dic
2018: Gen Feb Mar Apr Mag Giu Lug Ago Set Ott Nov Dic
2017: Gen Feb Mar Apr Mag Giu Lug Ago Set Ott Nov Dic
2016: Gen Feb Mar Apr Mag Giu Lug Ago Set Ott Nov Dic

Report for 2021 Maggio

Daily noaa report



                            MONTHLY CLIMATOLOGICAL SUMMARY for MAY. 2021

NAME: Lodi San Bernardo   CITY: Lodi STATE: Italy
ELEV: 78 LAT: 045:17:57 LONG: -009:31:14

                            TEMPERATURE ( °C), RAIN (mm), WIND SPEED (kmh)

                                               HEAT     COOL           AVG
      MEAN                                     DEG      DEG            WIND                       DOM
DAY   TEMP    HIGH   TIME     LOW    TIME      DAYS     DAYS    RAIN   SPEED    HIGH    TIME      DIR
--------------------------------------------------------------------------------------------------------
01    14.9    18.8   14:14    11.4   06:25     03.4     00.0    14.7   03.0     24.1    19:42      NE
02    16.0    22.1   17:02    11.8   07:00     02.3     00.0    00.5   05.3     25.9    13:30     WSW
03    14.8    19.7   18:02    10.6   07:18     03.5     00.0    00.3   03.6     25.9    09:30     ESE
04    15.3    21.5   16:07    09.5   06:15     03.0     00.0    00.0   02.8     29.6    19:38     WSW
05    16.2    21.7   16:39    10.6   05:50     02.1     00.0    00.0   02.4     18.5    12:33     NNW
06    16.6    20.4   15:55    11.4   06:49     01.7     00.0    00.0   05.0     25.9    14:48     ENE
07    18.1    24.8   17:32    11.8   06:27     00.2     00.0    00.0   03.3     27.8    19:29     WNW
08    16.9    20.8   17:25    13.4   06:00     01.4     00.0    00.0   03.3     25.9    07:09     ESE
09    18.2    23.6   16:57    11.4   06:33     00.1     00.0    00.0   01.3     16.6    17:03      E 
10    19.5    24.3   18:27    14.1   07:10     00.0     01.2    00.0   03.9     24.1    15:03     ESE
11    15.0    18.3   00:04    13.8   11:13     03.3     00.0    13.0   05.6     33.3    13:55     ESE
12    16.9    23.6   16:38    11.8   07:13     01.4     00.0    00.0   05.3     29.6    20:42     WSW
13    17.1    23.7   16:43    13.3   06:09     01.2     00.0    00.0   03.4     38.9    17:49      W 
14    14.6    20.8   13:59    10.8   06:01     03.7     00.0    04.8   00.9     37.0    17:31     ESE
15    15.0    19.4   15:01    11.3   06:33     03.3     00.0    00.3   00.8     12.9    22:51      NW
16    15.8    18.2   12:47    14.3   06:10     02.5     00.0    00.0   00.6     11.1    10:53      N 
17    19.1    25.3   17:12    13.5   04:47     00.0     00.8    00.0   05.9     29.6    15:06     WSW
18    18.2    24.8   14:58    12.3   06:16     00.1     00.0    00.3   01.7     33.3    18:57      W 
19    17.7    23.7   16:12    11.8   06:25     00.6     00.0    00.0   01.6     25.9    20:13      W 
20    18.2    24.9   17:06    10.9   05:58     00.1     00.0    00.0   01.6     31.4    15:38     WSW
21    17.7    23.3   15:24    12.5   05:47     00.6     00.0    00.0   02.6     24.1    19:05     WNW
22    17.1    20.5   18:58    13.7   07:06     01.2     00.0    00.0   02.2     25.9    06:11     NNE
24    14.5    16.2   06:31    13.5   10:03     03.8     00.0    21.6   02.1     29.6    06:32      E 
25    17.9    23.8   18:14    11.6   06:21     00.4     00.0    00.3   04.0     25.9    16:49     WSW
26    17.6    22.9   18:16    11.2   06:13     00.7     00.0    00.0   01.5     24.1    09:49      SE
27    20.0    26.2   17:57    14.0   06:46     00.0     01.7    00.0   02.7     18.5    19:50     WSW
28    20.0    25.9   18:20    13.5   06:13     00.0     01.7    00.0   03.0     20.4    09:22      E 
29    20.7    26.3   16:41    14.8   06:05     00.0     02.4    00.0   03.2     24.1    23:47      E 
30    20.1    24.3   17:00    14.6   06:23     00.0     01.8    00.0   05.1     40.7    01:55     ESE
31    19.7    24.2   18:37    15.8   05:39     00.0     01.4    00.0   03.2     24.1    11:08     ESE
--------------------------------------------------------------------------------------------------------
17.3 (17.5)   26.3  day 29     09.5  day 04   040.5    011.1   055.8   03.0     40.7   day 18     SSE
Min <   30: 30
Max Rain: 21.6 ON 24-05-21
Days of Rain: 9 (> .2mm) 4 (> 2mm) 1 (> 20mm)