NOAA-Style Climate Reports

Select a Year or Month report
2024: Gen Feb Mar Apr Mag Giu Lug Ago Set Ott Nov Dic
2023: Gen Feb Mar Apr Mag Giu Lug Ago Set Ott Nov Dic
2022: Gen Feb Mar Apr Mag Giu Lug Ago Set Ott Nov Dic
2021: Gen Feb Mar Apr Mag Giu Lug Ago Set Ott Nov Dic
2020: Gen Feb Mar Apr Mag Giu Lug Ago Set Ott Nov Dic
2019: Gen Feb Mar Apr Mag Giu Lug Ago Set Ott Nov Dic
2018: Gen Feb Mar Apr Mag Giu Lug Ago Set Ott Nov Dic
2017: Gen Feb Mar Apr Mag Giu Lug Ago Set Ott Nov Dic
2016: Gen Feb Mar Apr Mag Giu Lug Ago Set Ott Nov Dic

Report for 2021 Agosto

Daily noaa report



                            MONTHLY CLIMATOLOGICAL SUMMARY for AUG. 2021

NAME: Lodi San Bernardo   CITY: Lodi STATE: Italy
ELEV: 78 LAT: 045:17:57 LONG: -009:31:14

                            TEMPERATURE ( °C), RAIN (mm), WIND SPEED (kmh)

                                               HEAT     COOL           AVG
      MEAN                                     DEG      DEG            WIND                       DOM
DAY   TEMP    HIGH   TIME     LOW    TIME      DAYS     DAYS    RAIN   SPEED    HIGH    TIME      DIR
--------------------------------------------------------------------------------------------------------
01    22.5    27.7   13:15    18.7   00:00     00.0     04.2    00.5   01.8     38.9    17:05     WNW
02    22.0    27.9   17:25    17.1   06:58     00.0     03.7    00.0   00.7     31.4    17:34      E 
03    22.5    27.7   16:05    17.2   05:31     00.0     04.2    00.0   00.4     14.8    12:41      NE
04    22.0    23.9   13:09    19.4   00:00     00.0     03.7    00.3   00.5     18.5    16:28     ENE
05    23.3    30.6   17:16    17.4   05:17     00.0     05.0    00.0   02.0     25.9    10:34      W 
06    24.2    29.8   16:23    17.9   06:09     00.0     05.9    00.0   00.2     11.1    22:19      N 
07    25.0    29.6   18:14    20.7   07:26     00.0     06.7    00.0   00.7     29.6    18:42      NE
08    25.5    30.7   17:17    19.9   06:42     00.0     07.2    00.0   00.2     14.8    12:09     NNW
09    25.4    30.8   18:36    19.3   06:00     00.0     07.1    00.0   00.3     14.8    16:12      N 
10    25.7    30.9   18:00    19.7   05:43     00.0     07.4    00.0   00.1     16.6    11:52      E 
11    26.9    33.1   17:53    20.7   06:12     00.0     08.6    00.0   00.4     12.9    11:35      N 
12    27.8    34.2   16:49    21.6   06:21     00.0     09.5    00.0   00.4     14.8    14:58     ENE
13    28.9    34.7   16:04    23.4   07:47     00.0     10.6    00.0   00.1     12.9    04:10      SE
14    28.9    34.8   17:46    22.6   07:12     00.0     10.6    00.0   00.0     09.3    16:09     ENE
15    29.4    35.3   17:04    24.2   06:33     00.0     11.1    00.0   00.7     16.6    23:05      S 
16    26.7    32.7   16:08    20.8   00:00     00.0     08.4    02.8   00.5     35.1    19:39     NNW
17    23.7    30.3   17:58    17.4   07:10     00.0     05.4    00.0   00.1     20.4    14:49     ENE
18    23.6    28.6   17:32    18.9   05:33     00.0     05.3    00.0   00.0     18.5    09:59     ENE
19    23.6    29.2   16:56    18.0   06:30     00.0     05.3    00.0   00.0     18.5    09:24     ENE
23    24.2    28.2   15:42    20.7   23:53     00.0     05.9    00.0   00.6     25.9    19:09     ESE
24    23.4    28.4   17:42    18.8   06:57     00.0     05.1    00.0   01.0     20.4    16:04      E 
25    23.0    27.9   16:55    18.1   06:39     00.0     04.7    00.0   01.1     22.2    12:33      E 
26    23.6    29.8   17:14    17.5   06:02     00.0     05.3    00.0   00.3     20.4    16:24     WNW
27    20.3    22.9   00:05    18.2   23:40     00.0     02.0    00.0   00.5     29.6    13:25      E 
28    20.1    25.2   16:55    16.2   07:47     00.0     01.8    01.8   00.5     16.6    15:08      E 
29    20.7    26.8   16:47    14.6   06:33     00.0     02.4    00.0   00.0     00.0    00:00      E 
30    21.3    27.1   16:47    16.2   07:48     00.0     03.0    00.0   00.1     22.2    15:37      SE
31    20.8    26.9   16:12    16.9   07:27     00.0     02.5    00.0   00.0     11.1    17:32      E 
--------------------------------------------------------------------------------------------------------
24.1 (24.2)   35.3  day 15     14.6  day 29   000.0    162.4   005.4   00.5     38.9   day 01     ENE
Max >  30: 11
Min <   30: 28
Max Rain: 2.8 ON 16-08-21
Days of Rain: 4 (> .2mm) 1 (> 2mm) 0 (> 20mm)