NOAA-Style Climate Reports

Select a Year or Month report
2024: Gen Feb Mar Apr Mag Giu Lug Ago Set Ott Nov Dic
2023: Gen Feb Mar Apr Mag Giu Lug Ago Set Ott Nov Dic
2022: Gen Feb Mar Apr Mag Giu Lug Ago Set Ott Nov Dic
2021: Gen Feb Mar Apr Mag Giu Lug Ago Set Ott Nov Dic
2020: Gen Feb Mar Apr Mag Giu Lug Ago Set Ott Nov Dic
2019: Gen Feb Mar Apr Mag Giu Lug Ago Set Ott Nov Dic
2018: Gen Feb Mar Apr Mag Giu Lug Ago Set Ott Nov Dic
2017: Gen Feb Mar Apr Mag Giu Lug Ago Set Ott Nov Dic
2016: Gen Feb Mar Apr Mag Giu Lug Ago Set Ott Nov Dic

Report for 2022 Aprile

Daily noaa report



                            MONTHLY CLIMATOLOGICAL SUMMARY for APR. 2022

NAME: Lodi San Bernardo   CITY: Lodi STATE: Italy
ELEV: 78 LAT: 045:17:57 LONG: -009:31:14

                            TEMPERATURE ( °C), RAIN (mm), WIND SPEED (kmh)

                                               HEAT     COOL           AVG
      MEAN                                     DEG      DEG            WIND                       DOM
DAY   TEMP    HIGH   TIME     LOW    TIME      DAYS     DAYS    RAIN   SPEED    HIGH    TIME      DIR
--------------------------------------------------------------------------------------------------------
01    11.7    15.8   15:23    08.7   00:00     06.6     00.0    05.3   03.1     35.1    18:37     SSW
02    08.5    11.3   13:42    05.8   05:56     09.8     00.0    00.0   01.8     29.6    14:10      E 
03    08.3    11.9   16:56    04.0   07:20     10.0     00.0    00.5   02.2     24.1    17:37     ESE
04    09.6    13.8   17:39    06.8   05:58     08.7     00.0    00.0   00.6     18.5    00:15     ESE
05    11.4    18.7   17:19    04.9   07:27     06.9     00.0    00.0   03.3     20.4    14:50     WSW
06    11.9    17.0   16:13    05.7   07:21     06.4     00.0    00.0   02.6     22.2    10:57     ESE
07    14.2    21.8   17:40    07.8   07:05     04.1     00.0    00.0   05.4     24.1    21:43      W 
08    16.0    22.7   17:16    08.7   07:19     02.3     00.0    00.0   02.7     22.2    14:07     SSE
09    14.4    20.3   12:16    06.4   00:00     03.9     00.0    01.5   12.7     53.6    20:49      NW
10    10.6    17.7   16:51    03.8   07:01     07.7     00.0    00.0   03.5     25.9    16:14      SW
11    12.6    19.0   17:14    06.4   05:50     05.7     00.0    00.0   02.4     18.5    14:10     WNW
12    14.0    20.0   16:28    07.3   07:21     04.3     00.0    00.0   02.3     18.5    15:30     ESE
13    14.8    20.8   16:03    08.8   06:47     03.5     00.0    00.0   03.1     20.4    17:21     ESE
14    16.6    23.7   16:23    09.2   06:36     01.7     00.0    00.0   01.2     24.1    15:04     ESE
15    17.4    24.8   17:15    09.8   07:28     00.9     00.0    00.0   00.7     18.5    16:36     ESE
16    17.1    24.0   16:17    11.1   07:14     01.2     00.0    00.0   03.4     48.1    17:37      E 
17    13.1    17.6   17:12    08.9   07:14     05.2     00.0    00.0   02.3     27.8    10:44     ESE
18    13.0    18.7   17:48    06.3   06:55     05.3     00.0    00.0   00.7     18.5    17:35     ESE
19    14.3    22.1   17:31    07.2   06:52     04.0     00.0    00.0   02.7     31.4    18:17     WSW
20    13.8    17.4   16:31    10.6   04:57     04.5     00.0    00.0   02.6     31.4    10:00      E 
21    12.4    15.8   12:11    09.3   06:30     05.9     00.0    00.0   01.3     27.8    12:11      E 
22    12.0    15.7   14:55    08.9   06:52     06.3     00.0    01.8   02.4     20.4    17:04     SSW
23    14.1    18.7   15:03    10.3   06:24     04.2     00.0    02.0   04.2     44.4    21:01     ESE
24    13.1    17.3   15:04    09.7   07:50     05.2     00.0    00.8   02.7     27.8    02:32     ESE
25    14.9    19.8   17:24    08.8   06:15     03.4     00.0    00.5   03.0     29.6    22:37     WSW
26    15.0    19.2   17:35    12.1   05:12     03.3     00.0    00.3   01.7     16.6    13:56      N 
27    16.0    22.1   18:00    08.9   06:49     02.3     00.0    00.0   01.4     18.5    17:01      E 
28    16.5    21.9   17:05    10.6   06:34     01.8     00.0    00.0   02.1     25.9    12:05      E 
29    17.4    22.3   17:04    12.7   06:41     00.9     00.0    00.0   01.9     24.1    16:12     ESE
30    16.7    21.7   17:39    11.0   06:39     01.6     00.0    00.0   00.5     18.5    15:51      E 
--------------------------------------------------------------------------------------------------------
13.7 (13.7)   24.8  day 15     03.8  day 10   137.8    000.0   012.7   02.7     53.7   day 09     ESE
Min <   30: 30
Max Rain: 5.3 ON 1-04-22
Days of Rain: 8 (> .2mm) 1 (> 2mm) 0 (> 20mm)