NOAA-Style Climate Reports

Select a Year or Month report
2024: Gen Feb Mar Apr Mag Giu Lug Ago Set Ott Nov Dic
2023: Gen Feb Mar Apr Mag Giu Lug Ago Set Ott Nov Dic
2022: Gen Feb Mar Apr Mag Giu Lug Ago Set Ott Nov Dic
2021: Gen Feb Mar Apr Mag Giu Lug Ago Set Ott Nov Dic
2020: Gen Feb Mar Apr Mag Giu Lug Ago Set Ott Nov Dic
2019: Gen Feb Mar Apr Mag Giu Lug Ago Set Ott Nov Dic
2018: Gen Feb Mar Apr Mag Giu Lug Ago Set Ott Nov Dic
2017: Gen Feb Mar Apr Mag Giu Lug Ago Set Ott Nov Dic
2016: Gen Feb Mar Apr Mag Giu Lug Ago Set Ott Nov Dic

Report for 2022 Maggio

Daily noaa report



                            MONTHLY CLIMATOLOGICAL SUMMARY for MAY. 2022

NAME: Lodi San Bernardo   CITY: Lodi STATE: Italy
ELEV: 78 LAT: 045:17:57 LONG: -009:31:14

                            TEMPERATURE ( °C), RAIN (mm), WIND SPEED (kmh)

                                               HEAT     COOL           AVG
      MEAN                                     DEG      DEG            WIND                       DOM
DAY   TEMP    HIGH   TIME     LOW    TIME      DAYS     DAYS    RAIN   SPEED    HIGH    TIME      DIR
--------------------------------------------------------------------------------------------------------
02    17.1    22.4   16:47    11.6   06:37     01.2     00.0    00.0   01.8     27.8    16:46      E 
03    17.2    23.4   15:05    12.6   06:02     01.1     00.0    00.0   01.9     29.6    17:51     NNE
04    17.2    22.6   15:32    13.4   04:32     01.1     00.0    00.0   02.1     29.6    16:06      SW
05    14.7    17.7   13:47    12.9   06:56     03.6     00.0    21.3   01.1     18.5    16:58      E 
06    13.6    14.6   18:05    12.6   07:49     04.7     00.0    20.8   01.8     25.9    03:22      NE
07    15.7    19.1   15:20    12.8   07:16     02.6     00.0    00.8   01.5     20.4    14:40      E 
08    17.8    22.2   16:36    14.1   06:26     00.5     00.0    00.0   01.4     22.2    15:01     ENE
09    19.7    25.3   18:01    14.6   06:57     00.0     01.4    00.0   00.8     16.6    12:31     ENE
10    21.0    26.7   18:18    15.0   06:32     00.0     02.7    00.0   01.2     16.6    16:15      SW
11    22.3    28.5   16:48    15.2   05:40     00.0     04.0    00.0   01.5     16.6    19:50      W 
12    22.3    28.7   17:19    16.8   06:51     00.0     04.0    00.0   03.9     24.1    20:20      W 
13    21.8    28.1   17:52    16.1   06:51     00.0     03.5    00.0   02.4     20.4    13:17      W 
14    22.9    28.5   16:25    17.3   07:25     00.0     04.6    00.0   01.8     18.5    04:41      W 
15    24.2    30.0   17:27    18.8   06:13     00.0     05.9    00.0   01.1     18.5    20:13      E 
16    24.3    30.1   16:41    19.2   05:55     00.0     06.0    00.0   03.2     24.1    18:17      W 
17    24.4    31.4   17:48    17.8   05:53     00.0     06.1    00.0   01.3     18.5    12:25      W 
18    24.2    28.8   16:49    18.6   06:03     00.0     05.9    00.0   04.5     35.1    12:41     ESE
19    23.3    28.1   17:18    18.2   06:50     00.0     05.0    00.0   02.2     18.5    16:24     ESE
20    24.0    31.1   17:41    16.8   06:43     00.0     05.7    00.0   02.9     22.2    21:23      W 
21    25.2    32.2   17:44    19.2   06:12     00.0     06.9    00.0   04.0     22.2    11:19      W 
22    24.1    29.2   17:35    20.1   06:48     00.0     05.8    00.0   02.0     25.9    23:37     WNW
23    24.6    30.0   17:17    20.4   06:24     00.0     06.3    00.0   01.8     20.4    17:43     WNW
24    22.7    29.0   15:44    18.5   06:25     00.0     04.4    00.3   01.4     38.9    18:50      N 
25    22.1    26.0   17:05    18.2   05:39     00.0     03.8    00.0   01.2     16.6    13:37      N 
26    23.4    28.4   16:18    18.5   05:50     00.0     05.1    00.0   01.6     24.1    15:40      SE
27    25.6    31.7   17:25    19.2   06:31     00.0     07.3    00.0   01.0     18.5    17:52     WSW
28    23.0    30.6   15:06    16.2   00:00     00.0     04.7    02.5   05.7     46.3    21:57     ESE
29    16.7    20.2   17:17    14.1   00:00     01.6     00.0    00.0   06.2     44.4    00:46      SE
30    17.3    20.8   16:04    13.9   01:01     01.0     00.0    00.0   03.3     24.1    10:59      SE
31    20.8    25.3   18:19    17.5   06:19     00.0     02.5    00.0   01.3     16.6    12:56      SE
--------------------------------------------------------------------------------------------------------
21.1 (21.3)   32.2  day 21     11.6  day 02   017.5    101.8   045.7   02.3     46.3   day 28      S 
Max >  30: 8
Min <   30: 30
Max Rain: 21.3 ON 5-05-22
Days of Rain: 5 (> .2mm) 3 (> 2mm) 2 (> 20mm)